{"id":32951,"date":"2026-05-07T10:02:35","date_gmt":"2026-05-07T08:02:35","guid":{"rendered":"https:\/\/women-at.work\/shop\/?post_type=product&#038;p=32951"},"modified":"2026-05-07T10:33:00","modified_gmt":"2026-05-07T08:33:00","slug":"ja-sager-korb-fuer-die-hochzeit","status":"publish","type":"product","link":"https:\/\/women-at.work\/shop\/produkt\/ja-sager-korb-fuer-die-hochzeit\/","title":{"rendered":"Ja Sager Korb f\u00fcr die Hochzeit | Vorlage zum Ausdrucken"},"content":{"rendered":"<p>Das perfekte Hochzeitsgeschenk mit Humor &amp; Herz f\u00fcr kleine Ehe-Krisen, gro\u00dfe Lachanf\u00e4lle und alles dazwischen gibt es diesen Ja Sager Korb \u2013 liebevoll, witzig und garantiert kein 08\/15-Hochzeitsgeschenk. Geschenkkorb &#8222;Ja&#8220;<\/p>\n<p>Mit dieser Druckvorlage zum Ausdrucken gestaltest du schnell ein originelles Hochzeitsgeschenk, das dem Brautpaar garantiert ein Schmunzeln ins Gesicht zaubert \u2013 und vielleicht irgendwann sogar \u201eLeben rettet\u201c \ud83d\ude09<\/p>\n<p>\ud83d\udc8d Was ist der Ja Sager Korb<\/p>\n<p>Ein humorvolles Hochzeitsgeschenk, bei dem ein kleiner Koffer oder eine Box mit passenden Ja-Produkten gef\u00fcllt wird (z. B. S\u00fc\u00dfigkeiten, Taschent\u00fccher, Nervennahrung).<br \/>\nDie beiliegende Vorlage erkl\u00e4rt charmant und witzig, wof\u00fcr der Koffer gedacht ist \u2013 n\u00e4mlich f\u00fcr alle Notf\u00e4lle des Ehealltags.<\/p>\n<p>&#8211; Enthalten sind 13 verschiedene Etiketten f\u00fcr Ja-Produkte in jeweils 3 verschiedenen Gr\u00f6\u00dfen<br \/>\n&#8211; Ein gro\u00dfes Ja-Sager Herz<br \/>\n&#8211; mehrere kleine Herzen als Deko<\/p>\n<p>Warum dieses Hochzeitsgeschenk?<\/p>\n<p>\u2714 lustig, aber nicht kitschig<br \/>\n\u2714 pers\u00f6nlich &amp; kreativ<br \/>\n\u2714 perfekt f\u00fcr Freunde, Geschwister &amp; Paare mit Humor<br \/>\n\u2714 g\u00fcnstig &amp; sofort verf\u00fcgbar<br \/>\n\u2714 sorgt garantiert f\u00fcr Lacher auf der Hochzeit<\/p>\n<p>Perfekt als:<\/p>\n<p>&#8211; witziges Hochzeitsgeschenk<br \/>\n&#8211; Geschenk f\u00fcr das Brautpaar<br \/>\n&#8211; Last-Minute-Hochzeitsgeschenk<br \/>\n&#8211; Erg\u00e4nzung zu Geldgeschenken<\/p>\n<p>Sobald die Zahlung bei uns eingegangen ist, wird der Download-Link an dich per E-Mail verschickt. Bei Zahlung per PayPal, ist der Download sofort verf\u00fcgbar. <strong>Sollte die E-Mail nicht automatisch an Sie versendet werden, wenden Sie sich bitte an unseren Kundenservice per E-Mail oder Telefon. Bitte er\u00f6ffnen Sie keinen Fall bei PayPal. So k\u00f6nnen wir Ihnen schneller weiterhelfen!<\/strong><\/p>\n<p><em>Der Koffer und die Produkte werden nicht versendet und dient nur als Pr\u00e4sentationsvorschlag. Schrift kann von der Darstellung leicht abweichen.<\/em><\/p>\n<p>Die Vorlage ist f\u00fcr den privaten Gebrauch und darf nicht f\u00fcr kommerzielle Zwecke genutzt werden.<\/p>\n","protected":false},"excerpt":{"rendered":"<p>Zum Gestalten f\u00fcr ein Ja Sager Korb als Hochzeitsgeschenk.<\/p>\n","protected":false},"featured_media":32953,"comment_status":"open","ping_status":"closed","template":"","meta":[],"product_brand":[],"product_cat":[405,404,268],"product_tag":[269,270,880,873,881,878,877,874,876,875,885,884,882,879,883],"class_list":{"0":"post-32951","1":"product","2":"type-product","3":"status-publish","4":"has-post-thumbnail","6":"product_cat-hochzeit","7":"product_cat-liebe","8":"product_cat-vorlagen","9":"product_tag-diy","10":"product_tag-diy-geschenk","11":"product_tag-geschenk-brautpaar","12":"product_tag-hochzeitsgeschenk","13":"product_tag-hochzeitsgeschenk-diy","14":"product_tag-hochzeitsgeschenk-download","15":"product_tag-hochzeitsgeschenk-druckbar","16":"product_tag-hochzeitsgeschenk-lustig","17":"product_tag-hochzeitsgeschenk-pdf","18":"product_tag-hochzeitsgeschenk-vorlage","19":"product_tag-ja-produkte","20":"product_tag-ja-sager-korb","21":"product_tag-last-minute-hochzeit","22":"product_tag-lustige-hochzeitsidee","23":"product_tag-witziges-hochzeitsgeschenk","24":"product_shipping_class-virtuelle-produkte","26":"first","27":"instock","28":"downloadable","29":"virtual","30":"taxable","31":"purchasable","32":"product-type-simple"},"yoast_head":"<!-- This site is optimized with the Yoast SEO plugin v27.6 - https:\/\/yoast.com\/product\/yoast-seo-wordpress\/ -->\n<title>Ja Sager Korb f\u00fcr die Hochzeit | Vorlage zum Ausdrucken<\/title>\n<meta name=\"description\" content=\"Der Ja Sager Korb ist das perfekte Hochzeitsgeschenk. F\u00fcr eine kreative Geschenkidee zum direkten Download der Spr\u00fcche hier klicken.\" \/>\n<meta name=\"robots\" content=\"index, follow, max-snippet:-1, max-image-preview:large, max-video-preview:-1\" \/>\n<link rel=\"canonical\" href=\"https:\/\/women-at.work\/shop\/produkt\/ja-sager-korb-fuer-die-hochzeit\/\" \/>\n<meta property=\"og:locale\" content=\"de_DE\" \/>\n<meta property=\"og:type\" content=\"article\" \/>\n<meta property=\"og:title\" content=\"Ja Sager Korb f\u00fcr die Hochzeit | Vorlage zum Ausdrucken\" \/>\n<meta property=\"og:description\" content=\"Der Ja Sager Korb ist das perfekte Hochzeitsgeschenk. F\u00fcr eine kreative Geschenkidee zum direkten Download der Spr\u00fcche hier klicken.\" \/>\n<meta property=\"og:url\" content=\"https:\/\/women-at.work\/shop\/produkt\/ja-sager-korb-fuer-die-hochzeit\/\" \/>\n<meta property=\"og:site_name\" content=\"Women At Work Shop\" \/>\n<meta property=\"article:modified_time\" content=\"2026-05-07T08:33:00+00:00\" \/>\n<meta property=\"og:image\" content=\"https:\/\/women-at.work\/shop\/wp-content\/uploads\/2026\/05\/Ja-Sager-Korb.jpg\" \/>\n\t<meta property=\"og:image:width\" content=\"800\" \/>\n\t<meta property=\"og:image:height\" content=\"1200\" \/>\n\t<meta property=\"og:image:type\" content=\"image\/jpeg\" \/>\n<meta name=\"twitter:card\" content=\"summary_large_image\" \/>\n<meta name=\"twitter:label1\" content=\"Gesch\u00e4tzte Lesezeit\" \/>\n\t<meta name=\"twitter:data1\" content=\"2\u00a0Minuten\" \/>\n<script type=\"application\/ld+json\" class=\"yoast-schema-graph\">{\"@context\":\"https:\\\/\\\/schema.org\",\"@graph\":[{\"@type\":\"WebPage\",\"@id\":\"https:\\\/\\\/women-at.work\\\/shop\\\/produkt\\\/ja-sager-korb-fuer-die-hochzeit\\\/\",\"url\":\"https:\\\/\\\/women-at.work\\\/shop\\\/produkt\\\/ja-sager-korb-fuer-die-hochzeit\\\/\",\"name\":\"Ja Sager Korb f\u00fcr die Hochzeit | Vorlage zum Ausdrucken\",\"isPartOf\":{\"@id\":\"https:\\\/\\\/women-at.work\\\/shop\\\/#website\"},\"primaryImageOfPage\":{\"@id\":\"https:\\\/\\\/women-at.work\\\/shop\\\/produkt\\\/ja-sager-korb-fuer-die-hochzeit\\\/#primaryimage\"},\"image\":{\"@id\":\"https:\\\/\\\/women-at.work\\\/shop\\\/produkt\\\/ja-sager-korb-fuer-die-hochzeit\\\/#primaryimage\"},\"thumbnailUrl\":\"https:\\\/\\\/women-at.work\\\/shop\\\/wp-content\\\/uploads\\\/2026\\\/05\\\/Ja-Sager-Korb.jpg\",\"datePublished\":\"2026-05-07T08:02:35+00:00\",\"dateModified\":\"2026-05-07T08:33:00+00:00\",\"description\":\"Der Ja Sager Korb ist das perfekte Hochzeitsgeschenk. F\u00fcr eine kreative Geschenkidee zum direkten Download der Spr\u00fcche hier klicken.\",\"breadcrumb\":{\"@id\":\"https:\\\/\\\/women-at.work\\\/shop\\\/produkt\\\/ja-sager-korb-fuer-die-hochzeit\\\/#breadcrumb\"},\"inLanguage\":\"de\",\"potentialAction\":[{\"@type\":\"ReadAction\",\"target\":[\"https:\\\/\\\/women-at.work\\\/shop\\\/produkt\\\/ja-sager-korb-fuer-die-hochzeit\\\/\"]}]},{\"@type\":\"ImageObject\",\"inLanguage\":\"de\",\"@id\":\"https:\\\/\\\/women-at.work\\\/shop\\\/produkt\\\/ja-sager-korb-fuer-die-hochzeit\\\/#primaryimage\",\"url\":\"https:\\\/\\\/women-at.work\\\/shop\\\/wp-content\\\/uploads\\\/2026\\\/05\\\/Ja-Sager-Korb.jpg\",\"contentUrl\":\"https:\\\/\\\/women-at.work\\\/shop\\\/wp-content\\\/uploads\\\/2026\\\/05\\\/Ja-Sager-Korb.jpg\",\"width\":800,\"height\":1200},{\"@type\":\"BreadcrumbList\",\"@id\":\"https:\\\/\\\/women-at.work\\\/shop\\\/produkt\\\/ja-sager-korb-fuer-die-hochzeit\\\/#breadcrumb\",\"itemListElement\":[{\"@type\":\"ListItem\",\"position\":1,\"name\":\"Startseite\",\"item\":\"https:\\\/\\\/women-at.work\\\/shop\\\/\"},{\"@type\":\"ListItem\",\"position\":2,\"name\":\"Shop\",\"item\":\"https:\\\/\\\/women-at.work\\\/shop\\\/shop\\\/\"},{\"@type\":\"ListItem\",\"position\":3,\"name\":\"Ja Sager Korb f\u00fcr die Hochzeit | Vorlage zum Ausdrucken\"}]},{\"@type\":\"WebSite\",\"@id\":\"https:\\\/\\\/women-at.work\\\/shop\\\/#website\",\"url\":\"https:\\\/\\\/women-at.work\\\/shop\\\/\",\"name\":\"Women At Work Shop\",\"description\":\"Wundervolle Produkte f\u00fcr besondere Menschen\",\"publisher\":{\"@id\":\"https:\\\/\\\/women-at.work\\\/shop\\\/#organization\"},\"potentialAction\":[{\"@type\":\"SearchAction\",\"target\":{\"@type\":\"EntryPoint\",\"urlTemplate\":\"https:\\\/\\\/women-at.work\\\/shop\\\/?s={search_term_string}\"},\"query-input\":{\"@type\":\"PropertyValueSpecification\",\"valueRequired\":true,\"valueName\":\"search_term_string\"}}],\"inLanguage\":\"de\"},{\"@type\":\"Organization\",\"@id\":\"https:\\\/\\\/women-at.work\\\/shop\\\/#organization\",\"name\":\"Women At Work Shop\",\"url\":\"https:\\\/\\\/women-at.work\\\/shop\\\/\",\"logo\":{\"@type\":\"ImageObject\",\"inLanguage\":\"de\",\"@id\":\"https:\\\/\\\/women-at.work\\\/shop\\\/#\\\/schema\\\/logo\\\/image\\\/\",\"url\":\"https:\\\/\\\/women-at.work\\\/shop\\\/wp-content\\\/uploads\\\/2017\\\/05\\\/Shop_Logo.png\",\"contentUrl\":\"https:\\\/\\\/women-at.work\\\/shop\\\/wp-content\\\/uploads\\\/2017\\\/05\\\/Shop_Logo.png\",\"width\":305,\"height\":297,\"caption\":\"Women At Work Shop\"},\"image\":{\"@id\":\"https:\\\/\\\/women-at.work\\\/shop\\\/#\\\/schema\\\/logo\\\/image\\\/\"}}]}<\/script>\n<!-- \/ Yoast SEO plugin. -->","yoast_head_json":{"title":"Ja Sager Korb f\u00fcr die Hochzeit | Vorlage zum Ausdrucken","description":"Der Ja Sager Korb ist das perfekte Hochzeitsgeschenk. F\u00fcr eine kreative Geschenkidee zum direkten Download der Spr\u00fcche hier klicken.","robots":{"index":"index","follow":"follow","max-snippet":"max-snippet:-1","max-image-preview":"max-image-preview:large","max-video-preview":"max-video-preview:-1"},"canonical":"https:\/\/women-at.work\/shop\/produkt\/ja-sager-korb-fuer-die-hochzeit\/","og_locale":"de_DE","og_type":"article","og_title":"Ja Sager Korb f\u00fcr die Hochzeit | Vorlage zum Ausdrucken","og_description":"Der Ja Sager Korb ist das perfekte Hochzeitsgeschenk. F\u00fcr eine kreative Geschenkidee zum direkten Download der Spr\u00fcche hier klicken.","og_url":"https:\/\/women-at.work\/shop\/produkt\/ja-sager-korb-fuer-die-hochzeit\/","og_site_name":"Women At Work Shop","article_modified_time":"2026-05-07T08:33:00+00:00","og_image":[{"width":800,"height":1200,"url":"https:\/\/women-at.work\/shop\/wp-content\/uploads\/2026\/05\/Ja-Sager-Korb.jpg","type":"image\/jpeg"}],"twitter_card":"summary_large_image","twitter_misc":{"Gesch\u00e4tzte Lesezeit":"2\u00a0Minuten"},"schema":{"@context":"https:\/\/schema.org","@graph":[{"@type":"WebPage","@id":"https:\/\/women-at.work\/shop\/produkt\/ja-sager-korb-fuer-die-hochzeit\/","url":"https:\/\/women-at.work\/shop\/produkt\/ja-sager-korb-fuer-die-hochzeit\/","name":"Ja Sager Korb f\u00fcr die Hochzeit | Vorlage zum Ausdrucken","isPartOf":{"@id":"https:\/\/women-at.work\/shop\/#website"},"primaryImageOfPage":{"@id":"https:\/\/women-at.work\/shop\/produkt\/ja-sager-korb-fuer-die-hochzeit\/#primaryimage"},"image":{"@id":"https:\/\/women-at.work\/shop\/produkt\/ja-sager-korb-fuer-die-hochzeit\/#primaryimage"},"thumbnailUrl":"https:\/\/women-at.work\/shop\/wp-content\/uploads\/2026\/05\/Ja-Sager-Korb.jpg","datePublished":"2026-05-07T08:02:35+00:00","dateModified":"2026-05-07T08:33:00+00:00","description":"Der Ja Sager Korb ist das perfekte Hochzeitsgeschenk. F\u00fcr eine kreative Geschenkidee zum direkten Download der Spr\u00fcche hier klicken.","breadcrumb":{"@id":"https:\/\/women-at.work\/shop\/produkt\/ja-sager-korb-fuer-die-hochzeit\/#breadcrumb"},"inLanguage":"de","potentialAction":[{"@type":"ReadAction","target":["https:\/\/women-at.work\/shop\/produkt\/ja-sager-korb-fuer-die-hochzeit\/"]}]},{"@type":"ImageObject","inLanguage":"de","@id":"https:\/\/women-at.work\/shop\/produkt\/ja-sager-korb-fuer-die-hochzeit\/#primaryimage","url":"https:\/\/women-at.work\/shop\/wp-content\/uploads\/2026\/05\/Ja-Sager-Korb.jpg","contentUrl":"https:\/\/women-at.work\/shop\/wp-content\/uploads\/2026\/05\/Ja-Sager-Korb.jpg","width":800,"height":1200},{"@type":"BreadcrumbList","@id":"https:\/\/women-at.work\/shop\/produkt\/ja-sager-korb-fuer-die-hochzeit\/#breadcrumb","itemListElement":[{"@type":"ListItem","position":1,"name":"Startseite","item":"https:\/\/women-at.work\/shop\/"},{"@type":"ListItem","position":2,"name":"Shop","item":"https:\/\/women-at.work\/shop\/shop\/"},{"@type":"ListItem","position":3,"name":"Ja Sager Korb f\u00fcr die Hochzeit | Vorlage zum Ausdrucken"}]},{"@type":"WebSite","@id":"https:\/\/women-at.work\/shop\/#website","url":"https:\/\/women-at.work\/shop\/","name":"Women At Work Shop","description":"Wundervolle Produkte f\u00fcr besondere Menschen","publisher":{"@id":"https:\/\/women-at.work\/shop\/#organization"},"potentialAction":[{"@type":"SearchAction","target":{"@type":"EntryPoint","urlTemplate":"https:\/\/women-at.work\/shop\/?s={search_term_string}"},"query-input":{"@type":"PropertyValueSpecification","valueRequired":true,"valueName":"search_term_string"}}],"inLanguage":"de"},{"@type":"Organization","@id":"https:\/\/women-at.work\/shop\/#organization","name":"Women At Work Shop","url":"https:\/\/women-at.work\/shop\/","logo":{"@type":"ImageObject","inLanguage":"de","@id":"https:\/\/women-at.work\/shop\/#\/schema\/logo\/image\/","url":"https:\/\/women-at.work\/shop\/wp-content\/uploads\/2017\/05\/Shop_Logo.png","contentUrl":"https:\/\/women-at.work\/shop\/wp-content\/uploads\/2017\/05\/Shop_Logo.png","width":305,"height":297,"caption":"Women At Work Shop"},"image":{"@id":"https:\/\/women-at.work\/shop\/#\/schema\/logo\/image\/"}}]}},"_links":{"self":[{"href":"https:\/\/women-at.work\/shop\/wp-json\/wp\/v2\/product\/32951","targetHints":{"allow":["GET"]}}],"collection":[{"href":"https:\/\/women-at.work\/shop\/wp-json\/wp\/v2\/product"}],"about":[{"href":"https:\/\/women-at.work\/shop\/wp-json\/wp\/v2\/types\/product"}],"replies":[{"embeddable":true,"href":"https:\/\/women-at.work\/shop\/wp-json\/wp\/v2\/comments?post=32951"}],"wp:featuredmedia":[{"embeddable":true,"href":"https:\/\/women-at.work\/shop\/wp-json\/wp\/v2\/media\/32953"}],"wp:attachment":[{"href":"https:\/\/women-at.work\/shop\/wp-json\/wp\/v2\/media?parent=32951"}],"wp:term":[{"taxonomy":"product_brand","embeddable":true,"href":"https:\/\/women-at.work\/shop\/wp-json\/wp\/v2\/product_brand?post=32951"},{"taxonomy":"product_cat","embeddable":true,"href":"https:\/\/women-at.work\/shop\/wp-json\/wp\/v2\/product_cat?post=32951"},{"taxonomy":"product_tag","embeddable":true,"href":"https:\/\/women-at.work\/shop\/wp-json\/wp\/v2\/product_tag?post=32951"}],"curies":[{"name":"wp","href":"https:\/\/api.w.org\/{rel}","templated":true}]}}