{"id":32425,"date":"2026-04-13T16:33:15","date_gmt":"2026-04-13T14:33:15","guid":{"rendered":"https:\/\/women-at.work\/shop\/?post_type=product&#038;p=32425"},"modified":"2026-04-17T16:51:59","modified_gmt":"2026-04-17T14:51:59","slug":"geldgeschenk-kommunion-vorlage-zum-ausdrucken","status":"publish","type":"product","link":"https:\/\/women-at.work\/shop\/produkt\/geldgeschenk-kommunion-vorlage-zum-ausdrucken\/","title":{"rendered":"Geldgeschenk zur Kommunion: Vorlage zum Ausdrucken"},"content":{"rendered":"<p>Du suchst ein besonderes Geldgeschenk zur Kommunion, das pers\u00f6nlich ist und trotzdem schnell geht? Mit diesem liebevoll gestalteten Wunscherf\u00fcller zur Erstkommunion kannst du Geld oder einen Gutschein stilvoll und kreativ verschenken \u2013 perfekt f\u00fcr diesen besonderen Meilenstein im Leben eines Kindes \u2728<\/p>\n<p>Einfach downloaden, ausdrucken, basteln und ein unvergessliches Geschenk zur Kommunion \u00fcberreichen \ud83d\udc92<\/p>\n<p>\u2728 Das bekommst du:<\/p>\n<p>\u2022 Sofort downloadbare PDF-Vorlage zum Selberdrucken<br \/>\n\u2022 Hochwertiges Design im A4-Format<br \/>\n\u2022 Perfekt geeignet zum Basteln eines kreativen Geldgeschenks<\/p>\n<p>\ud83d\udca1 Perfekt f\u00fcr:<\/p>\n<p>\u2022 Geldgeschenk zur Kommunion (Junge &amp; M\u00e4dchen)<br \/>\n\u2022 Gutschein zur Erstkommunion liebevoll verpackt<br \/>\n\u2022 Paten, Gro\u00dfeltern, Familie &amp; Freunde<br \/>\n\u2022 Last-Minute Geschenkideen mit pers\u00f6nlicher Note<\/p>\n<p>\ud83c\udf1f Deine Vorteile:<\/p>\n<p>\u2022 Sofort-Download \u2013 direkt nach dem Kauf verf\u00fcgbar<br \/>\n\u2022 Kein Versand \u2013 ideal, wenn es schnell gehen muss<br \/>\n\u2022 Moderne &amp; stilvolle Gestaltung zur Kommunion<br \/>\n\u2022 Pers\u00f6nlich, kreativ &amp; mit viel Herz verschenkt<\/p>\n<p>Sobald die Zahlung bei uns eingegangen ist, wird der Download-Link an dich per E-Mail verschickt. Bei Zahlung per PayPal, ist der Download sofort verf\u00fcgbar. Sollte dieser nicht sofort verf\u00fcgbar sein, meldet euch bitte bei unserem Kundenservice, bevor ihr einen Paypal Fall er\u00f6ffnet!<\/p>\n<p><em>Die Bilder dienen nur als Pr\u00e4sentationsvorschlag. Es erfolgt ein rein digitaler Versand!<br \/>\n<\/em><\/p>\n<p>Die Vorlage ist f\u00fcr den privaten Gebrauch und darf nicht f\u00fcr kommerzielle Zwecke genutzt werden.<\/p>\n","protected":false},"excerpt":{"rendered":"<p>Kleiner Wunscherf\u00fcller zur Kommunion \u2013 Geldgeschenk zur Erstkommunion | PDF zum Ausdrucken | Last-Minute Geschenk | Geldgeschenk Kommunion Kind<\/p>\n","protected":false},"featured_media":32426,"comment_status":"open","ping_status":"closed","template":"","meta":[],"product_brand":[],"product_cat":[774,862,841,268],"product_tag":[269,623,270,864,397,396,633,843,632,627,842,690,348,391],"class_list":{"0":"post-32425","1":"product","2":"type-product","3":"status-publish","4":"has-post-thumbnail","6":"product_cat-geldgeschenk","7":"product_cat-katholisch","8":"product_cat-kommunion","9":"product_cat-vorlagen","10":"product_tag-diy","11":"product_tag-diy-geldgeschenk","12":"product_tag-diy-geschenk","13":"product_tag-erstkommunion","14":"product_tag-geld-verpacken","15":"product_tag-geldgeschenk","16":"product_tag-geldgeschenk-verpackung","17":"product_tag-geldgeschenk-zur-kommunion","18":"product_tag-geschenkidee-zum-ausdrucken","19":"product_tag-geschenkverpackung-geld","20":"product_tag-kommunion","21":"product_tag-kreative-geschenkverpackung","22":"product_tag-vorlage-zum-ausdrucken","23":"product_tag-vorlage-zum-herunterladen","24":"product_shipping_class-virtuelle-produkte","26":"first","27":"instock","28":"downloadable","29":"virtual","30":"taxable","31":"purchasable","32":"product-type-simple"},"yoast_head":"<!-- This site is optimized with the Yoast SEO plugin v27.4 - https:\/\/yoast.com\/product\/yoast-seo-wordpress\/ -->\n<title>Geldgeschenk Wunscherf\u00fcller: Vorlage zum Ausdrucken<\/title>\n<meta name=\"description\" content=\"Sofort downloadbare Geldgeschenk-Vorlagen f\u00fcr Wunscherf\u00fcller. Perfekte Idee zur Kommunion, um Geld und Gutscheine originell und kreativ zu verpacken.\" \/>\n<meta name=\"robots\" content=\"index, follow, max-snippet:-1, max-image-preview:large, max-video-preview:-1\" \/>\n<link rel=\"canonical\" href=\"https:\/\/women-at.work\/shop\/produkt\/geldgeschenk-kommunion-vorlage-zum-ausdrucken\/\" \/>\n<meta property=\"og:locale\" content=\"de_DE\" \/>\n<meta property=\"og:type\" content=\"article\" \/>\n<meta property=\"og:title\" content=\"Geldgeschenk Wunscherf\u00fcller: Vorlage zum Ausdrucken\" \/>\n<meta property=\"og:description\" content=\"Sofort downloadbare Geldgeschenk-Vorlagen f\u00fcr Wunscherf\u00fcller. Perfekte Idee zur Kommunion, um Geld und Gutscheine originell und kreativ zu verpacken.\" \/>\n<meta property=\"og:url\" content=\"https:\/\/women-at.work\/shop\/produkt\/geldgeschenk-kommunion-vorlage-zum-ausdrucken\/\" \/>\n<meta property=\"og:site_name\" content=\"Women At Work Shop\" \/>\n<meta property=\"article:modified_time\" content=\"2026-04-17T14:51:59+00:00\" \/>\n<meta property=\"og:image\" content=\"https:\/\/women-at.work\/shop\/wp-content\/uploads\/2026\/04\/geldgeschenk-kommunion3.jpg\" \/>\n\t<meta property=\"og:image:width\" content=\"1000\" \/>\n\t<meta property=\"og:image:height\" content=\"1500\" \/>\n\t<meta property=\"og:image:type\" content=\"image\/jpeg\" \/>\n<meta name=\"twitter:card\" content=\"summary_large_image\" \/>\n<meta name=\"twitter:label1\" content=\"Gesch\u00e4tzte Lesezeit\" \/>\n\t<meta name=\"twitter:data1\" content=\"2\u00a0Minuten\" \/>\n<script type=\"application\/ld+json\" class=\"yoast-schema-graph\">{\"@context\":\"https:\\\/\\\/schema.org\",\"@graph\":[{\"@type\":\"WebPage\",\"@id\":\"https:\\\/\\\/women-at.work\\\/shop\\\/produkt\\\/geldgeschenk-kommunion-vorlage-zum-ausdrucken\\\/\",\"url\":\"https:\\\/\\\/women-at.work\\\/shop\\\/produkt\\\/geldgeschenk-kommunion-vorlage-zum-ausdrucken\\\/\",\"name\":\"Geldgeschenk Wunscherf\u00fcller: Vorlage zum Ausdrucken\",\"isPartOf\":{\"@id\":\"https:\\\/\\\/women-at.work\\\/shop\\\/#website\"},\"primaryImageOfPage\":{\"@id\":\"https:\\\/\\\/women-at.work\\\/shop\\\/produkt\\\/geldgeschenk-kommunion-vorlage-zum-ausdrucken\\\/#primaryimage\"},\"image\":{\"@id\":\"https:\\\/\\\/women-at.work\\\/shop\\\/produkt\\\/geldgeschenk-kommunion-vorlage-zum-ausdrucken\\\/#primaryimage\"},\"thumbnailUrl\":\"https:\\\/\\\/women-at.work\\\/shop\\\/wp-content\\\/uploads\\\/2026\\\/04\\\/geldgeschenk-kommunion3.jpg\",\"datePublished\":\"2026-04-13T14:33:15+00:00\",\"dateModified\":\"2026-04-17T14:51:59+00:00\",\"description\":\"Sofort downloadbare Geldgeschenk-Vorlagen f\u00fcr Wunscherf\u00fcller. Perfekte Idee zur Kommunion, um Geld und Gutscheine originell und kreativ zu verpacken.\",\"breadcrumb\":{\"@id\":\"https:\\\/\\\/women-at.work\\\/shop\\\/produkt\\\/geldgeschenk-kommunion-vorlage-zum-ausdrucken\\\/#breadcrumb\"},\"inLanguage\":\"de\",\"potentialAction\":[{\"@type\":\"ReadAction\",\"target\":[\"https:\\\/\\\/women-at.work\\\/shop\\\/produkt\\\/geldgeschenk-kommunion-vorlage-zum-ausdrucken\\\/\"]}]},{\"@type\":\"ImageObject\",\"inLanguage\":\"de\",\"@id\":\"https:\\\/\\\/women-at.work\\\/shop\\\/produkt\\\/geldgeschenk-kommunion-vorlage-zum-ausdrucken\\\/#primaryimage\",\"url\":\"https:\\\/\\\/women-at.work\\\/shop\\\/wp-content\\\/uploads\\\/2026\\\/04\\\/geldgeschenk-kommunion3.jpg\",\"contentUrl\":\"https:\\\/\\\/women-at.work\\\/shop\\\/wp-content\\\/uploads\\\/2026\\\/04\\\/geldgeschenk-kommunion3.jpg\",\"width\":1000,\"height\":1500},{\"@type\":\"BreadcrumbList\",\"@id\":\"https:\\\/\\\/women-at.work\\\/shop\\\/produkt\\\/geldgeschenk-kommunion-vorlage-zum-ausdrucken\\\/#breadcrumb\",\"itemListElement\":[{\"@type\":\"ListItem\",\"position\":1,\"name\":\"Startseite\",\"item\":\"https:\\\/\\\/women-at.work\\\/shop\\\/\"},{\"@type\":\"ListItem\",\"position\":2,\"name\":\"Shop\",\"item\":\"https:\\\/\\\/women-at.work\\\/shop\\\/shop\\\/\"},{\"@type\":\"ListItem\",\"position\":3,\"name\":\"Geldgeschenk zur Kommunion: Vorlage zum Ausdrucken\"}]},{\"@type\":\"WebSite\",\"@id\":\"https:\\\/\\\/women-at.work\\\/shop\\\/#website\",\"url\":\"https:\\\/\\\/women-at.work\\\/shop\\\/\",\"name\":\"Women At Work Shop\",\"description\":\"Wundervolle Produkte f\u00fcr besondere Menschen\",\"publisher\":{\"@id\":\"https:\\\/\\\/women-at.work\\\/shop\\\/#organization\"},\"potentialAction\":[{\"@type\":\"SearchAction\",\"target\":{\"@type\":\"EntryPoint\",\"urlTemplate\":\"https:\\\/\\\/women-at.work\\\/shop\\\/?s={search_term_string}\"},\"query-input\":{\"@type\":\"PropertyValueSpecification\",\"valueRequired\":true,\"valueName\":\"search_term_string\"}}],\"inLanguage\":\"de\"},{\"@type\":\"Organization\",\"@id\":\"https:\\\/\\\/women-at.work\\\/shop\\\/#organization\",\"name\":\"Women At Work Shop\",\"url\":\"https:\\\/\\\/women-at.work\\\/shop\\\/\",\"logo\":{\"@type\":\"ImageObject\",\"inLanguage\":\"de\",\"@id\":\"https:\\\/\\\/women-at.work\\\/shop\\\/#\\\/schema\\\/logo\\\/image\\\/\",\"url\":\"https:\\\/\\\/women-at.work\\\/shop\\\/wp-content\\\/uploads\\\/2017\\\/05\\\/Shop_Logo.png\",\"contentUrl\":\"https:\\\/\\\/women-at.work\\\/shop\\\/wp-content\\\/uploads\\\/2017\\\/05\\\/Shop_Logo.png\",\"width\":305,\"height\":297,\"caption\":\"Women At Work Shop\"},\"image\":{\"@id\":\"https:\\\/\\\/women-at.work\\\/shop\\\/#\\\/schema\\\/logo\\\/image\\\/\"}}]}<\/script>\n<!-- \/ Yoast SEO plugin. -->","yoast_head_json":{"title":"Geldgeschenk Wunscherf\u00fcller: Vorlage zum Ausdrucken","description":"Sofort downloadbare Geldgeschenk-Vorlagen f\u00fcr Wunscherf\u00fcller. Perfekte Idee zur Kommunion, um Geld und Gutscheine originell und kreativ zu verpacken.","robots":{"index":"index","follow":"follow","max-snippet":"max-snippet:-1","max-image-preview":"max-image-preview:large","max-video-preview":"max-video-preview:-1"},"canonical":"https:\/\/women-at.work\/shop\/produkt\/geldgeschenk-kommunion-vorlage-zum-ausdrucken\/","og_locale":"de_DE","og_type":"article","og_title":"Geldgeschenk Wunscherf\u00fcller: Vorlage zum Ausdrucken","og_description":"Sofort downloadbare Geldgeschenk-Vorlagen f\u00fcr Wunscherf\u00fcller. Perfekte Idee zur Kommunion, um Geld und Gutscheine originell und kreativ zu verpacken.","og_url":"https:\/\/women-at.work\/shop\/produkt\/geldgeschenk-kommunion-vorlage-zum-ausdrucken\/","og_site_name":"Women At Work Shop","article_modified_time":"2026-04-17T14:51:59+00:00","og_image":[{"width":1000,"height":1500,"url":"https:\/\/women-at.work\/shop\/wp-content\/uploads\/2026\/04\/geldgeschenk-kommunion3.jpg","type":"image\/jpeg"}],"twitter_card":"summary_large_image","twitter_misc":{"Gesch\u00e4tzte Lesezeit":"2\u00a0Minuten"},"schema":{"@context":"https:\/\/schema.org","@graph":[{"@type":"WebPage","@id":"https:\/\/women-at.work\/shop\/produkt\/geldgeschenk-kommunion-vorlage-zum-ausdrucken\/","url":"https:\/\/women-at.work\/shop\/produkt\/geldgeschenk-kommunion-vorlage-zum-ausdrucken\/","name":"Geldgeschenk Wunscherf\u00fcller: Vorlage zum Ausdrucken","isPartOf":{"@id":"https:\/\/women-at.work\/shop\/#website"},"primaryImageOfPage":{"@id":"https:\/\/women-at.work\/shop\/produkt\/geldgeschenk-kommunion-vorlage-zum-ausdrucken\/#primaryimage"},"image":{"@id":"https:\/\/women-at.work\/shop\/produkt\/geldgeschenk-kommunion-vorlage-zum-ausdrucken\/#primaryimage"},"thumbnailUrl":"https:\/\/women-at.work\/shop\/wp-content\/uploads\/2026\/04\/geldgeschenk-kommunion3.jpg","datePublished":"2026-04-13T14:33:15+00:00","dateModified":"2026-04-17T14:51:59+00:00","description":"Sofort downloadbare Geldgeschenk-Vorlagen f\u00fcr Wunscherf\u00fcller. Perfekte Idee zur Kommunion, um Geld und Gutscheine originell und kreativ zu verpacken.","breadcrumb":{"@id":"https:\/\/women-at.work\/shop\/produkt\/geldgeschenk-kommunion-vorlage-zum-ausdrucken\/#breadcrumb"},"inLanguage":"de","potentialAction":[{"@type":"ReadAction","target":["https:\/\/women-at.work\/shop\/produkt\/geldgeschenk-kommunion-vorlage-zum-ausdrucken\/"]}]},{"@type":"ImageObject","inLanguage":"de","@id":"https:\/\/women-at.work\/shop\/produkt\/geldgeschenk-kommunion-vorlage-zum-ausdrucken\/#primaryimage","url":"https:\/\/women-at.work\/shop\/wp-content\/uploads\/2026\/04\/geldgeschenk-kommunion3.jpg","contentUrl":"https:\/\/women-at.work\/shop\/wp-content\/uploads\/2026\/04\/geldgeschenk-kommunion3.jpg","width":1000,"height":1500},{"@type":"BreadcrumbList","@id":"https:\/\/women-at.work\/shop\/produkt\/geldgeschenk-kommunion-vorlage-zum-ausdrucken\/#breadcrumb","itemListElement":[{"@type":"ListItem","position":1,"name":"Startseite","item":"https:\/\/women-at.work\/shop\/"},{"@type":"ListItem","position":2,"name":"Shop","item":"https:\/\/women-at.work\/shop\/shop\/"},{"@type":"ListItem","position":3,"name":"Geldgeschenk zur Kommunion: Vorlage zum Ausdrucken"}]},{"@type":"WebSite","@id":"https:\/\/women-at.work\/shop\/#website","url":"https:\/\/women-at.work\/shop\/","name":"Women At Work Shop","description":"Wundervolle Produkte f\u00fcr besondere Menschen","publisher":{"@id":"https:\/\/women-at.work\/shop\/#organization"},"potentialAction":[{"@type":"SearchAction","target":{"@type":"EntryPoint","urlTemplate":"https:\/\/women-at.work\/shop\/?s={search_term_string}"},"query-input":{"@type":"PropertyValueSpecification","valueRequired":true,"valueName":"search_term_string"}}],"inLanguage":"de"},{"@type":"Organization","@id":"https:\/\/women-at.work\/shop\/#organization","name":"Women At Work Shop","url":"https:\/\/women-at.work\/shop\/","logo":{"@type":"ImageObject","inLanguage":"de","@id":"https:\/\/women-at.work\/shop\/#\/schema\/logo\/image\/","url":"https:\/\/women-at.work\/shop\/wp-content\/uploads\/2017\/05\/Shop_Logo.png","contentUrl":"https:\/\/women-at.work\/shop\/wp-content\/uploads\/2017\/05\/Shop_Logo.png","width":305,"height":297,"caption":"Women At Work Shop"},"image":{"@id":"https:\/\/women-at.work\/shop\/#\/schema\/logo\/image\/"}}]}},"_links":{"self":[{"href":"https:\/\/women-at.work\/shop\/wp-json\/wp\/v2\/product\/32425","targetHints":{"allow":["GET"]}}],"collection":[{"href":"https:\/\/women-at.work\/shop\/wp-json\/wp\/v2\/product"}],"about":[{"href":"https:\/\/women-at.work\/shop\/wp-json\/wp\/v2\/types\/product"}],"replies":[{"embeddable":true,"href":"https:\/\/women-at.work\/shop\/wp-json\/wp\/v2\/comments?post=32425"}],"wp:featuredmedia":[{"embeddable":true,"href":"https:\/\/women-at.work\/shop\/wp-json\/wp\/v2\/media\/32426"}],"wp:attachment":[{"href":"https:\/\/women-at.work\/shop\/wp-json\/wp\/v2\/media?parent=32425"}],"wp:term":[{"taxonomy":"product_brand","embeddable":true,"href":"https:\/\/women-at.work\/shop\/wp-json\/wp\/v2\/product_brand?post=32425"},{"taxonomy":"product_cat","embeddable":true,"href":"https:\/\/women-at.work\/shop\/wp-json\/wp\/v2\/product_cat?post=32425"},{"taxonomy":"product_tag","embeddable":true,"href":"https:\/\/women-at.work\/shop\/wp-json\/wp\/v2\/product_tag?post=32425"}],"curies":[{"name":"wp","href":"https:\/\/api.w.org\/{rel}","templated":true}]}}