{"id":32167,"date":"2024-04-02T14:37:56","date_gmt":"2024-04-02T12:37:56","guid":{"rendered":"https:\/\/women-at.work\/shop\/?post_type=product&#038;p=32167"},"modified":"2026-04-09T09:24:58","modified_gmt":"2026-04-09T07:24:58","slug":"toffifee-banderole-tollste-oma-der-welt-vorlage-zum-ausdrucken","status":"publish","type":"product","link":"https:\/\/women-at.work\/shop\/produkt\/toffifee-banderole-tollste-oma-der-welt-vorlage-zum-ausdrucken\/","title":{"rendered":"Toffifee Banderole &#8222;Tollste Oma der Welt&#8220;- Vorlage zum Ausdrucken"},"content":{"rendered":"<p data-start=\"472\" data-end=\"563\">\u00dcberrasche deine Oma zum Muttertag oder Geburtstag mit einer <strong data-start=\"518\" data-end=\"557\">pers\u00f6nlichen DIY-Toffifee-Banderole<\/strong>! \ud83c\udf81<\/p>\n<p data-start=\"565\" data-end=\"884\">Mit dieser <strong data-start=\"576\" data-end=\"597\">digitalen Vorlage<\/strong> kannst du schell eine liebevolle Verpackung f\u00fcr die beliebten Toffifee-Schokoladen basteln. Das Besondere: Der <strong data-start=\"718\" data-end=\"792\">originale Toffifee-Schriftzug scheint durch ausgeschnittene Buchstaben<\/strong> deiner Botschaft hindurch \u2013 ein wundersch\u00f6ner Effekt, der jedes Geschenk besonders macht.<\/p>\n<p data-start=\"886\" data-end=\"908\"><strong data-start=\"886\" data-end=\"906\">Was du bekommst:<\/strong><\/p>\n<ul data-start=\"909\" data-end=\"1165\">\n<li data-section-id=\"1tujkc3\" data-start=\"909\" data-end=\"964\">Sofortiger Download einer druckfertigen PDF-Vorlage<\/li>\n<li data-section-id=\"edzqro\" data-start=\"965\" data-end=\"1020\">Banderole passend f\u00fcr die Standard-Toffifee-Packung<\/li>\n<li data-section-id=\"1ty3jro\" data-start=\"1021\" data-end=\"1078\">Einfaches Ausdrucken, Ausschneiden und Zusammenfalten<\/li>\n<li data-section-id=\"1n3d5d0\" data-start=\"1079\" data-end=\"1165\">Kreativer \u201eFenster\u201c-Effekt, bei dem Buchstaben aus der Schokolade hindurchscheinen<\/li>\n<\/ul>\n<p data-start=\"1167\" data-end=\"1185\"><strong data-start=\"1167\" data-end=\"1183\">Perfekt f\u00fcr:<\/strong><\/p>\n<ul data-start=\"1186\" data-end=\"1341\">\n<li data-section-id=\"uzasc2\" data-start=\"1186\" data-end=\"1247\">Muttertag oder Geburtstag, um deiner Oma oder Mama eine besondere Freude zu machen<\/li>\n<li data-section-id=\"1hqb7px\" data-start=\"1248\" data-end=\"1293\">DIY-Geschenkideen, Bastelspa\u00df mit Kindern<\/li>\n<li data-section-id=\"5e6u92\" data-start=\"1294\" data-end=\"1341\">Last-Minute-Geschenke mit pers\u00f6nlicher Note<\/li>\n<li data-section-id=\"5e6u92\" data-start=\"1294\" data-end=\"1341\">Kleines Dankesch\u00f6n f\u00fcr die beste Oma der Welt<\/li>\n<li data-section-id=\"5e6u92\" data-start=\"1294\" data-end=\"1341\">Super mit Enkeln f\u00fcr die Oma basteln!<\/li>\n<\/ul>\n<p data-start=\"1486\" data-end=\"1513\"><strong data-start=\"1486\" data-end=\"1511\">Warum unsere Vorlage:<\/strong><\/p>\n<ul data-start=\"1514\" data-end=\"1655\">\n<li data-section-id=\"1c5x3n6\" data-start=\"1514\" data-end=\"1565\">Sofortiger digitaler Download \u2192 keine Wartezeit<\/li>\n<li data-section-id=\"rnik8p\" data-start=\"1566\" data-end=\"1609\">Einfach anzupassen und mehrfach nutzbar<\/li>\n<li data-section-id=\"iht5gi\" data-start=\"1610\" data-end=\"1655\">Perfekte Geschenkidee f\u00fcr Schokoladenfans<\/li>\n<\/ul>\n<p>&nbsp;<\/p>\n<p>Sobald die Zahlung bei uns eingegangen ist, wird der Download-Link an dich per E-Mail verschickt. Bei Zahlung per PayPal, ist der Download sofort verf\u00fcgbar. Es wird nichts per Post verschickt! <strong>Sollte die E-Mail nicht automatisch an Sie versendet werden, wenden Sie sich bitte an unseren Kundenservice per E-Mail oder Telefon. Bitte er\u00f6ffnen Sie keinen Fall bei PayPal. So k\u00f6nnen wir Ihnen schneller weiterhelfen!<\/strong><\/p>\n<p><em>Unbezahlte Werbung f\u00fcr duplo. Es besteht keine Kooperation mit duplo. Die Riegel werden nicht mitversendet und dienen nur als Pr\u00e4sentationsvorschlag. Es ist ein rein digitaler Versand!<\/em><\/p>\n<p>Die Vorlage ist f\u00fcr den privaten Gebrauch und darf nicht f\u00fcr kommerzielle Zwecke genutzt werden.<\/p>\n","protected":false},"excerpt":{"rendered":"<p>\u00dcberrasche deine Oma zum Muttertag oder Geburtstag mit einer <strong data-start=\"518\" data-end=\"557\">pers\u00f6nlichen DIY-Toffifee-Banderole<\/strong>!<\/p>\n","protected":false},"featured_media":32169,"comment_status":"open","ping_status":"closed","template":"","meta":[],"product_brand":[],"product_cat":[402,407,268],"product_tag":[808,807,802,815,804,798,813,812,803,816,810,800,814,799,797,801,809,811,806,805],"class_list":{"0":"post-32167","1":"product","2":"type-product","3":"status-publish","4":"has-post-thumbnail","6":"product_cat-geburtstag","7":"product_cat-muttertag","8":"product_cat-vorlagen","9":"product_tag-basteln-fuer-oma-geschenk","10":"product_tag-diy-geschenk-oma-einfach","11":"product_tag-geburtstagsgeschenk-oma","12":"product_tag-geschenk-fuer-oma-selbstgemacht","13":"product_tag-geschenk-fuer-oma-von-kindern","14":"product_tag-geschenk-oma-diy","15":"product_tag-geschenk-oma-enkel","16":"product_tag-geschenk-oma-liebevoll","17":"product_tag-kleines-geschenk-oma","18":"product_tag-kreative-geschenkidee-oma","19":"product_tag-last-minute-geschenk-oma","20":"product_tag-muttertag-geschenk-oma-von-enkel","21":"product_tag-muttertag-oma-basteln-kinder","22":"product_tag-muttertag-oma-geschenk","23":"product_tag-oma-geschenk","24":"product_tag-oma-geschenk-idee","25":"product_tag-persoenliches-geschenk-oma","26":"product_tag-printable-geschenk-oma","27":"product_tag-schokolade-geschenk-oma","28":"product_tag-toffifee-banderole-oma","29":"product_shipping_class-virtuelle-produkte","31":"first","32":"instock","33":"downloadable","34":"virtual","35":"taxable","36":"purchasable","37":"product-type-simple"},"yoast_head":"<!-- This site is optimized with the Yoast SEO plugin v27.3 - https:\/\/yoast.com\/product\/yoast-seo-wordpress\/ -->\n<title>Toffifee Banderole Oma- Vorlage zum Ausdrucken<\/title>\n<meta name=\"description\" content=\"Eine schnelle Toffifee Banderole -Vorlage zum Ausdrucken f\u00fcr den Muttertag f\u00fcr Oma Geburtstage, Kleines Dankesch\u00f6n, Mitbringsel hier bestellen.\" \/>\n<meta name=\"robots\" content=\"index, follow, max-snippet:-1, max-image-preview:large, max-video-preview:-1\" \/>\n<link rel=\"canonical\" href=\"https:\/\/women-at.work\/shop\/produkt\/toffifee-banderole-tollste-oma-der-welt-vorlage-zum-ausdrucken\/\" \/>\n<meta property=\"og:locale\" content=\"de_DE\" \/>\n<meta property=\"og:type\" content=\"article\" \/>\n<meta property=\"og:title\" content=\"Toffifee Banderole Oma- Vorlage zum Ausdrucken\" \/>\n<meta property=\"og:description\" content=\"Eine schnelle Toffifee Banderole -Vorlage zum Ausdrucken f\u00fcr den Muttertag f\u00fcr Oma Geburtstage, Kleines Dankesch\u00f6n, Mitbringsel hier bestellen.\" \/>\n<meta property=\"og:url\" content=\"https:\/\/women-at.work\/shop\/produkt\/toffifee-banderole-tollste-oma-der-welt-vorlage-zum-ausdrucken\/\" \/>\n<meta property=\"og:site_name\" content=\"Women At Work Shop\" \/>\n<meta property=\"article:modified_time\" content=\"2026-04-09T07:24:58+00:00\" \/>\n<meta property=\"og:image\" content=\"https:\/\/women-at.work\/shop\/wp-content\/uploads\/2026\/04\/Toffifee-Banderole-1.jpg\" \/>\n\t<meta property=\"og:image:width\" content=\"1129\" \/>\n\t<meta property=\"og:image:height\" content=\"1693\" \/>\n\t<meta property=\"og:image:type\" content=\"image\/jpeg\" \/>\n<meta name=\"twitter:card\" content=\"summary_large_image\" \/>\n<meta name=\"twitter:label1\" content=\"Gesch\u00e4tzte Lesezeit\" \/>\n\t<meta name=\"twitter:data1\" content=\"2\u00a0Minuten\" \/>\n<script type=\"application\/ld+json\" class=\"yoast-schema-graph\">{\"@context\":\"https:\\\/\\\/schema.org\",\"@graph\":[{\"@type\":\"WebPage\",\"@id\":\"https:\\\/\\\/women-at.work\\\/shop\\\/produkt\\\/toffifee-banderole-tollste-oma-der-welt-vorlage-zum-ausdrucken\\\/\",\"url\":\"https:\\\/\\\/women-at.work\\\/shop\\\/produkt\\\/toffifee-banderole-tollste-oma-der-welt-vorlage-zum-ausdrucken\\\/\",\"name\":\"Toffifee Banderole Oma- Vorlage zum Ausdrucken\",\"isPartOf\":{\"@id\":\"https:\\\/\\\/women-at.work\\\/shop\\\/#website\"},\"primaryImageOfPage\":{\"@id\":\"https:\\\/\\\/women-at.work\\\/shop\\\/produkt\\\/toffifee-banderole-tollste-oma-der-welt-vorlage-zum-ausdrucken\\\/#primaryimage\"},\"image\":{\"@id\":\"https:\\\/\\\/women-at.work\\\/shop\\\/produkt\\\/toffifee-banderole-tollste-oma-der-welt-vorlage-zum-ausdrucken\\\/#primaryimage\"},\"thumbnailUrl\":\"https:\\\/\\\/women-at.work\\\/shop\\\/wp-content\\\/uploads\\\/2026\\\/04\\\/Toffifee-Banderole-1.jpg\",\"datePublished\":\"2024-04-02T12:37:56+00:00\",\"dateModified\":\"2026-04-09T07:24:58+00:00\",\"description\":\"Eine schnelle Toffifee Banderole -Vorlage zum Ausdrucken f\u00fcr den Muttertag f\u00fcr Oma Geburtstage, Kleines Dankesch\u00f6n, Mitbringsel hier bestellen.\",\"breadcrumb\":{\"@id\":\"https:\\\/\\\/women-at.work\\\/shop\\\/produkt\\\/toffifee-banderole-tollste-oma-der-welt-vorlage-zum-ausdrucken\\\/#breadcrumb\"},\"inLanguage\":\"de\",\"potentialAction\":[{\"@type\":\"ReadAction\",\"target\":[\"https:\\\/\\\/women-at.work\\\/shop\\\/produkt\\\/toffifee-banderole-tollste-oma-der-welt-vorlage-zum-ausdrucken\\\/\"]}]},{\"@type\":\"ImageObject\",\"inLanguage\":\"de\",\"@id\":\"https:\\\/\\\/women-at.work\\\/shop\\\/produkt\\\/toffifee-banderole-tollste-oma-der-welt-vorlage-zum-ausdrucken\\\/#primaryimage\",\"url\":\"https:\\\/\\\/women-at.work\\\/shop\\\/wp-content\\\/uploads\\\/2026\\\/04\\\/Toffifee-Banderole-1.jpg\",\"contentUrl\":\"https:\\\/\\\/women-at.work\\\/shop\\\/wp-content\\\/uploads\\\/2026\\\/04\\\/Toffifee-Banderole-1.jpg\",\"width\":1129,\"height\":1693},{\"@type\":\"BreadcrumbList\",\"@id\":\"https:\\\/\\\/women-at.work\\\/shop\\\/produkt\\\/toffifee-banderole-tollste-oma-der-welt-vorlage-zum-ausdrucken\\\/#breadcrumb\",\"itemListElement\":[{\"@type\":\"ListItem\",\"position\":1,\"name\":\"Startseite\",\"item\":\"https:\\\/\\\/women-at.work\\\/shop\\\/\"},{\"@type\":\"ListItem\",\"position\":2,\"name\":\"Shop\",\"item\":\"https:\\\/\\\/women-at.work\\\/shop\\\/shop\\\/\"},{\"@type\":\"ListItem\",\"position\":3,\"name\":\"Toffifee Banderole &#8222;Tollste Oma der Welt&#8220;- Vorlage zum Ausdrucken\"}]},{\"@type\":\"WebSite\",\"@id\":\"https:\\\/\\\/women-at.work\\\/shop\\\/#website\",\"url\":\"https:\\\/\\\/women-at.work\\\/shop\\\/\",\"name\":\"Women At Work Shop\",\"description\":\"Wundervolle Produkte f\u00fcr besondere Menschen\",\"publisher\":{\"@id\":\"https:\\\/\\\/women-at.work\\\/shop\\\/#organization\"},\"potentialAction\":[{\"@type\":\"SearchAction\",\"target\":{\"@type\":\"EntryPoint\",\"urlTemplate\":\"https:\\\/\\\/women-at.work\\\/shop\\\/?s={search_term_string}\"},\"query-input\":{\"@type\":\"PropertyValueSpecification\",\"valueRequired\":true,\"valueName\":\"search_term_string\"}}],\"inLanguage\":\"de\"},{\"@type\":\"Organization\",\"@id\":\"https:\\\/\\\/women-at.work\\\/shop\\\/#organization\",\"name\":\"Women At Work Shop\",\"url\":\"https:\\\/\\\/women-at.work\\\/shop\\\/\",\"logo\":{\"@type\":\"ImageObject\",\"inLanguage\":\"de\",\"@id\":\"https:\\\/\\\/women-at.work\\\/shop\\\/#\\\/schema\\\/logo\\\/image\\\/\",\"url\":\"https:\\\/\\\/women-at.work\\\/shop\\\/wp-content\\\/uploads\\\/2017\\\/05\\\/Shop_Logo.png\",\"contentUrl\":\"https:\\\/\\\/women-at.work\\\/shop\\\/wp-content\\\/uploads\\\/2017\\\/05\\\/Shop_Logo.png\",\"width\":305,\"height\":297,\"caption\":\"Women At Work Shop\"},\"image\":{\"@id\":\"https:\\\/\\\/women-at.work\\\/shop\\\/#\\\/schema\\\/logo\\\/image\\\/\"}}]}<\/script>\n<!-- \/ Yoast SEO plugin. -->","yoast_head_json":{"title":"Toffifee Banderole Oma- Vorlage zum Ausdrucken","description":"Eine schnelle Toffifee Banderole -Vorlage zum Ausdrucken f\u00fcr den Muttertag f\u00fcr Oma Geburtstage, Kleines Dankesch\u00f6n, Mitbringsel hier bestellen.","robots":{"index":"index","follow":"follow","max-snippet":"max-snippet:-1","max-image-preview":"max-image-preview:large","max-video-preview":"max-video-preview:-1"},"canonical":"https:\/\/women-at.work\/shop\/produkt\/toffifee-banderole-tollste-oma-der-welt-vorlage-zum-ausdrucken\/","og_locale":"de_DE","og_type":"article","og_title":"Toffifee Banderole Oma- Vorlage zum Ausdrucken","og_description":"Eine schnelle Toffifee Banderole -Vorlage zum Ausdrucken f\u00fcr den Muttertag f\u00fcr Oma Geburtstage, Kleines Dankesch\u00f6n, Mitbringsel hier bestellen.","og_url":"https:\/\/women-at.work\/shop\/produkt\/toffifee-banderole-tollste-oma-der-welt-vorlage-zum-ausdrucken\/","og_site_name":"Women At Work Shop","article_modified_time":"2026-04-09T07:24:58+00:00","og_image":[{"width":1129,"height":1693,"url":"https:\/\/women-at.work\/shop\/wp-content\/uploads\/2026\/04\/Toffifee-Banderole-1.jpg","type":"image\/jpeg"}],"twitter_card":"summary_large_image","twitter_misc":{"Gesch\u00e4tzte Lesezeit":"2\u00a0Minuten"},"schema":{"@context":"https:\/\/schema.org","@graph":[{"@type":"WebPage","@id":"https:\/\/women-at.work\/shop\/produkt\/toffifee-banderole-tollste-oma-der-welt-vorlage-zum-ausdrucken\/","url":"https:\/\/women-at.work\/shop\/produkt\/toffifee-banderole-tollste-oma-der-welt-vorlage-zum-ausdrucken\/","name":"Toffifee Banderole Oma- Vorlage zum Ausdrucken","isPartOf":{"@id":"https:\/\/women-at.work\/shop\/#website"},"primaryImageOfPage":{"@id":"https:\/\/women-at.work\/shop\/produkt\/toffifee-banderole-tollste-oma-der-welt-vorlage-zum-ausdrucken\/#primaryimage"},"image":{"@id":"https:\/\/women-at.work\/shop\/produkt\/toffifee-banderole-tollste-oma-der-welt-vorlage-zum-ausdrucken\/#primaryimage"},"thumbnailUrl":"https:\/\/women-at.work\/shop\/wp-content\/uploads\/2026\/04\/Toffifee-Banderole-1.jpg","datePublished":"2024-04-02T12:37:56+00:00","dateModified":"2026-04-09T07:24:58+00:00","description":"Eine schnelle Toffifee Banderole -Vorlage zum Ausdrucken f\u00fcr den Muttertag f\u00fcr Oma Geburtstage, Kleines Dankesch\u00f6n, Mitbringsel hier bestellen.","breadcrumb":{"@id":"https:\/\/women-at.work\/shop\/produkt\/toffifee-banderole-tollste-oma-der-welt-vorlage-zum-ausdrucken\/#breadcrumb"},"inLanguage":"de","potentialAction":[{"@type":"ReadAction","target":["https:\/\/women-at.work\/shop\/produkt\/toffifee-banderole-tollste-oma-der-welt-vorlage-zum-ausdrucken\/"]}]},{"@type":"ImageObject","inLanguage":"de","@id":"https:\/\/women-at.work\/shop\/produkt\/toffifee-banderole-tollste-oma-der-welt-vorlage-zum-ausdrucken\/#primaryimage","url":"https:\/\/women-at.work\/shop\/wp-content\/uploads\/2026\/04\/Toffifee-Banderole-1.jpg","contentUrl":"https:\/\/women-at.work\/shop\/wp-content\/uploads\/2026\/04\/Toffifee-Banderole-1.jpg","width":1129,"height":1693},{"@type":"BreadcrumbList","@id":"https:\/\/women-at.work\/shop\/produkt\/toffifee-banderole-tollste-oma-der-welt-vorlage-zum-ausdrucken\/#breadcrumb","itemListElement":[{"@type":"ListItem","position":1,"name":"Startseite","item":"https:\/\/women-at.work\/shop\/"},{"@type":"ListItem","position":2,"name":"Shop","item":"https:\/\/women-at.work\/shop\/shop\/"},{"@type":"ListItem","position":3,"name":"Toffifee Banderole &#8222;Tollste Oma der Welt&#8220;- Vorlage zum Ausdrucken"}]},{"@type":"WebSite","@id":"https:\/\/women-at.work\/shop\/#website","url":"https:\/\/women-at.work\/shop\/","name":"Women At Work Shop","description":"Wundervolle Produkte f\u00fcr besondere Menschen","publisher":{"@id":"https:\/\/women-at.work\/shop\/#organization"},"potentialAction":[{"@type":"SearchAction","target":{"@type":"EntryPoint","urlTemplate":"https:\/\/women-at.work\/shop\/?s={search_term_string}"},"query-input":{"@type":"PropertyValueSpecification","valueRequired":true,"valueName":"search_term_string"}}],"inLanguage":"de"},{"@type":"Organization","@id":"https:\/\/women-at.work\/shop\/#organization","name":"Women At Work Shop","url":"https:\/\/women-at.work\/shop\/","logo":{"@type":"ImageObject","inLanguage":"de","@id":"https:\/\/women-at.work\/shop\/#\/schema\/logo\/image\/","url":"https:\/\/women-at.work\/shop\/wp-content\/uploads\/2017\/05\/Shop_Logo.png","contentUrl":"https:\/\/women-at.work\/shop\/wp-content\/uploads\/2017\/05\/Shop_Logo.png","width":305,"height":297,"caption":"Women At Work Shop"},"image":{"@id":"https:\/\/women-at.work\/shop\/#\/schema\/logo\/image\/"}}]}},"_links":{"self":[{"href":"https:\/\/women-at.work\/shop\/wp-json\/wp\/v2\/product\/32167","targetHints":{"allow":["GET"]}}],"collection":[{"href":"https:\/\/women-at.work\/shop\/wp-json\/wp\/v2\/product"}],"about":[{"href":"https:\/\/women-at.work\/shop\/wp-json\/wp\/v2\/types\/product"}],"replies":[{"embeddable":true,"href":"https:\/\/women-at.work\/shop\/wp-json\/wp\/v2\/comments?post=32167"}],"wp:featuredmedia":[{"embeddable":true,"href":"https:\/\/women-at.work\/shop\/wp-json\/wp\/v2\/media\/32169"}],"wp:attachment":[{"href":"https:\/\/women-at.work\/shop\/wp-json\/wp\/v2\/media?parent=32167"}],"wp:term":[{"taxonomy":"product_brand","embeddable":true,"href":"https:\/\/women-at.work\/shop\/wp-json\/wp\/v2\/product_brand?post=32167"},{"taxonomy":"product_cat","embeddable":true,"href":"https:\/\/women-at.work\/shop\/wp-json\/wp\/v2\/product_cat?post=32167"},{"taxonomy":"product_tag","embeddable":true,"href":"https:\/\/women-at.work\/shop\/wp-json\/wp\/v2\/product_tag?post=32167"}],"curies":[{"name":"wp","href":"https:\/\/api.w.org\/{rel}","templated":true}]}}