{"id":3212,"date":"2019-05-20T15:28:17","date_gmt":"2019-05-20T13:28:17","guid":{"rendered":"https:\/\/women-at.work\/shop\/?post_type=product&#038;p=3212"},"modified":"2025-09-08T20:17:14","modified_gmt":"2025-09-08T18:17:14","slug":"18-leckere-rezept-fuer-kreative-sonntagskuchen-e-book","status":"publish","type":"product","link":"https:\/\/women-at.work\/shop\/produkt\/18-leckere-rezept-fuer-kreative-sonntagskuchen-e-book\/","title":{"rendered":"&#8222;18 leckere Rezept f\u00fcr kreative Sonntagskuchen&#8220; &#8211; E-Book"},"content":{"rendered":"<p>Wer liebt Kuchen nicht? Es gibt so viele verschiedene Formen, Kombinationen und M\u00f6glichkeiten, einen leckeren Kuchen oder eine k\u00f6stliche Torte zuzubereiten. Der beste Beweis ist dieses E-Book, denn wir zeigen euch unsere liebsten Rezepte f\u00fcr den perfekten Sonntagskuchen. Legt los und beeindruckt eure G\u00e4ste mit diesen easy-peasy Kuchen, die euch ganz sicher gelingen werden!<\/p>\n<p>Egal ob Brownie-K\u00e4sekuchen, Mandarinen-Schmand-Gugelhupf, Mango-Quark-Torte oder Puddingkuchen mit Kirschen. Man muss kein Backprofi sein, um sch\u00f6ne Kuchen zaubern zu k\u00f6nnen. Den Beweis liefern wir euch mit diesem E-Book, das dir viel Inspiration liefert. Die Rezepte sind einfach nachzumachen und kommen bei deinen G\u00e4sten sicher gut an!<\/p>\n<p>Kaufe dir jetzt das E-Book, um deine Kaffeetafel zu etwas ganz besonderem zu machen! Du kannst <u>nach<\/u> Zahlungseingang direkt digital auf das E-Book und die 17 Rezepte zugreifen! Wir bitten um Verst\u00e4ndnis, dass wir bei Bezahlung per Direkt \u00dcberweisung erst deine Zahlung erhalten m\u00fcssen, bevor wir das E-Book freischalten. Solltest du das E-Book sofort ben\u00f6tigen, empfehlen wir die Zahlung per Paypal.<\/p>\n<p>Die Vorlage ist f\u00fcr den privaten Gebrauch und darf nicht f\u00fcr kommerzielle Zwecke genutzt werden.<\/p>\n","protected":false},"excerpt":{"rendered":"<p>Wer liebt Kuchen nicht? Es gibt so viele verschiedene Formen, Kombinationen und M\u00f6glichkeiten, einen leckeren Kuchen oder eine k\u00f6stliche Torte zuzubereiten. Der beste Beweis ist dieses E-Book, denn wir zeigen euch unsere liebsten Rezepte f\u00fcr den perfekten Sonntagskuchen. Legt los und beeindruckt eure G\u00e4ste mit diesen easy-peasy Kuchen, die euch ganz sicher gelingen werden!<\/p>\n<p>Du kannst <u>nach<\/u> Zahlungseingang direkt digital auf das E-Book und die 17 Rezepte zugreifen! Wir bitten um Verst\u00e4ndnis, dass wir bei Bezahlung per Direkt \u00dcberweisung erst deine Zahlung erhalten m\u00fcssen, bevor wir das E-Book freischalten. Solltest du das E-Book sofort ben\u00f6tigen, empfehlen wir die Zahlung per Paypal.<\/p>\n","protected":false},"featured_media":3215,"comment_status":"closed","ping_status":"closed","template":"","meta":[],"product_brand":[],"product_cat":[139],"product_tag":[119,132,133,134],"class_list":{"0":"post-3212","1":"product","2":"type-product","3":"status-publish","4":"has-post-thumbnail","6":"product_cat-e-books","7":"product_tag-e-book","8":"product_tag-kuchen","9":"product_tag-kuchenrezept","10":"product_tag-torte","12":"first","13":"instock","14":"sale","15":"downloadable","16":"virtual","17":"taxable","18":"purchasable","19":"product-type-simple"},"yoast_head":"<!-- This site is optimized with the Yoast SEO plugin v27.5 - https:\/\/yoast.com\/product\/yoast-seo-wordpress\/ -->\n<title>&quot;18 leckere Rezept f\u00fcr kreative Sonntagskuchen&quot; - E-Book - Women At Work Shop<\/title>\n<meta name=\"robots\" content=\"index, follow, max-snippet:-1, max-image-preview:large, max-video-preview:-1\" \/>\n<link rel=\"canonical\" href=\"https:\/\/women-at.work\/shop\/produkt\/18-leckere-rezept-fuer-kreative-sonntagskuchen-e-book\/\" \/>\n<meta property=\"og:locale\" content=\"de_DE\" \/>\n<meta property=\"og:type\" content=\"article\" \/>\n<meta property=\"og:title\" content=\"&quot;18 leckere Rezept f\u00fcr kreative Sonntagskuchen&quot; - E-Book - Women At Work Shop\" \/>\n<meta property=\"og:description\" content=\"Wer liebt Kuchen nicht? Es gibt so viele verschiedene Formen, Kombinationen und M\u00f6glichkeiten, einen leckeren Kuchen oder eine k\u00f6stliche Torte zuzubereiten. Der beste Beweis ist dieses E-Book, denn wir zeigen euch unsere liebsten Rezepte f\u00fcr den perfekten Sonntagskuchen. Legt los und beeindruckt eure G\u00e4ste mit diesen easy-peasy Kuchen, die euch ganz sicher gelingen werden!  Du kannst nach Zahlungseingang direkt digital auf das E-Book und die 17 Rezepte zugreifen! Wir bitten um Verst\u00e4ndnis, dass wir bei Bezahlung per Direkt \u00dcberweisung erst deine Zahlung erhalten m\u00fcssen, bevor wir das E-Book freischalten. Solltest du das E-Book sofort ben\u00f6tigen, empfehlen wir die Zahlung per Paypal.\" \/>\n<meta property=\"og:url\" content=\"https:\/\/women-at.work\/shop\/produkt\/18-leckere-rezept-fuer-kreative-sonntagskuchen-e-book\/\" \/>\n<meta property=\"og:site_name\" content=\"Women At Work Shop\" \/>\n<meta property=\"article:modified_time\" content=\"2025-09-08T18:17:14+00:00\" \/>\n<meta property=\"og:image\" content=\"https:\/\/women-at.work\/shop\/wp-content\/uploads\/2019\/05\/18-leckere-rezept-fuer-kreative-sonntagskuchen-e-book.jpg\" \/>\n\t<meta property=\"og:image:width\" content=\"800\" \/>\n\t<meta property=\"og:image:height\" content=\"1064\" \/>\n\t<meta property=\"og:image:type\" content=\"image\/jpeg\" \/>\n<meta name=\"twitter:card\" content=\"summary_large_image\" \/>\n<meta name=\"twitter:label1\" content=\"Gesch\u00e4tzte Lesezeit\" \/>\n\t<meta name=\"twitter:data1\" content=\"2\u00a0Minuten\" \/>\n<script type=\"application\/ld+json\" class=\"yoast-schema-graph\">{\"@context\":\"https:\\\/\\\/schema.org\",\"@graph\":[{\"@type\":\"WebPage\",\"@id\":\"https:\\\/\\\/women-at.work\\\/shop\\\/produkt\\\/18-leckere-rezept-fuer-kreative-sonntagskuchen-e-book\\\/\",\"url\":\"https:\\\/\\\/women-at.work\\\/shop\\\/produkt\\\/18-leckere-rezept-fuer-kreative-sonntagskuchen-e-book\\\/\",\"name\":\"\\\"18 leckere Rezept f\u00fcr kreative Sonntagskuchen\\\" - E-Book - Women At Work Shop\",\"isPartOf\":{\"@id\":\"https:\\\/\\\/women-at.work\\\/shop\\\/#website\"},\"primaryImageOfPage\":{\"@id\":\"https:\\\/\\\/women-at.work\\\/shop\\\/produkt\\\/18-leckere-rezept-fuer-kreative-sonntagskuchen-e-book\\\/#primaryimage\"},\"image\":{\"@id\":\"https:\\\/\\\/women-at.work\\\/shop\\\/produkt\\\/18-leckere-rezept-fuer-kreative-sonntagskuchen-e-book\\\/#primaryimage\"},\"thumbnailUrl\":\"https:\\\/\\\/women-at.work\\\/shop\\\/wp-content\\\/uploads\\\/2019\\\/05\\\/18-leckere-rezept-fuer-kreative-sonntagskuchen-e-book.jpg\",\"datePublished\":\"2019-05-20T13:28:17+00:00\",\"dateModified\":\"2025-09-08T18:17:14+00:00\",\"breadcrumb\":{\"@id\":\"https:\\\/\\\/women-at.work\\\/shop\\\/produkt\\\/18-leckere-rezept-fuer-kreative-sonntagskuchen-e-book\\\/#breadcrumb\"},\"inLanguage\":\"de\",\"potentialAction\":[{\"@type\":\"ReadAction\",\"target\":[\"https:\\\/\\\/women-at.work\\\/shop\\\/produkt\\\/18-leckere-rezept-fuer-kreative-sonntagskuchen-e-book\\\/\"]}]},{\"@type\":\"ImageObject\",\"inLanguage\":\"de\",\"@id\":\"https:\\\/\\\/women-at.work\\\/shop\\\/produkt\\\/18-leckere-rezept-fuer-kreative-sonntagskuchen-e-book\\\/#primaryimage\",\"url\":\"https:\\\/\\\/women-at.work\\\/shop\\\/wp-content\\\/uploads\\\/2019\\\/05\\\/18-leckere-rezept-fuer-kreative-sonntagskuchen-e-book.jpg\",\"contentUrl\":\"https:\\\/\\\/women-at.work\\\/shop\\\/wp-content\\\/uploads\\\/2019\\\/05\\\/18-leckere-rezept-fuer-kreative-sonntagskuchen-e-book.jpg\",\"width\":800,\"height\":1064,\"caption\":\"\\\"18 leckere Rezept f\u00fcr kreative Sonntagskuchen\\\" - E-Book\"},{\"@type\":\"BreadcrumbList\",\"@id\":\"https:\\\/\\\/women-at.work\\\/shop\\\/produkt\\\/18-leckere-rezept-fuer-kreative-sonntagskuchen-e-book\\\/#breadcrumb\",\"itemListElement\":[{\"@type\":\"ListItem\",\"position\":1,\"name\":\"Startseite\",\"item\":\"https:\\\/\\\/women-at.work\\\/shop\\\/\"},{\"@type\":\"ListItem\",\"position\":2,\"name\":\"Shop\",\"item\":\"https:\\\/\\\/women-at.work\\\/shop\\\/shop\\\/\"},{\"@type\":\"ListItem\",\"position\":3,\"name\":\"&#8222;18 leckere Rezept f\u00fcr kreative Sonntagskuchen&#8220; &#8211; E-Book\"}]},{\"@type\":\"WebSite\",\"@id\":\"https:\\\/\\\/women-at.work\\\/shop\\\/#website\",\"url\":\"https:\\\/\\\/women-at.work\\\/shop\\\/\",\"name\":\"Women At Work Shop\",\"description\":\"Wundervolle Produkte f\u00fcr besondere Menschen\",\"publisher\":{\"@id\":\"https:\\\/\\\/women-at.work\\\/shop\\\/#organization\"},\"potentialAction\":[{\"@type\":\"SearchAction\",\"target\":{\"@type\":\"EntryPoint\",\"urlTemplate\":\"https:\\\/\\\/women-at.work\\\/shop\\\/?s={search_term_string}\"},\"query-input\":{\"@type\":\"PropertyValueSpecification\",\"valueRequired\":true,\"valueName\":\"search_term_string\"}}],\"inLanguage\":\"de\"},{\"@type\":\"Organization\",\"@id\":\"https:\\\/\\\/women-at.work\\\/shop\\\/#organization\",\"name\":\"Women At Work Shop\",\"url\":\"https:\\\/\\\/women-at.work\\\/shop\\\/\",\"logo\":{\"@type\":\"ImageObject\",\"inLanguage\":\"de\",\"@id\":\"https:\\\/\\\/women-at.work\\\/shop\\\/#\\\/schema\\\/logo\\\/image\\\/\",\"url\":\"https:\\\/\\\/women-at.work\\\/shop\\\/wp-content\\\/uploads\\\/2017\\\/05\\\/Shop_Logo.png\",\"contentUrl\":\"https:\\\/\\\/women-at.work\\\/shop\\\/wp-content\\\/uploads\\\/2017\\\/05\\\/Shop_Logo.png\",\"width\":305,\"height\":297,\"caption\":\"Women At Work Shop\"},\"image\":{\"@id\":\"https:\\\/\\\/women-at.work\\\/shop\\\/#\\\/schema\\\/logo\\\/image\\\/\"}}]}<\/script>\n<!-- \/ Yoast SEO plugin. -->","yoast_head_json":{"title":"\"18 leckere Rezept f\u00fcr kreative Sonntagskuchen\" - E-Book - Women At Work Shop","robots":{"index":"index","follow":"follow","max-snippet":"max-snippet:-1","max-image-preview":"max-image-preview:large","max-video-preview":"max-video-preview:-1"},"canonical":"https:\/\/women-at.work\/shop\/produkt\/18-leckere-rezept-fuer-kreative-sonntagskuchen-e-book\/","og_locale":"de_DE","og_type":"article","og_title":"\"18 leckere Rezept f\u00fcr kreative Sonntagskuchen\" - E-Book - Women At Work Shop","og_description":"Wer liebt Kuchen nicht? Es gibt so viele verschiedene Formen, Kombinationen und M\u00f6glichkeiten, einen leckeren Kuchen oder eine k\u00f6stliche Torte zuzubereiten. Der beste Beweis ist dieses E-Book, denn wir zeigen euch unsere liebsten Rezepte f\u00fcr den perfekten Sonntagskuchen. Legt los und beeindruckt eure G\u00e4ste mit diesen easy-peasy Kuchen, die euch ganz sicher gelingen werden!  Du kannst nach Zahlungseingang direkt digital auf das E-Book und die 17 Rezepte zugreifen! Wir bitten um Verst\u00e4ndnis, dass wir bei Bezahlung per Direkt \u00dcberweisung erst deine Zahlung erhalten m\u00fcssen, bevor wir das E-Book freischalten. Solltest du das E-Book sofort ben\u00f6tigen, empfehlen wir die Zahlung per Paypal.","og_url":"https:\/\/women-at.work\/shop\/produkt\/18-leckere-rezept-fuer-kreative-sonntagskuchen-e-book\/","og_site_name":"Women At Work Shop","article_modified_time":"2025-09-08T18:17:14+00:00","og_image":[{"width":800,"height":1064,"url":"https:\/\/women-at.work\/shop\/wp-content\/uploads\/2019\/05\/18-leckere-rezept-fuer-kreative-sonntagskuchen-e-book.jpg","type":"image\/jpeg"}],"twitter_card":"summary_large_image","twitter_misc":{"Gesch\u00e4tzte Lesezeit":"2\u00a0Minuten"},"schema":{"@context":"https:\/\/schema.org","@graph":[{"@type":"WebPage","@id":"https:\/\/women-at.work\/shop\/produkt\/18-leckere-rezept-fuer-kreative-sonntagskuchen-e-book\/","url":"https:\/\/women-at.work\/shop\/produkt\/18-leckere-rezept-fuer-kreative-sonntagskuchen-e-book\/","name":"\"18 leckere Rezept f\u00fcr kreative Sonntagskuchen\" - E-Book - Women At Work Shop","isPartOf":{"@id":"https:\/\/women-at.work\/shop\/#website"},"primaryImageOfPage":{"@id":"https:\/\/women-at.work\/shop\/produkt\/18-leckere-rezept-fuer-kreative-sonntagskuchen-e-book\/#primaryimage"},"image":{"@id":"https:\/\/women-at.work\/shop\/produkt\/18-leckere-rezept-fuer-kreative-sonntagskuchen-e-book\/#primaryimage"},"thumbnailUrl":"https:\/\/women-at.work\/shop\/wp-content\/uploads\/2019\/05\/18-leckere-rezept-fuer-kreative-sonntagskuchen-e-book.jpg","datePublished":"2019-05-20T13:28:17+00:00","dateModified":"2025-09-08T18:17:14+00:00","breadcrumb":{"@id":"https:\/\/women-at.work\/shop\/produkt\/18-leckere-rezept-fuer-kreative-sonntagskuchen-e-book\/#breadcrumb"},"inLanguage":"de","potentialAction":[{"@type":"ReadAction","target":["https:\/\/women-at.work\/shop\/produkt\/18-leckere-rezept-fuer-kreative-sonntagskuchen-e-book\/"]}]},{"@type":"ImageObject","inLanguage":"de","@id":"https:\/\/women-at.work\/shop\/produkt\/18-leckere-rezept-fuer-kreative-sonntagskuchen-e-book\/#primaryimage","url":"https:\/\/women-at.work\/shop\/wp-content\/uploads\/2019\/05\/18-leckere-rezept-fuer-kreative-sonntagskuchen-e-book.jpg","contentUrl":"https:\/\/women-at.work\/shop\/wp-content\/uploads\/2019\/05\/18-leckere-rezept-fuer-kreative-sonntagskuchen-e-book.jpg","width":800,"height":1064,"caption":"\"18 leckere Rezept f\u00fcr kreative Sonntagskuchen\" - E-Book"},{"@type":"BreadcrumbList","@id":"https:\/\/women-at.work\/shop\/produkt\/18-leckere-rezept-fuer-kreative-sonntagskuchen-e-book\/#breadcrumb","itemListElement":[{"@type":"ListItem","position":1,"name":"Startseite","item":"https:\/\/women-at.work\/shop\/"},{"@type":"ListItem","position":2,"name":"Shop","item":"https:\/\/women-at.work\/shop\/shop\/"},{"@type":"ListItem","position":3,"name":"&#8222;18 leckere Rezept f\u00fcr kreative Sonntagskuchen&#8220; &#8211; E-Book"}]},{"@type":"WebSite","@id":"https:\/\/women-at.work\/shop\/#website","url":"https:\/\/women-at.work\/shop\/","name":"Women At Work Shop","description":"Wundervolle Produkte f\u00fcr besondere Menschen","publisher":{"@id":"https:\/\/women-at.work\/shop\/#organization"},"potentialAction":[{"@type":"SearchAction","target":{"@type":"EntryPoint","urlTemplate":"https:\/\/women-at.work\/shop\/?s={search_term_string}"},"query-input":{"@type":"PropertyValueSpecification","valueRequired":true,"valueName":"search_term_string"}}],"inLanguage":"de"},{"@type":"Organization","@id":"https:\/\/women-at.work\/shop\/#organization","name":"Women At Work Shop","url":"https:\/\/women-at.work\/shop\/","logo":{"@type":"ImageObject","inLanguage":"de","@id":"https:\/\/women-at.work\/shop\/#\/schema\/logo\/image\/","url":"https:\/\/women-at.work\/shop\/wp-content\/uploads\/2017\/05\/Shop_Logo.png","contentUrl":"https:\/\/women-at.work\/shop\/wp-content\/uploads\/2017\/05\/Shop_Logo.png","width":305,"height":297,"caption":"Women At Work Shop"},"image":{"@id":"https:\/\/women-at.work\/shop\/#\/schema\/logo\/image\/"}}]}},"_links":{"self":[{"href":"https:\/\/women-at.work\/shop\/wp-json\/wp\/v2\/product\/3212","targetHints":{"allow":["GET"]}}],"collection":[{"href":"https:\/\/women-at.work\/shop\/wp-json\/wp\/v2\/product"}],"about":[{"href":"https:\/\/women-at.work\/shop\/wp-json\/wp\/v2\/types\/product"}],"replies":[{"embeddable":true,"href":"https:\/\/women-at.work\/shop\/wp-json\/wp\/v2\/comments?post=3212"}],"wp:featuredmedia":[{"embeddable":true,"href":"https:\/\/women-at.work\/shop\/wp-json\/wp\/v2\/media\/3215"}],"wp:attachment":[{"href":"https:\/\/women-at.work\/shop\/wp-json\/wp\/v2\/media?parent=3212"}],"wp:term":[{"taxonomy":"product_brand","embeddable":true,"href":"https:\/\/women-at.work\/shop\/wp-json\/wp\/v2\/product_brand?post=3212"},{"taxonomy":"product_cat","embeddable":true,"href":"https:\/\/women-at.work\/shop\/wp-json\/wp\/v2\/product_cat?post=3212"},{"taxonomy":"product_tag","embeddable":true,"href":"https:\/\/women-at.work\/shop\/wp-json\/wp\/v2\/product_tag?post=3212"}],"curies":[{"name":"wp","href":"https:\/\/api.w.org\/{rel}","templated":true}]}}