{"id":28042,"date":"2025-12-09T10:36:27","date_gmt":"2025-12-09T09:36:27","guid":{"rendered":"https:\/\/women-at.work\/shop\/?post_type=product&#038;p=28042"},"modified":"2026-03-22T13:26:57","modified_gmt":"2026-03-22T12:26:57","slug":"silvester-wunderkerzen-leuchtstaebe-vorlage-zum-ausdrucken","status":"publish","type":"product","link":"https:\/\/women-at.work\/shop\/produkt\/silvester-wunderkerzen-leuchtstaebe-vorlage-zum-ausdrucken\/","title":{"rendered":"Silvester Wunderkerzen \/ Leuchtst\u00e4be: Vorlage zum Ausdrucken"},"content":{"rendered":"<p>Diese Vorlage f\u00fcr Wunderkerzen zu Silvester ist die perfekte DIY Deko, um dein Neujahrsfest, Silvesterparty oder Jahreswechsel stimmungsvoll zu gestalten. Einfach ausdrucken, zuschneiden, Wunderkerzen einstecken \u2013 schon hast du personalisierte Silvester-Giveaways, kleine Geschenke oder Party-Favoriten f\u00fcr G\u00e4ste. Zum Gestalten von Silvester Wunderkerzen \/ Leuchtst\u00e4ben \/ Knicklichtern als Gl\u00fccksbringer, als kleines Mitbringsel, als kleines Geschenk.<\/p>\n<p>In dem Paket enthalten ist eine Vorlage, mit <strong>5 verschiedenen Spr\u00fcchen.<\/strong><\/p>\n<p>Ideal f\u00fcr:<br \/>\n\u2728 Silvesterparty \/ Neujahrsparty<br \/>\n\u2728 Gastgeschenke \/ Tischdeko<br \/>\n\u2728 Last-Minute Geschenkidee<br \/>\n\u2728 DIY Printable f\u00fcr zu Hause<\/p>\n<p>Sobald die Zahlung bei uns eingegangen ist, wird der Download-Link an dich per E-Mail verschickt. Bei Zahlung per PayPal, ist der Download sofort verf\u00fcgbar. Sollte dieser nicht sofort verf\u00fcgbar sein, meldet euch bitte bei unserem Kundenservice, bevor ihr einen Paypal Fall er\u00f6ffnet!<\/p>\n<p><em>Die Bilder dienen nur als Pr\u00e4sentationsvorschlag. <strong>Es erfolgt ein rein digitaler Versand!<\/strong><br \/>\n<\/em><\/p>\n<p>Die Vorlage ist f\u00fcr den privaten Gebrauch und darf nicht f\u00fcr kommerzielle Zwecke genutzt werden.<\/p>\n","protected":false},"excerpt":{"rendered":"<p>Zum Gestalten von Silvester Wunderkerzen als Gl\u00fccksbringer<\/p>\n","protected":false},"featured_media":28044,"comment_status":"open","ping_status":"closed","template":"","meta":[],"product_brand":[],"product_cat":[400,268],"product_tag":[611,613,616,617,609,610,612,618,615,391,614,608],"class_list":{"0":"post-28042","1":"product","2":"type-product","3":"status-publish","4":"has-post-thumbnail","6":"product_cat-silvester","7":"product_cat-vorlagen","8":"product_tag-diy-wunderkerzenhalter","9":"product_tag-jahreswechsel-geschenk","10":"product_tag-last-minute-silvester-idee","11":"product_tag-neujahr-party-printable","12":"product_tag-neujahr-wunderkerzen","13":"product_tag-silvester-deko","14":"product_tag-silvester-gastgeschenk","15":"product_tag-silvester-goodie-bag","16":"product_tag-silvester-tischdeko","17":"product_tag-vorlage-zum-herunterladen","18":"product_tag-wunderkerzen-etikett","19":"product_tag-wunderkerzen-vorlage","20":"product_shipping_class-virtuelle-produkte","22":"first","23":"instock","24":"downloadable","25":"virtual","26":"taxable","27":"purchasable","28":"product-type-simple"},"yoast_head":"<!-- This site is optimized with the Yoast SEO plugin v27.5 - https:\/\/yoast.com\/product\/yoast-seo-wordpress\/ -->\n<title>Silvester Knicklichter \/ Leuchtst\u00e4be: Vorlage zum Ausdrucken<\/title>\n<meta name=\"description\" content=\"Du kannst Silvester Wunderkerzen basteln und sie zum Beispiel an Silvester oder als Gl\u00fccksbringer verschenken. Hier klicken zum Ausdrucken\" \/>\n<meta name=\"robots\" content=\"index, follow, max-snippet:-1, max-image-preview:large, max-video-preview:-1\" \/>\n<link rel=\"canonical\" href=\"https:\/\/women-at.work\/shop\/produkt\/silvester-wunderkerzen-leuchtstaebe-vorlage-zum-ausdrucken\/\" \/>\n<meta property=\"og:locale\" content=\"de_DE\" \/>\n<meta property=\"og:type\" content=\"article\" \/>\n<meta property=\"og:title\" content=\"Silvester Knicklichter \/ Leuchtst\u00e4be: Vorlage zum Ausdrucken\" \/>\n<meta property=\"og:description\" content=\"Du kannst Silvester Wunderkerzen basteln und sie zum Beispiel an Silvester oder als Gl\u00fccksbringer verschenken. Hier klicken zum Ausdrucken\" \/>\n<meta property=\"og:url\" content=\"https:\/\/women-at.work\/shop\/produkt\/silvester-wunderkerzen-leuchtstaebe-vorlage-zum-ausdrucken\/\" \/>\n<meta property=\"og:site_name\" content=\"Women At Work Shop\" \/>\n<meta property=\"article:modified_time\" content=\"2026-03-22T12:26:57+00:00\" \/>\n<meta property=\"og:image\" content=\"https:\/\/women-at.work\/shop\/wp-content\/uploads\/2025\/12\/Wunderkerzen-Silvester2.jpg\" \/>\n\t<meta property=\"og:image:width\" content=\"1000\" \/>\n\t<meta property=\"og:image:height\" content=\"1500\" \/>\n\t<meta property=\"og:image:type\" content=\"image\/jpeg\" \/>\n<meta name=\"twitter:card\" content=\"summary_large_image\" \/>\n<meta name=\"twitter:label1\" content=\"Gesch\u00e4tzte Lesezeit\" \/>\n\t<meta name=\"twitter:data1\" content=\"2\u00a0Minuten\" \/>\n<script type=\"application\/ld+json\" class=\"yoast-schema-graph\">{\"@context\":\"https:\\\/\\\/schema.org\",\"@graph\":[{\"@type\":\"WebPage\",\"@id\":\"https:\\\/\\\/women-at.work\\\/shop\\\/produkt\\\/silvester-wunderkerzen-leuchtstaebe-vorlage-zum-ausdrucken\\\/\",\"url\":\"https:\\\/\\\/women-at.work\\\/shop\\\/produkt\\\/silvester-wunderkerzen-leuchtstaebe-vorlage-zum-ausdrucken\\\/\",\"name\":\"Silvester Knicklichter \\\/ Leuchtst\u00e4be: Vorlage zum Ausdrucken\",\"isPartOf\":{\"@id\":\"https:\\\/\\\/women-at.work\\\/shop\\\/#website\"},\"primaryImageOfPage\":{\"@id\":\"https:\\\/\\\/women-at.work\\\/shop\\\/produkt\\\/silvester-wunderkerzen-leuchtstaebe-vorlage-zum-ausdrucken\\\/#primaryimage\"},\"image\":{\"@id\":\"https:\\\/\\\/women-at.work\\\/shop\\\/produkt\\\/silvester-wunderkerzen-leuchtstaebe-vorlage-zum-ausdrucken\\\/#primaryimage\"},\"thumbnailUrl\":\"https:\\\/\\\/women-at.work\\\/shop\\\/wp-content\\\/uploads\\\/2025\\\/12\\\/Wunderkerzen-Silvester2.jpg\",\"datePublished\":\"2025-12-09T09:36:27+00:00\",\"dateModified\":\"2026-03-22T12:26:57+00:00\",\"description\":\"Du kannst Silvester Wunderkerzen basteln und sie zum Beispiel an Silvester oder als Gl\u00fccksbringer verschenken. Hier klicken zum Ausdrucken\",\"breadcrumb\":{\"@id\":\"https:\\\/\\\/women-at.work\\\/shop\\\/produkt\\\/silvester-wunderkerzen-leuchtstaebe-vorlage-zum-ausdrucken\\\/#breadcrumb\"},\"inLanguage\":\"de\",\"potentialAction\":[{\"@type\":\"ReadAction\",\"target\":[\"https:\\\/\\\/women-at.work\\\/shop\\\/produkt\\\/silvester-wunderkerzen-leuchtstaebe-vorlage-zum-ausdrucken\\\/\"]}]},{\"@type\":\"ImageObject\",\"inLanguage\":\"de\",\"@id\":\"https:\\\/\\\/women-at.work\\\/shop\\\/produkt\\\/silvester-wunderkerzen-leuchtstaebe-vorlage-zum-ausdrucken\\\/#primaryimage\",\"url\":\"https:\\\/\\\/women-at.work\\\/shop\\\/wp-content\\\/uploads\\\/2025\\\/12\\\/Wunderkerzen-Silvester2.jpg\",\"contentUrl\":\"https:\\\/\\\/women-at.work\\\/shop\\\/wp-content\\\/uploads\\\/2025\\\/12\\\/Wunderkerzen-Silvester2.jpg\",\"width\":1000,\"height\":1500},{\"@type\":\"BreadcrumbList\",\"@id\":\"https:\\\/\\\/women-at.work\\\/shop\\\/produkt\\\/silvester-wunderkerzen-leuchtstaebe-vorlage-zum-ausdrucken\\\/#breadcrumb\",\"itemListElement\":[{\"@type\":\"ListItem\",\"position\":1,\"name\":\"Startseite\",\"item\":\"https:\\\/\\\/women-at.work\\\/shop\\\/\"},{\"@type\":\"ListItem\",\"position\":2,\"name\":\"Shop\",\"item\":\"https:\\\/\\\/women-at.work\\\/shop\\\/shop\\\/\"},{\"@type\":\"ListItem\",\"position\":3,\"name\":\"Silvester Wunderkerzen \\\/ Leuchtst\u00e4be: Vorlage zum Ausdrucken\"}]},{\"@type\":\"WebSite\",\"@id\":\"https:\\\/\\\/women-at.work\\\/shop\\\/#website\",\"url\":\"https:\\\/\\\/women-at.work\\\/shop\\\/\",\"name\":\"Women At Work Shop\",\"description\":\"Wundervolle Produkte f\u00fcr besondere Menschen\",\"publisher\":{\"@id\":\"https:\\\/\\\/women-at.work\\\/shop\\\/#organization\"},\"potentialAction\":[{\"@type\":\"SearchAction\",\"target\":{\"@type\":\"EntryPoint\",\"urlTemplate\":\"https:\\\/\\\/women-at.work\\\/shop\\\/?s={search_term_string}\"},\"query-input\":{\"@type\":\"PropertyValueSpecification\",\"valueRequired\":true,\"valueName\":\"search_term_string\"}}],\"inLanguage\":\"de\"},{\"@type\":\"Organization\",\"@id\":\"https:\\\/\\\/women-at.work\\\/shop\\\/#organization\",\"name\":\"Women At Work Shop\",\"url\":\"https:\\\/\\\/women-at.work\\\/shop\\\/\",\"logo\":{\"@type\":\"ImageObject\",\"inLanguage\":\"de\",\"@id\":\"https:\\\/\\\/women-at.work\\\/shop\\\/#\\\/schema\\\/logo\\\/image\\\/\",\"url\":\"https:\\\/\\\/women-at.work\\\/shop\\\/wp-content\\\/uploads\\\/2017\\\/05\\\/Shop_Logo.png\",\"contentUrl\":\"https:\\\/\\\/women-at.work\\\/shop\\\/wp-content\\\/uploads\\\/2017\\\/05\\\/Shop_Logo.png\",\"width\":305,\"height\":297,\"caption\":\"Women At Work Shop\"},\"image\":{\"@id\":\"https:\\\/\\\/women-at.work\\\/shop\\\/#\\\/schema\\\/logo\\\/image\\\/\"}}]}<\/script>\n<!-- \/ Yoast SEO plugin. -->","yoast_head_json":{"title":"Silvester Knicklichter \/ Leuchtst\u00e4be: Vorlage zum Ausdrucken","description":"Du kannst Silvester Wunderkerzen basteln und sie zum Beispiel an Silvester oder als Gl\u00fccksbringer verschenken. Hier klicken zum Ausdrucken","robots":{"index":"index","follow":"follow","max-snippet":"max-snippet:-1","max-image-preview":"max-image-preview:large","max-video-preview":"max-video-preview:-1"},"canonical":"https:\/\/women-at.work\/shop\/produkt\/silvester-wunderkerzen-leuchtstaebe-vorlage-zum-ausdrucken\/","og_locale":"de_DE","og_type":"article","og_title":"Silvester Knicklichter \/ Leuchtst\u00e4be: Vorlage zum Ausdrucken","og_description":"Du kannst Silvester Wunderkerzen basteln und sie zum Beispiel an Silvester oder als Gl\u00fccksbringer verschenken. Hier klicken zum Ausdrucken","og_url":"https:\/\/women-at.work\/shop\/produkt\/silvester-wunderkerzen-leuchtstaebe-vorlage-zum-ausdrucken\/","og_site_name":"Women At Work Shop","article_modified_time":"2026-03-22T12:26:57+00:00","og_image":[{"width":1000,"height":1500,"url":"https:\/\/women-at.work\/shop\/wp-content\/uploads\/2025\/12\/Wunderkerzen-Silvester2.jpg","type":"image\/jpeg"}],"twitter_card":"summary_large_image","twitter_misc":{"Gesch\u00e4tzte Lesezeit":"2\u00a0Minuten"},"schema":{"@context":"https:\/\/schema.org","@graph":[{"@type":"WebPage","@id":"https:\/\/women-at.work\/shop\/produkt\/silvester-wunderkerzen-leuchtstaebe-vorlage-zum-ausdrucken\/","url":"https:\/\/women-at.work\/shop\/produkt\/silvester-wunderkerzen-leuchtstaebe-vorlage-zum-ausdrucken\/","name":"Silvester Knicklichter \/ Leuchtst\u00e4be: Vorlage zum Ausdrucken","isPartOf":{"@id":"https:\/\/women-at.work\/shop\/#website"},"primaryImageOfPage":{"@id":"https:\/\/women-at.work\/shop\/produkt\/silvester-wunderkerzen-leuchtstaebe-vorlage-zum-ausdrucken\/#primaryimage"},"image":{"@id":"https:\/\/women-at.work\/shop\/produkt\/silvester-wunderkerzen-leuchtstaebe-vorlage-zum-ausdrucken\/#primaryimage"},"thumbnailUrl":"https:\/\/women-at.work\/shop\/wp-content\/uploads\/2025\/12\/Wunderkerzen-Silvester2.jpg","datePublished":"2025-12-09T09:36:27+00:00","dateModified":"2026-03-22T12:26:57+00:00","description":"Du kannst Silvester Wunderkerzen basteln und sie zum Beispiel an Silvester oder als Gl\u00fccksbringer verschenken. Hier klicken zum Ausdrucken","breadcrumb":{"@id":"https:\/\/women-at.work\/shop\/produkt\/silvester-wunderkerzen-leuchtstaebe-vorlage-zum-ausdrucken\/#breadcrumb"},"inLanguage":"de","potentialAction":[{"@type":"ReadAction","target":["https:\/\/women-at.work\/shop\/produkt\/silvester-wunderkerzen-leuchtstaebe-vorlage-zum-ausdrucken\/"]}]},{"@type":"ImageObject","inLanguage":"de","@id":"https:\/\/women-at.work\/shop\/produkt\/silvester-wunderkerzen-leuchtstaebe-vorlage-zum-ausdrucken\/#primaryimage","url":"https:\/\/women-at.work\/shop\/wp-content\/uploads\/2025\/12\/Wunderkerzen-Silvester2.jpg","contentUrl":"https:\/\/women-at.work\/shop\/wp-content\/uploads\/2025\/12\/Wunderkerzen-Silvester2.jpg","width":1000,"height":1500},{"@type":"BreadcrumbList","@id":"https:\/\/women-at.work\/shop\/produkt\/silvester-wunderkerzen-leuchtstaebe-vorlage-zum-ausdrucken\/#breadcrumb","itemListElement":[{"@type":"ListItem","position":1,"name":"Startseite","item":"https:\/\/women-at.work\/shop\/"},{"@type":"ListItem","position":2,"name":"Shop","item":"https:\/\/women-at.work\/shop\/shop\/"},{"@type":"ListItem","position":3,"name":"Silvester Wunderkerzen \/ Leuchtst\u00e4be: Vorlage zum Ausdrucken"}]},{"@type":"WebSite","@id":"https:\/\/women-at.work\/shop\/#website","url":"https:\/\/women-at.work\/shop\/","name":"Women At Work Shop","description":"Wundervolle Produkte f\u00fcr besondere Menschen","publisher":{"@id":"https:\/\/women-at.work\/shop\/#organization"},"potentialAction":[{"@type":"SearchAction","target":{"@type":"EntryPoint","urlTemplate":"https:\/\/women-at.work\/shop\/?s={search_term_string}"},"query-input":{"@type":"PropertyValueSpecification","valueRequired":true,"valueName":"search_term_string"}}],"inLanguage":"de"},{"@type":"Organization","@id":"https:\/\/women-at.work\/shop\/#organization","name":"Women At Work Shop","url":"https:\/\/women-at.work\/shop\/","logo":{"@type":"ImageObject","inLanguage":"de","@id":"https:\/\/women-at.work\/shop\/#\/schema\/logo\/image\/","url":"https:\/\/women-at.work\/shop\/wp-content\/uploads\/2017\/05\/Shop_Logo.png","contentUrl":"https:\/\/women-at.work\/shop\/wp-content\/uploads\/2017\/05\/Shop_Logo.png","width":305,"height":297,"caption":"Women At Work Shop"},"image":{"@id":"https:\/\/women-at.work\/shop\/#\/schema\/logo\/image\/"}}]}},"_links":{"self":[{"href":"https:\/\/women-at.work\/shop\/wp-json\/wp\/v2\/product\/28042","targetHints":{"allow":["GET"]}}],"collection":[{"href":"https:\/\/women-at.work\/shop\/wp-json\/wp\/v2\/product"}],"about":[{"href":"https:\/\/women-at.work\/shop\/wp-json\/wp\/v2\/types\/product"}],"replies":[{"embeddable":true,"href":"https:\/\/women-at.work\/shop\/wp-json\/wp\/v2\/comments?post=28042"}],"wp:featuredmedia":[{"embeddable":true,"href":"https:\/\/women-at.work\/shop\/wp-json\/wp\/v2\/media\/28044"}],"wp:attachment":[{"href":"https:\/\/women-at.work\/shop\/wp-json\/wp\/v2\/media?parent=28042"}],"wp:term":[{"taxonomy":"product_brand","embeddable":true,"href":"https:\/\/women-at.work\/shop\/wp-json\/wp\/v2\/product_brand?post=28042"},{"taxonomy":"product_cat","embeddable":true,"href":"https:\/\/women-at.work\/shop\/wp-json\/wp\/v2\/product_cat?post=28042"},{"taxonomy":"product_tag","embeddable":true,"href":"https:\/\/women-at.work\/shop\/wp-json\/wp\/v2\/product_tag?post=28042"}],"curies":[{"name":"wp","href":"https:\/\/api.w.org\/{rel}","templated":true}]}}