{"id":27977,"date":"2025-12-08T12:33:20","date_gmt":"2025-12-08T11:33:20","guid":{"rendered":"https:\/\/women-at.work\/shop\/?post_type=product&#038;p=27977"},"modified":"2025-12-08T14:12:05","modified_gmt":"2025-12-08T13:12:05","slug":"gluecksschweine-vorlage-zum-ausdrucken","status":"publish","type":"product","link":"https:\/\/women-at.work\/shop\/produkt\/gluecksschweine-vorlage-zum-ausdrucken\/","title":{"rendered":"Gl\u00fccksschweine | Vorlage zum Ausdrucken"},"content":{"rendered":"<p>Verschenke zum Jahreswechsel eine Extraportion Gl\u00fcck! Diese <strong data-start=\"236\" data-end=\"254\">Gl\u00fccksschweine<\/strong> sind nicht nur ein k\u00f6stlicher Naschspa\u00df, sondern auch ein charmantes Mitbringsel f\u00fcr Familie, Freunde oder Kolleg*innen.\u00a0Dieses liebevoll gestaltete Etikett macht aus jeder kleinen Aufmerksamkeit ein besonderes Silvester-Mitbringsel! Das Design zeigt ein niedliches Schweinchen mit Kleeblatt sowie den handgeschriebenen Schriftzug <em data-start=\"440\" data-end=\"486\">\u201eGl\u00fccksschweine \u2013 Viel Gl\u00fcck f\u00fcrs neue Jahr\u201c<\/em>. Perfekt geeignet, um kleine S\u00fc\u00dfigkeiten oder andere Kleinigkeiten als Gl\u00fccksbringer zu verpacken.<\/p>\n<p>In dem Paket enthalten ist eine Vorlage \/Etiketten zum Ausdrucken, um eine Verpackung f\u00fcr Gl\u00fccksschweine. Die Etiketten werden in zwei Gr\u00f6\u00dfen bereitgestellt.<\/p>\n<p><strong data-start=\"787\" data-end=\"801\">Ideal f\u00fcr:<\/strong><br data-start=\"801\" data-end=\"804\" \/>\u2022 Silvesterpartys<br data-start=\"821\" data-end=\"824\" \/>\u2022 Neujahrsgr\u00fc\u00dfe<br data-start=\"839\" data-end=\"842\" \/>\u2022 Kleine Aufmerksamkeiten<br data-start=\"867\" data-end=\"870\" \/>\u2022 Gl\u00fccksbringer mit Herz<\/p>\n<p>Sobald die Zahlung bei uns eingegangen ist, wird der Download-Link an dich per E-Mail verschickt. Bei Zahlung per PayPal, ist der Download sofort verf\u00fcgbar. <strong>Sollte die E-Mail nicht automatisch an Sie versendet werden, wenden Sie sich bitte an unseren Kundenservice per E-Mail oder Telefon. Bitte er\u00f6ffnen Sie keinen Fall bei PayPal. So k\u00f6nnen wir Ihnen schneller weiterhelfen!<\/strong><\/p>\n<p><em>Die S\u00fc\u00dfigkeiten und T\u00fcten werden nicht versendet und es besteht keine Kooperation. Sie dienen nur als Pr\u00e4sentationsvorschlag. Es ist ein rein digitaler Versand!<\/em><\/p>\n<p>Die Vorlage ist f\u00fcr den privaten Gebrauch und darf nicht f\u00fcr kommerzielle Zwecke genutzt werden.<\/p>\n","protected":false},"excerpt":{"rendered":"<p>Gl\u00fccksschweine als Silvestergeschenk f\u00fcrs neue Jahr gestalten.<\/p>\n","protected":false},"featured_media":27978,"comment_status":"open","ping_status":"closed","template":"","meta":[],"product_brand":[],"product_cat":[400,268],"product_tag":[574,557,559,575,572,576,564,556,570,555,571,568,552,577,563,562,567,554,561,566,573,558,553,560,569,565,297,348],"class_list":{"0":"post-27977","1":"product","2":"type-product","3":"status-publish","4":"has-post-thumbnail","6":"product_cat-silvester","7":"product_cat-vorlagen","8":"product_tag-anhaenger-fuer-kleine-silvester-mitbringsel","9":"product_tag-anhaenger-silvester","10":"product_tag-diy-silvester-geschenk","11":"product_tag-diy-verpackung-silvester","12":"product_tag-etikett-fuer-gluecksschweine-basteln","13":"product_tag-etikett-fuer-suessigkeiten-silvester","14":"product_tag-etikett-schweinchen","15":"product_tag-geschenketikett-silvester","16":"product_tag-gluecksbringer-anhaenger","17":"product_tag-gluecksbringer-etikett","18":"product_tag-gluecksbringer-printable","19":"product_tag-gluecksschwein-bastelset","20":"product_tag-gluecksschwein-etikett","21":"product_tag-gluecksschwein-geschenkidee-neujahr","22":"product_tag-gluecksschwein-vorlage","23":"product_tag-gluecksschweine-anhaenger","24":"product_tag-gluecksschweine-verpackung","25":"product_tag-neujahr-etikett","26":"product_tag-neujahr-printable","27":"product_tag-neujahr-schwein-etikett","28":"product_tag-printable-fuer-silvester-geschenke","29":"product_tag-printable-silvester","30":"product_tag-silvester-etikett","31":"product_tag-silvester-geschenkidee","32":"product_tag-silvester-mitbringsel-etikett","33":"product_tag-silvester-schwein-anhaenger","34":"product_tag-vorlage","35":"product_tag-vorlage-zum-ausdrucken","36":"product_shipping_class-virtuelle-produkte","38":"first","39":"instock","40":"downloadable","41":"virtual","42":"taxable","43":"purchasable","44":"product-type-simple"},"yoast_head":"<!-- This site is optimized with the Yoast SEO plugin v27.5 - https:\/\/yoast.com\/product\/yoast-seo-wordpress\/ -->\n<title>Gl\u00fccksschweine | Vorlage zum Ausdrucken<\/title>\n<meta name=\"description\" content=\"Kleine Aufmerksamkeit als Silvestermitbringsel: Diese Gl\u00fccksschweine bringen dir etwas Gl\u00fcck f\u00fcrs neue Jahr. Hier ausdrucken und verschenken!\" \/>\n<meta name=\"robots\" content=\"index, follow, max-snippet:-1, max-image-preview:large, max-video-preview:-1\" \/>\n<link rel=\"canonical\" href=\"https:\/\/women-at.work\/shop\/produkt\/gluecksschweine-vorlage-zum-ausdrucken\/\" \/>\n<meta property=\"og:locale\" content=\"de_DE\" \/>\n<meta property=\"og:type\" content=\"article\" \/>\n<meta property=\"og:title\" content=\"Gl\u00fccksschweine | Vorlage zum Ausdrucken\" \/>\n<meta property=\"og:description\" content=\"Kleine Aufmerksamkeit als Silvestermitbringsel: Diese Gl\u00fccksschweine bringen dir etwas Gl\u00fcck f\u00fcrs neue Jahr. Hier ausdrucken und verschenken!\" \/>\n<meta property=\"og:url\" content=\"https:\/\/women-at.work\/shop\/produkt\/gluecksschweine-vorlage-zum-ausdrucken\/\" \/>\n<meta property=\"og:site_name\" content=\"Women At Work Shop\" \/>\n<meta property=\"article:modified_time\" content=\"2025-12-08T13:12:05+00:00\" \/>\n<meta property=\"og:image\" content=\"https:\/\/women-at.work\/shop\/wp-content\/uploads\/2025\/12\/Gluecksschweine-Vorlage-zum-Ausdrucken.jpg\" \/>\n\t<meta property=\"og:image:width\" content=\"800\" \/>\n\t<meta property=\"og:image:height\" content=\"1200\" \/>\n\t<meta property=\"og:image:type\" content=\"image\/jpeg\" \/>\n<meta name=\"twitter:card\" content=\"summary_large_image\" \/>\n<meta name=\"twitter:label1\" content=\"Gesch\u00e4tzte Lesezeit\" \/>\n\t<meta name=\"twitter:data1\" content=\"2\u00a0Minuten\" \/>\n<script type=\"application\/ld+json\" class=\"yoast-schema-graph\">{\"@context\":\"https:\\\/\\\/schema.org\",\"@graph\":[{\"@type\":\"WebPage\",\"@id\":\"https:\\\/\\\/women-at.work\\\/shop\\\/produkt\\\/gluecksschweine-vorlage-zum-ausdrucken\\\/\",\"url\":\"https:\\\/\\\/women-at.work\\\/shop\\\/produkt\\\/gluecksschweine-vorlage-zum-ausdrucken\\\/\",\"name\":\"Gl\u00fccksschweine | Vorlage zum Ausdrucken\",\"isPartOf\":{\"@id\":\"https:\\\/\\\/women-at.work\\\/shop\\\/#website\"},\"primaryImageOfPage\":{\"@id\":\"https:\\\/\\\/women-at.work\\\/shop\\\/produkt\\\/gluecksschweine-vorlage-zum-ausdrucken\\\/#primaryimage\"},\"image\":{\"@id\":\"https:\\\/\\\/women-at.work\\\/shop\\\/produkt\\\/gluecksschweine-vorlage-zum-ausdrucken\\\/#primaryimage\"},\"thumbnailUrl\":\"https:\\\/\\\/women-at.work\\\/shop\\\/wp-content\\\/uploads\\\/2025\\\/12\\\/Gluecksschweine-Vorlage-zum-Ausdrucken.jpg\",\"datePublished\":\"2025-12-08T11:33:20+00:00\",\"dateModified\":\"2025-12-08T13:12:05+00:00\",\"description\":\"Kleine Aufmerksamkeit als Silvestermitbringsel: Diese Gl\u00fccksschweine bringen dir etwas Gl\u00fcck f\u00fcrs neue Jahr. Hier ausdrucken und verschenken!\",\"breadcrumb\":{\"@id\":\"https:\\\/\\\/women-at.work\\\/shop\\\/produkt\\\/gluecksschweine-vorlage-zum-ausdrucken\\\/#breadcrumb\"},\"inLanguage\":\"de\",\"potentialAction\":[{\"@type\":\"ReadAction\",\"target\":[\"https:\\\/\\\/women-at.work\\\/shop\\\/produkt\\\/gluecksschweine-vorlage-zum-ausdrucken\\\/\"]}]},{\"@type\":\"ImageObject\",\"inLanguage\":\"de\",\"@id\":\"https:\\\/\\\/women-at.work\\\/shop\\\/produkt\\\/gluecksschweine-vorlage-zum-ausdrucken\\\/#primaryimage\",\"url\":\"https:\\\/\\\/women-at.work\\\/shop\\\/wp-content\\\/uploads\\\/2025\\\/12\\\/Gluecksschweine-Vorlage-zum-Ausdrucken.jpg\",\"contentUrl\":\"https:\\\/\\\/women-at.work\\\/shop\\\/wp-content\\\/uploads\\\/2025\\\/12\\\/Gluecksschweine-Vorlage-zum-Ausdrucken.jpg\",\"width\":800,\"height\":1200,\"caption\":\"Gl\u00fccksschweine | Vorlage zum Ausdrucken\"},{\"@type\":\"BreadcrumbList\",\"@id\":\"https:\\\/\\\/women-at.work\\\/shop\\\/produkt\\\/gluecksschweine-vorlage-zum-ausdrucken\\\/#breadcrumb\",\"itemListElement\":[{\"@type\":\"ListItem\",\"position\":1,\"name\":\"Startseite\",\"item\":\"https:\\\/\\\/women-at.work\\\/shop\\\/\"},{\"@type\":\"ListItem\",\"position\":2,\"name\":\"Shop\",\"item\":\"https:\\\/\\\/women-at.work\\\/shop\\\/shop\\\/\"},{\"@type\":\"ListItem\",\"position\":3,\"name\":\"Gl\u00fccksschweine | Vorlage zum Ausdrucken\"}]},{\"@type\":\"WebSite\",\"@id\":\"https:\\\/\\\/women-at.work\\\/shop\\\/#website\",\"url\":\"https:\\\/\\\/women-at.work\\\/shop\\\/\",\"name\":\"Women At Work Shop\",\"description\":\"Wundervolle Produkte f\u00fcr besondere Menschen\",\"publisher\":{\"@id\":\"https:\\\/\\\/women-at.work\\\/shop\\\/#organization\"},\"potentialAction\":[{\"@type\":\"SearchAction\",\"target\":{\"@type\":\"EntryPoint\",\"urlTemplate\":\"https:\\\/\\\/women-at.work\\\/shop\\\/?s={search_term_string}\"},\"query-input\":{\"@type\":\"PropertyValueSpecification\",\"valueRequired\":true,\"valueName\":\"search_term_string\"}}],\"inLanguage\":\"de\"},{\"@type\":\"Organization\",\"@id\":\"https:\\\/\\\/women-at.work\\\/shop\\\/#organization\",\"name\":\"Women At Work Shop\",\"url\":\"https:\\\/\\\/women-at.work\\\/shop\\\/\",\"logo\":{\"@type\":\"ImageObject\",\"inLanguage\":\"de\",\"@id\":\"https:\\\/\\\/women-at.work\\\/shop\\\/#\\\/schema\\\/logo\\\/image\\\/\",\"url\":\"https:\\\/\\\/women-at.work\\\/shop\\\/wp-content\\\/uploads\\\/2017\\\/05\\\/Shop_Logo.png\",\"contentUrl\":\"https:\\\/\\\/women-at.work\\\/shop\\\/wp-content\\\/uploads\\\/2017\\\/05\\\/Shop_Logo.png\",\"width\":305,\"height\":297,\"caption\":\"Women At Work Shop\"},\"image\":{\"@id\":\"https:\\\/\\\/women-at.work\\\/shop\\\/#\\\/schema\\\/logo\\\/image\\\/\"}}]}<\/script>\n<!-- \/ Yoast SEO plugin. -->","yoast_head_json":{"title":"Gl\u00fccksschweine | Vorlage zum Ausdrucken","description":"Kleine Aufmerksamkeit als Silvestermitbringsel: Diese Gl\u00fccksschweine bringen dir etwas Gl\u00fcck f\u00fcrs neue Jahr. Hier ausdrucken und verschenken!","robots":{"index":"index","follow":"follow","max-snippet":"max-snippet:-1","max-image-preview":"max-image-preview:large","max-video-preview":"max-video-preview:-1"},"canonical":"https:\/\/women-at.work\/shop\/produkt\/gluecksschweine-vorlage-zum-ausdrucken\/","og_locale":"de_DE","og_type":"article","og_title":"Gl\u00fccksschweine | Vorlage zum Ausdrucken","og_description":"Kleine Aufmerksamkeit als Silvestermitbringsel: Diese Gl\u00fccksschweine bringen dir etwas Gl\u00fcck f\u00fcrs neue Jahr. Hier ausdrucken und verschenken!","og_url":"https:\/\/women-at.work\/shop\/produkt\/gluecksschweine-vorlage-zum-ausdrucken\/","og_site_name":"Women At Work Shop","article_modified_time":"2025-12-08T13:12:05+00:00","og_image":[{"width":800,"height":1200,"url":"https:\/\/women-at.work\/shop\/wp-content\/uploads\/2025\/12\/Gluecksschweine-Vorlage-zum-Ausdrucken.jpg","type":"image\/jpeg"}],"twitter_card":"summary_large_image","twitter_misc":{"Gesch\u00e4tzte Lesezeit":"2\u00a0Minuten"},"schema":{"@context":"https:\/\/schema.org","@graph":[{"@type":"WebPage","@id":"https:\/\/women-at.work\/shop\/produkt\/gluecksschweine-vorlage-zum-ausdrucken\/","url":"https:\/\/women-at.work\/shop\/produkt\/gluecksschweine-vorlage-zum-ausdrucken\/","name":"Gl\u00fccksschweine | Vorlage zum Ausdrucken","isPartOf":{"@id":"https:\/\/women-at.work\/shop\/#website"},"primaryImageOfPage":{"@id":"https:\/\/women-at.work\/shop\/produkt\/gluecksschweine-vorlage-zum-ausdrucken\/#primaryimage"},"image":{"@id":"https:\/\/women-at.work\/shop\/produkt\/gluecksschweine-vorlage-zum-ausdrucken\/#primaryimage"},"thumbnailUrl":"https:\/\/women-at.work\/shop\/wp-content\/uploads\/2025\/12\/Gluecksschweine-Vorlage-zum-Ausdrucken.jpg","datePublished":"2025-12-08T11:33:20+00:00","dateModified":"2025-12-08T13:12:05+00:00","description":"Kleine Aufmerksamkeit als Silvestermitbringsel: Diese Gl\u00fccksschweine bringen dir etwas Gl\u00fcck f\u00fcrs neue Jahr. Hier ausdrucken und verschenken!","breadcrumb":{"@id":"https:\/\/women-at.work\/shop\/produkt\/gluecksschweine-vorlage-zum-ausdrucken\/#breadcrumb"},"inLanguage":"de","potentialAction":[{"@type":"ReadAction","target":["https:\/\/women-at.work\/shop\/produkt\/gluecksschweine-vorlage-zum-ausdrucken\/"]}]},{"@type":"ImageObject","inLanguage":"de","@id":"https:\/\/women-at.work\/shop\/produkt\/gluecksschweine-vorlage-zum-ausdrucken\/#primaryimage","url":"https:\/\/women-at.work\/shop\/wp-content\/uploads\/2025\/12\/Gluecksschweine-Vorlage-zum-Ausdrucken.jpg","contentUrl":"https:\/\/women-at.work\/shop\/wp-content\/uploads\/2025\/12\/Gluecksschweine-Vorlage-zum-Ausdrucken.jpg","width":800,"height":1200,"caption":"Gl\u00fccksschweine | Vorlage zum Ausdrucken"},{"@type":"BreadcrumbList","@id":"https:\/\/women-at.work\/shop\/produkt\/gluecksschweine-vorlage-zum-ausdrucken\/#breadcrumb","itemListElement":[{"@type":"ListItem","position":1,"name":"Startseite","item":"https:\/\/women-at.work\/shop\/"},{"@type":"ListItem","position":2,"name":"Shop","item":"https:\/\/women-at.work\/shop\/shop\/"},{"@type":"ListItem","position":3,"name":"Gl\u00fccksschweine | Vorlage zum Ausdrucken"}]},{"@type":"WebSite","@id":"https:\/\/women-at.work\/shop\/#website","url":"https:\/\/women-at.work\/shop\/","name":"Women At Work Shop","description":"Wundervolle Produkte f\u00fcr besondere Menschen","publisher":{"@id":"https:\/\/women-at.work\/shop\/#organization"},"potentialAction":[{"@type":"SearchAction","target":{"@type":"EntryPoint","urlTemplate":"https:\/\/women-at.work\/shop\/?s={search_term_string}"},"query-input":{"@type":"PropertyValueSpecification","valueRequired":true,"valueName":"search_term_string"}}],"inLanguage":"de"},{"@type":"Organization","@id":"https:\/\/women-at.work\/shop\/#organization","name":"Women At Work Shop","url":"https:\/\/women-at.work\/shop\/","logo":{"@type":"ImageObject","inLanguage":"de","@id":"https:\/\/women-at.work\/shop\/#\/schema\/logo\/image\/","url":"https:\/\/women-at.work\/shop\/wp-content\/uploads\/2017\/05\/Shop_Logo.png","contentUrl":"https:\/\/women-at.work\/shop\/wp-content\/uploads\/2017\/05\/Shop_Logo.png","width":305,"height":297,"caption":"Women At Work Shop"},"image":{"@id":"https:\/\/women-at.work\/shop\/#\/schema\/logo\/image\/"}}]}},"_links":{"self":[{"href":"https:\/\/women-at.work\/shop\/wp-json\/wp\/v2\/product\/27977","targetHints":{"allow":["GET"]}}],"collection":[{"href":"https:\/\/women-at.work\/shop\/wp-json\/wp\/v2\/product"}],"about":[{"href":"https:\/\/women-at.work\/shop\/wp-json\/wp\/v2\/types\/product"}],"replies":[{"embeddable":true,"href":"https:\/\/women-at.work\/shop\/wp-json\/wp\/v2\/comments?post=27977"}],"wp:featuredmedia":[{"embeddable":true,"href":"https:\/\/women-at.work\/shop\/wp-json\/wp\/v2\/media\/27978"}],"wp:attachment":[{"href":"https:\/\/women-at.work\/shop\/wp-json\/wp\/v2\/media?parent=27977"}],"wp:term":[{"taxonomy":"product_brand","embeddable":true,"href":"https:\/\/women-at.work\/shop\/wp-json\/wp\/v2\/product_brand?post=27977"},{"taxonomy":"product_cat","embeddable":true,"href":"https:\/\/women-at.work\/shop\/wp-json\/wp\/v2\/product_cat?post=27977"},{"taxonomy":"product_tag","embeddable":true,"href":"https:\/\/women-at.work\/shop\/wp-json\/wp\/v2\/product_tag?post=27977"}],"curies":[{"name":"wp","href":"https:\/\/api.w.org\/{rel}","templated":true}]}}