{"id":25867,"date":"2025-11-13T11:30:52","date_gmt":"2025-11-13T10:30:52","guid":{"rendered":"https:\/\/women-at.work\/shop\/?post_type=product&#038;p=25867"},"modified":"2025-11-13T20:03:46","modified_gmt":"2025-11-13T19:03:46","slug":"teelicht-botschaften-fuer-weihnachten-vorlage-zum-ausdrucken","status":"publish","type":"product","link":"https:\/\/women-at.work\/shop\/produkt\/teelicht-botschaften-fuer-weihnachten-vorlage-zum-ausdrucken\/","title":{"rendered":"Teelicht-Botschaften f\u00fcr Weihnachten &#8211; Vorlage zum Ausdrucken"},"content":{"rendered":"<p data-start=\"314\" data-end=\"595\">Mach die Adventszeit noch besonderer! Unsere <strong data-start=\"359\" data-end=\"399\">weihnachtlichen Teelicht-Botschaften<\/strong> verwandeln jedes einfache Teelicht in eine kleine \u00dcberraschung. Sobald das Wachs schmilzt, erscheint eine <strong data-start=\"506\" data-end=\"530\">versteckte Botschaft<\/strong> \u2013 perfekt als liebevolle Aufmerksamkeit in der Weihnachtszeit.<\/p>\n<p data-start=\"597\" data-end=\"622\">\ud83c\udf84 <strong data-start=\"600\" data-end=\"620\">Das steckt drin:<\/strong><\/p>\n<ul data-start=\"623\" data-end=\"946\">\n<li data-start=\"623\" data-end=\"712\">\n<p data-start=\"625\" data-end=\"712\">35 verschiedene, farbige Motive mit <strong data-start=\"652\" data-end=\"710\">festlichen Spr\u00fcchen &amp; Symbolen<\/strong><\/p>\n<\/li>\n<li data-start=\"713\" data-end=\"825\">\n<p data-start=\"715\" data-end=\"825\">liebevoll gestaltet \u2013 ideal f\u00fcr <strong data-start=\"747\" data-end=\"823\">Adventskalender, Wichtelgeschenke, Nikolaus\u00fcberraschungen oder Tischdeko<\/strong><\/p>\n<\/li>\n<li data-start=\"826\" data-end=\"867\">\n<p data-start=\"828\" data-end=\"867\">passend f\u00fcr handels\u00fcbliche Teelichter<\/p>\n<\/li>\n<li data-start=\"868\" data-end=\"946\">\n<p data-start=\"870\" data-end=\"946\">einfach unter den Docht kleben \u2013 fertig ist dein magisches Botschaftslicht (eine Anleitung ist enthalten).<\/p>\n<\/li>\n<\/ul>\n<p data-start=\"1095\" data-end=\"1123\">\u2728 <strong data-start=\"1097\" data-end=\"1121\">Besonders sch\u00f6n f\u00fcr:<\/strong><\/p>\n<ul data-start=\"1124\" data-end=\"1265\">\n<li data-start=\"1124\" data-end=\"1165\">\n<p data-start=\"1126\" data-end=\"1165\">Adventskalender &amp; Weihnachtsgeschenke<\/p>\n<\/li>\n<li data-start=\"1166\" data-end=\"1228\">\n<p data-start=\"1168\" data-end=\"1228\">kleine Aufmerksamkeiten f\u00fcr Familie, Freunde oder Kollegen<\/p>\n<\/li>\n<li data-start=\"1229\" data-end=\"1265\">\n<p data-start=\"1231\" data-end=\"1265\">DIY-Projekte, Bastelideen &amp; Deko<\/p>\n<\/li>\n<\/ul>\n<p data-start=\"1267\" data-end=\"1394\">Bring mit unseren Teelicht-Botschaften ein L\u00e4cheln in die dunkle Jahreszeit \u2013 <strong data-start=\"1345\" data-end=\"1394\">einfach, kreativ und voller Weihnachtszauber!<\/strong><\/p>\n<hr data-start=\"1396\" data-end=\"1399\" \/>\n<p>Sobald die Zahlung bei uns eingegangen ist, wird der Download-Link an dich per E-Mail verschickt. Bei Zahlung per PayPal, ist der Download sofort verf\u00fcgbar. Sollte dieser nicht sofort verf\u00fcgbar sein, meldet euch bitte bei unserem Kundenservice, bevor ihr einen Paypal Fall er\u00f6ffnet!<\/p>\n<p><em>Die Bilder dienen nur als Pr\u00e4sentationsvorschlag. Die Teelichter sind nicht Teil des Produkts. Es erfolgt ein rein digitaler Versand!<br \/>\n<\/em><\/p>\n<p>Die Vorlage ist f\u00fcr den privaten Gebrauch und darf nicht f\u00fcr kommerzielle Zwecke genutzt werden.<\/p>\n","protected":false},"excerpt":{"rendered":"<p>Unsere <strong data-start=\"359\" data-end=\"399\">weihnachtlichen Teelicht-Botschaften<\/strong> verwandeln jedes einfache Teelicht in eine kleine \u00dcberraschung.<\/p>\n","protected":false},"featured_media":25872,"comment_status":"open","ping_status":"closed","template":"","meta":[],"product_brand":[],"product_cat":[268,401],"product_tag":[270,367,327,196,535,348,366,299],"class_list":{"0":"post-25867","1":"product","2":"type-product","3":"status-publish","4":"has-post-thumbnail","6":"product_cat-vorlagen","7":"product_cat-weihnachten","8":"product_tag-diy-geschenk","9":"product_tag-kleinigkeit","10":"product_tag-mitbringsel","11":"product_tag-teelicht-botschaften","12":"product_tag-teelichtbotschaften","13":"product_tag-vorlage-zum-ausdrucken","14":"product_tag-vorlage-zum-download","15":"product_tag-weihnachten","17":"first","18":"instock","19":"downloadable","20":"virtual","21":"taxable","22":"purchasable","23":"product-type-simple"},"yoast_head":"<!-- This site is optimized with the Yoast SEO plugin v27.3 - https:\/\/yoast.com\/product\/yoast-seo-wordpress\/ -->\n<title>Teelicht-Botschaften f\u00fcr Weihnachten<\/title>\n<meta name=\"description\" content=\"\u00dcberrasche deine Liebsten mit 35 weihnachtlichen Teelicht-Botschaften \u2013 magische Spr\u00fcche. Hier klicken zum Download und Ausdrucken\" \/>\n<meta name=\"robots\" content=\"index, follow, max-snippet:-1, max-image-preview:large, max-video-preview:-1\" \/>\n<link rel=\"canonical\" href=\"https:\/\/women-at.work\/shop\/produkt\/teelicht-botschaften-fuer-weihnachten-vorlage-zum-ausdrucken\/\" \/>\n<meta property=\"og:locale\" content=\"de_DE\" \/>\n<meta property=\"og:type\" content=\"article\" \/>\n<meta property=\"og:title\" content=\"Teelicht-Botschaften f\u00fcr Weihnachten\" \/>\n<meta property=\"og:description\" content=\"\u00dcberrasche deine Liebsten mit 35 weihnachtlichen Teelicht-Botschaften \u2013 magische Spr\u00fcche. Hier klicken zum Download und Ausdrucken\" \/>\n<meta property=\"og:url\" content=\"https:\/\/women-at.work\/shop\/produkt\/teelicht-botschaften-fuer-weihnachten-vorlage-zum-ausdrucken\/\" \/>\n<meta property=\"og:site_name\" content=\"Women At Work Shop\" \/>\n<meta property=\"article:modified_time\" content=\"2025-11-13T19:03:46+00:00\" \/>\n<meta property=\"og:image\" content=\"https:\/\/women-at.work\/shop\/wp-content\/uploads\/2025\/11\/Teelicht-Botschaften-fuer-Weihnachten-Vorlage-zum-Ausdrucken-1-scaled.jpg\" \/>\n\t<meta property=\"og:image:width\" content=\"1706\" \/>\n\t<meta property=\"og:image:height\" content=\"2560\" \/>\n\t<meta property=\"og:image:type\" content=\"image\/jpeg\" \/>\n<meta name=\"twitter:card\" content=\"summary_large_image\" \/>\n<meta name=\"twitter:label1\" content=\"Gesch\u00e4tzte Lesezeit\" \/>\n\t<meta name=\"twitter:data1\" content=\"2\u00a0Minuten\" \/>\n<script type=\"application\/ld+json\" class=\"yoast-schema-graph\">{\"@context\":\"https:\\\/\\\/schema.org\",\"@graph\":[{\"@type\":\"WebPage\",\"@id\":\"https:\\\/\\\/women-at.work\\\/shop\\\/produkt\\\/teelicht-botschaften-fuer-weihnachten-vorlage-zum-ausdrucken\\\/\",\"url\":\"https:\\\/\\\/women-at.work\\\/shop\\\/produkt\\\/teelicht-botschaften-fuer-weihnachten-vorlage-zum-ausdrucken\\\/\",\"name\":\"Teelicht-Botschaften f\u00fcr Weihnachten\",\"isPartOf\":{\"@id\":\"https:\\\/\\\/women-at.work\\\/shop\\\/#website\"},\"primaryImageOfPage\":{\"@id\":\"https:\\\/\\\/women-at.work\\\/shop\\\/produkt\\\/teelicht-botschaften-fuer-weihnachten-vorlage-zum-ausdrucken\\\/#primaryimage\"},\"image\":{\"@id\":\"https:\\\/\\\/women-at.work\\\/shop\\\/produkt\\\/teelicht-botschaften-fuer-weihnachten-vorlage-zum-ausdrucken\\\/#primaryimage\"},\"thumbnailUrl\":\"https:\\\/\\\/women-at.work\\\/shop\\\/wp-content\\\/uploads\\\/2025\\\/11\\\/Teelicht-Botschaften-fuer-Weihnachten-Vorlage-zum-Ausdrucken-1-scaled.jpg\",\"datePublished\":\"2025-11-13T10:30:52+00:00\",\"dateModified\":\"2025-11-13T19:03:46+00:00\",\"description\":\"\u00dcberrasche deine Liebsten mit 35 weihnachtlichen Teelicht-Botschaften \u2013 magische Spr\u00fcche. Hier klicken zum Download und Ausdrucken\",\"breadcrumb\":{\"@id\":\"https:\\\/\\\/women-at.work\\\/shop\\\/produkt\\\/teelicht-botschaften-fuer-weihnachten-vorlage-zum-ausdrucken\\\/#breadcrumb\"},\"inLanguage\":\"de\",\"potentialAction\":[{\"@type\":\"ReadAction\",\"target\":[\"https:\\\/\\\/women-at.work\\\/shop\\\/produkt\\\/teelicht-botschaften-fuer-weihnachten-vorlage-zum-ausdrucken\\\/\"]}]},{\"@type\":\"ImageObject\",\"inLanguage\":\"de\",\"@id\":\"https:\\\/\\\/women-at.work\\\/shop\\\/produkt\\\/teelicht-botschaften-fuer-weihnachten-vorlage-zum-ausdrucken\\\/#primaryimage\",\"url\":\"https:\\\/\\\/women-at.work\\\/shop\\\/wp-content\\\/uploads\\\/2025\\\/11\\\/Teelicht-Botschaften-fuer-Weihnachten-Vorlage-zum-Ausdrucken-1-scaled.jpg\",\"contentUrl\":\"https:\\\/\\\/women-at.work\\\/shop\\\/wp-content\\\/uploads\\\/2025\\\/11\\\/Teelicht-Botschaften-fuer-Weihnachten-Vorlage-zum-Ausdrucken-1-scaled.jpg\",\"width\":1706,\"height\":2560},{\"@type\":\"BreadcrumbList\",\"@id\":\"https:\\\/\\\/women-at.work\\\/shop\\\/produkt\\\/teelicht-botschaften-fuer-weihnachten-vorlage-zum-ausdrucken\\\/#breadcrumb\",\"itemListElement\":[{\"@type\":\"ListItem\",\"position\":1,\"name\":\"Startseite\",\"item\":\"https:\\\/\\\/women-at.work\\\/shop\\\/\"},{\"@type\":\"ListItem\",\"position\":2,\"name\":\"Shop\",\"item\":\"https:\\\/\\\/women-at.work\\\/shop\\\/shop\\\/\"},{\"@type\":\"ListItem\",\"position\":3,\"name\":\"Teelicht-Botschaften f\u00fcr Weihnachten &#8211; Vorlage zum Ausdrucken\"}]},{\"@type\":\"WebSite\",\"@id\":\"https:\\\/\\\/women-at.work\\\/shop\\\/#website\",\"url\":\"https:\\\/\\\/women-at.work\\\/shop\\\/\",\"name\":\"Women At Work Shop\",\"description\":\"Wundervolle Produkte f\u00fcr besondere Menschen\",\"publisher\":{\"@id\":\"https:\\\/\\\/women-at.work\\\/shop\\\/#organization\"},\"potentialAction\":[{\"@type\":\"SearchAction\",\"target\":{\"@type\":\"EntryPoint\",\"urlTemplate\":\"https:\\\/\\\/women-at.work\\\/shop\\\/?s={search_term_string}\"},\"query-input\":{\"@type\":\"PropertyValueSpecification\",\"valueRequired\":true,\"valueName\":\"search_term_string\"}}],\"inLanguage\":\"de\"},{\"@type\":\"Organization\",\"@id\":\"https:\\\/\\\/women-at.work\\\/shop\\\/#organization\",\"name\":\"Women At Work Shop\",\"url\":\"https:\\\/\\\/women-at.work\\\/shop\\\/\",\"logo\":{\"@type\":\"ImageObject\",\"inLanguage\":\"de\",\"@id\":\"https:\\\/\\\/women-at.work\\\/shop\\\/#\\\/schema\\\/logo\\\/image\\\/\",\"url\":\"https:\\\/\\\/women-at.work\\\/shop\\\/wp-content\\\/uploads\\\/2017\\\/05\\\/Shop_Logo.png\",\"contentUrl\":\"https:\\\/\\\/women-at.work\\\/shop\\\/wp-content\\\/uploads\\\/2017\\\/05\\\/Shop_Logo.png\",\"width\":305,\"height\":297,\"caption\":\"Women At Work Shop\"},\"image\":{\"@id\":\"https:\\\/\\\/women-at.work\\\/shop\\\/#\\\/schema\\\/logo\\\/image\\\/\"}}]}<\/script>\n<!-- \/ Yoast SEO plugin. -->","yoast_head_json":{"title":"Teelicht-Botschaften f\u00fcr Weihnachten","description":"\u00dcberrasche deine Liebsten mit 35 weihnachtlichen Teelicht-Botschaften \u2013 magische Spr\u00fcche. Hier klicken zum Download und Ausdrucken","robots":{"index":"index","follow":"follow","max-snippet":"max-snippet:-1","max-image-preview":"max-image-preview:large","max-video-preview":"max-video-preview:-1"},"canonical":"https:\/\/women-at.work\/shop\/produkt\/teelicht-botschaften-fuer-weihnachten-vorlage-zum-ausdrucken\/","og_locale":"de_DE","og_type":"article","og_title":"Teelicht-Botschaften f\u00fcr Weihnachten","og_description":"\u00dcberrasche deine Liebsten mit 35 weihnachtlichen Teelicht-Botschaften \u2013 magische Spr\u00fcche. Hier klicken zum Download und Ausdrucken","og_url":"https:\/\/women-at.work\/shop\/produkt\/teelicht-botschaften-fuer-weihnachten-vorlage-zum-ausdrucken\/","og_site_name":"Women At Work Shop","article_modified_time":"2025-11-13T19:03:46+00:00","og_image":[{"width":1706,"height":2560,"url":"https:\/\/women-at.work\/shop\/wp-content\/uploads\/2025\/11\/Teelicht-Botschaften-fuer-Weihnachten-Vorlage-zum-Ausdrucken-1-scaled.jpg","type":"image\/jpeg"}],"twitter_card":"summary_large_image","twitter_misc":{"Gesch\u00e4tzte Lesezeit":"2\u00a0Minuten"},"schema":{"@context":"https:\/\/schema.org","@graph":[{"@type":"WebPage","@id":"https:\/\/women-at.work\/shop\/produkt\/teelicht-botschaften-fuer-weihnachten-vorlage-zum-ausdrucken\/","url":"https:\/\/women-at.work\/shop\/produkt\/teelicht-botschaften-fuer-weihnachten-vorlage-zum-ausdrucken\/","name":"Teelicht-Botschaften f\u00fcr Weihnachten","isPartOf":{"@id":"https:\/\/women-at.work\/shop\/#website"},"primaryImageOfPage":{"@id":"https:\/\/women-at.work\/shop\/produkt\/teelicht-botschaften-fuer-weihnachten-vorlage-zum-ausdrucken\/#primaryimage"},"image":{"@id":"https:\/\/women-at.work\/shop\/produkt\/teelicht-botschaften-fuer-weihnachten-vorlage-zum-ausdrucken\/#primaryimage"},"thumbnailUrl":"https:\/\/women-at.work\/shop\/wp-content\/uploads\/2025\/11\/Teelicht-Botschaften-fuer-Weihnachten-Vorlage-zum-Ausdrucken-1-scaled.jpg","datePublished":"2025-11-13T10:30:52+00:00","dateModified":"2025-11-13T19:03:46+00:00","description":"\u00dcberrasche deine Liebsten mit 35 weihnachtlichen Teelicht-Botschaften \u2013 magische Spr\u00fcche. Hier klicken zum Download und Ausdrucken","breadcrumb":{"@id":"https:\/\/women-at.work\/shop\/produkt\/teelicht-botschaften-fuer-weihnachten-vorlage-zum-ausdrucken\/#breadcrumb"},"inLanguage":"de","potentialAction":[{"@type":"ReadAction","target":["https:\/\/women-at.work\/shop\/produkt\/teelicht-botschaften-fuer-weihnachten-vorlage-zum-ausdrucken\/"]}]},{"@type":"ImageObject","inLanguage":"de","@id":"https:\/\/women-at.work\/shop\/produkt\/teelicht-botschaften-fuer-weihnachten-vorlage-zum-ausdrucken\/#primaryimage","url":"https:\/\/women-at.work\/shop\/wp-content\/uploads\/2025\/11\/Teelicht-Botschaften-fuer-Weihnachten-Vorlage-zum-Ausdrucken-1-scaled.jpg","contentUrl":"https:\/\/women-at.work\/shop\/wp-content\/uploads\/2025\/11\/Teelicht-Botschaften-fuer-Weihnachten-Vorlage-zum-Ausdrucken-1-scaled.jpg","width":1706,"height":2560},{"@type":"BreadcrumbList","@id":"https:\/\/women-at.work\/shop\/produkt\/teelicht-botschaften-fuer-weihnachten-vorlage-zum-ausdrucken\/#breadcrumb","itemListElement":[{"@type":"ListItem","position":1,"name":"Startseite","item":"https:\/\/women-at.work\/shop\/"},{"@type":"ListItem","position":2,"name":"Shop","item":"https:\/\/women-at.work\/shop\/shop\/"},{"@type":"ListItem","position":3,"name":"Teelicht-Botschaften f\u00fcr Weihnachten &#8211; Vorlage zum Ausdrucken"}]},{"@type":"WebSite","@id":"https:\/\/women-at.work\/shop\/#website","url":"https:\/\/women-at.work\/shop\/","name":"Women At Work Shop","description":"Wundervolle Produkte f\u00fcr besondere Menschen","publisher":{"@id":"https:\/\/women-at.work\/shop\/#organization"},"potentialAction":[{"@type":"SearchAction","target":{"@type":"EntryPoint","urlTemplate":"https:\/\/women-at.work\/shop\/?s={search_term_string}"},"query-input":{"@type":"PropertyValueSpecification","valueRequired":true,"valueName":"search_term_string"}}],"inLanguage":"de"},{"@type":"Organization","@id":"https:\/\/women-at.work\/shop\/#organization","name":"Women At Work Shop","url":"https:\/\/women-at.work\/shop\/","logo":{"@type":"ImageObject","inLanguage":"de","@id":"https:\/\/women-at.work\/shop\/#\/schema\/logo\/image\/","url":"https:\/\/women-at.work\/shop\/wp-content\/uploads\/2017\/05\/Shop_Logo.png","contentUrl":"https:\/\/women-at.work\/shop\/wp-content\/uploads\/2017\/05\/Shop_Logo.png","width":305,"height":297,"caption":"Women At Work Shop"},"image":{"@id":"https:\/\/women-at.work\/shop\/#\/schema\/logo\/image\/"}}]}},"_links":{"self":[{"href":"https:\/\/women-at.work\/shop\/wp-json\/wp\/v2\/product\/25867","targetHints":{"allow":["GET"]}}],"collection":[{"href":"https:\/\/women-at.work\/shop\/wp-json\/wp\/v2\/product"}],"about":[{"href":"https:\/\/women-at.work\/shop\/wp-json\/wp\/v2\/types\/product"}],"replies":[{"embeddable":true,"href":"https:\/\/women-at.work\/shop\/wp-json\/wp\/v2\/comments?post=25867"}],"wp:featuredmedia":[{"embeddable":true,"href":"https:\/\/women-at.work\/shop\/wp-json\/wp\/v2\/media\/25872"}],"wp:attachment":[{"href":"https:\/\/women-at.work\/shop\/wp-json\/wp\/v2\/media?parent=25867"}],"wp:term":[{"taxonomy":"product_brand","embeddable":true,"href":"https:\/\/women-at.work\/shop\/wp-json\/wp\/v2\/product_brand?post=25867"},{"taxonomy":"product_cat","embeddable":true,"href":"https:\/\/women-at.work\/shop\/wp-json\/wp\/v2\/product_cat?post=25867"},{"taxonomy":"product_tag","embeddable":true,"href":"https:\/\/women-at.work\/shop\/wp-json\/wp\/v2\/product_tag?post=25867"}],"curies":[{"name":"wp","href":"https:\/\/api.w.org\/{rel}","templated":true}]}}