{"id":2415,"date":"2017-06-13T15:51:43","date_gmt":"2017-06-13T13:51:43","guid":{"rendered":"https:\/\/women-at.work\/shop\/?post_type=product&#038;p=2415"},"modified":"2025-03-10T07:55:07","modified_gmt":"2025-03-10T06:55:07","slug":"hintergrund-25x25cm-wunscherfueller","status":"publish","type":"product","link":"https:\/\/women-at.work\/shop\/produkt\/hintergrund-25x25cm-wunscherfueller\/","title":{"rendered":"Hintergrund 25x25cm &#8222;Wunscherf\u00fcller&#8220;"},"content":{"rendered":"<p>Du m\u00f6chtest deine Spardose selber bauen und ben\u00f6tigst lediglich das Hintergrundbild? Kein Problem, wir schicken es dir auch gerne einzeln zu!<\/p>\n<p>Kunstdruck im Format 25x25cm mit dem Schriftzug &#8222;Wunscherf\u00fcller&#8220;.<\/p>\n<p>Es wird <strong>KEIN<\/strong> Rahmen mitgeliefert, sondern lediglich der Hintergrund. Die Spardose mit Rahmen k\u00f6nnen Sie <a href=\"https:\/\/women-at.work\/shop\/produkt\/bilderrahmen-spardose\">hier <\/a>erwerben.<\/p>\n<p>Lieferung ohne Dekoration, Rahmen, M\u00fcnzen und Geldscheine.<\/p>\n","protected":false},"excerpt":{"rendered":"<p>Kunstdruck im Format 25x25cm mit dem Schriftzug &#8222;Wunscherf\u00fcller&#8220;.<\/p>\n<p>Es wird <strong>KEIN<\/strong> Rahmen mitgeliefert, sondern lediglich der Hintergrund. Die Spardose mit Rahmen k\u00f6nnen Sie <a href=\"https:\/\/women-at.work\/shop\/produkt\/bilderrahmen-spardose\">hier <\/a>erwerben.<\/p>\n","protected":false},"featured_media":2257,"comment_status":"closed","ping_status":"closed","template":"","meta":[],"product_brand":[],"product_cat":[88],"product_tag":[98,102],"class_list":{"0":"post-2415","1":"product","2":"type-product","3":"status-publish","4":"has-post-thumbnail","6":"product_cat-spardose","7":"product_tag-hintergrund","8":"product_tag-wunscherfueller","10":"first","11":"outofstock","12":"taxable","13":"shipping-taxable","14":"purchasable","15":"product-type-simple"},"yoast_head":"<!-- This site is optimized with the Yoast SEO plugin v27.4 - https:\/\/yoast.com\/product\/yoast-seo-wordpress\/ -->\n<title>Hintergrund 25x25cm &quot;Wunscherf\u00fcller&quot; - Women At Work Shop<\/title>\n<meta name=\"robots\" content=\"index, follow, max-snippet:-1, max-image-preview:large, max-video-preview:-1\" \/>\n<link rel=\"canonical\" href=\"https:\/\/women-at.work\/shop\/produkt\/hintergrund-25x25cm-wunscherfueller\/\" \/>\n<meta property=\"og:locale\" content=\"de_DE\" \/>\n<meta property=\"og:type\" content=\"article\" \/>\n<meta property=\"og:title\" content=\"Hintergrund 25x25cm &quot;Wunscherf\u00fcller&quot; - Women At Work Shop\" \/>\n<meta property=\"og:description\" content=\"Kunstdruck im Format 25x25cm mit dem Schriftzug &quot;Wunscherf\u00fcller&quot;.  Es wird KEIN Rahmen mitgeliefert, sondern lediglich der Hintergrund. Die Spardose mit Rahmen k\u00f6nnen Sie hier erwerben.\" \/>\n<meta property=\"og:url\" content=\"https:\/\/women-at.work\/shop\/produkt\/hintergrund-25x25cm-wunscherfueller\/\" \/>\n<meta property=\"og:site_name\" content=\"Women At Work Shop\" \/>\n<meta property=\"article:modified_time\" content=\"2025-03-10T06:55:07+00:00\" \/>\n<meta property=\"og:image\" content=\"https:\/\/women-at.work\/shop\/wp-content\/uploads\/2018\/04\/Spardose-im-Bilderrahmen03.jpg\" \/>\n\t<meta property=\"og:image:width\" content=\"800\" \/>\n\t<meta property=\"og:image:height\" content=\"800\" \/>\n\t<meta property=\"og:image:type\" content=\"image\/jpeg\" \/>\n<meta name=\"twitter:card\" content=\"summary_large_image\" \/>\n<meta name=\"twitter:label1\" content=\"Gesch\u00e4tzte Lesezeit\" \/>\n\t<meta name=\"twitter:data1\" content=\"1\u00a0Minute\" \/>\n<script type=\"application\/ld+json\" class=\"yoast-schema-graph\">{\"@context\":\"https:\\\/\\\/schema.org\",\"@graph\":[{\"@type\":\"WebPage\",\"@id\":\"https:\\\/\\\/women-at.work\\\/shop\\\/produkt\\\/hintergrund-25x25cm-wunscherfueller\\\/\",\"url\":\"https:\\\/\\\/women-at.work\\\/shop\\\/produkt\\\/hintergrund-25x25cm-wunscherfueller\\\/\",\"name\":\"Hintergrund 25x25cm \\\"Wunscherf\u00fcller\\\" - Women At Work Shop\",\"isPartOf\":{\"@id\":\"https:\\\/\\\/women-at.work\\\/shop\\\/#website\"},\"primaryImageOfPage\":{\"@id\":\"https:\\\/\\\/women-at.work\\\/shop\\\/produkt\\\/hintergrund-25x25cm-wunscherfueller\\\/#primaryimage\"},\"image\":{\"@id\":\"https:\\\/\\\/women-at.work\\\/shop\\\/produkt\\\/hintergrund-25x25cm-wunscherfueller\\\/#primaryimage\"},\"thumbnailUrl\":\"https:\\\/\\\/women-at.work\\\/shop\\\/wp-content\\\/uploads\\\/2018\\\/04\\\/Spardose-im-Bilderrahmen03.jpg\",\"datePublished\":\"2017-06-13T13:51:43+00:00\",\"dateModified\":\"2025-03-10T06:55:07+00:00\",\"breadcrumb\":{\"@id\":\"https:\\\/\\\/women-at.work\\\/shop\\\/produkt\\\/hintergrund-25x25cm-wunscherfueller\\\/#breadcrumb\"},\"inLanguage\":\"de\",\"potentialAction\":[{\"@type\":\"ReadAction\",\"target\":[\"https:\\\/\\\/women-at.work\\\/shop\\\/produkt\\\/hintergrund-25x25cm-wunscherfueller\\\/\"]}]},{\"@type\":\"ImageObject\",\"inLanguage\":\"de\",\"@id\":\"https:\\\/\\\/women-at.work\\\/shop\\\/produkt\\\/hintergrund-25x25cm-wunscherfueller\\\/#primaryimage\",\"url\":\"https:\\\/\\\/women-at.work\\\/shop\\\/wp-content\\\/uploads\\\/2018\\\/04\\\/Spardose-im-Bilderrahmen03.jpg\",\"contentUrl\":\"https:\\\/\\\/women-at.work\\\/shop\\\/wp-content\\\/uploads\\\/2018\\\/04\\\/Spardose-im-Bilderrahmen03.jpg\",\"width\":800,\"height\":800},{\"@type\":\"BreadcrumbList\",\"@id\":\"https:\\\/\\\/women-at.work\\\/shop\\\/produkt\\\/hintergrund-25x25cm-wunscherfueller\\\/#breadcrumb\",\"itemListElement\":[{\"@type\":\"ListItem\",\"position\":1,\"name\":\"Startseite\",\"item\":\"https:\\\/\\\/women-at.work\\\/shop\\\/\"},{\"@type\":\"ListItem\",\"position\":2,\"name\":\"Shop\",\"item\":\"https:\\\/\\\/women-at.work\\\/shop\\\/shop\\\/\"},{\"@type\":\"ListItem\",\"position\":3,\"name\":\"Hintergrund 25x25cm &#8222;Wunscherf\u00fcller&#8220;\"}]},{\"@type\":\"WebSite\",\"@id\":\"https:\\\/\\\/women-at.work\\\/shop\\\/#website\",\"url\":\"https:\\\/\\\/women-at.work\\\/shop\\\/\",\"name\":\"Women At Work Shop\",\"description\":\"Wundervolle Produkte f\u00fcr besondere Menschen\",\"publisher\":{\"@id\":\"https:\\\/\\\/women-at.work\\\/shop\\\/#organization\"},\"potentialAction\":[{\"@type\":\"SearchAction\",\"target\":{\"@type\":\"EntryPoint\",\"urlTemplate\":\"https:\\\/\\\/women-at.work\\\/shop\\\/?s={search_term_string}\"},\"query-input\":{\"@type\":\"PropertyValueSpecification\",\"valueRequired\":true,\"valueName\":\"search_term_string\"}}],\"inLanguage\":\"de\"},{\"@type\":\"Organization\",\"@id\":\"https:\\\/\\\/women-at.work\\\/shop\\\/#organization\",\"name\":\"Women At Work Shop\",\"url\":\"https:\\\/\\\/women-at.work\\\/shop\\\/\",\"logo\":{\"@type\":\"ImageObject\",\"inLanguage\":\"de\",\"@id\":\"https:\\\/\\\/women-at.work\\\/shop\\\/#\\\/schema\\\/logo\\\/image\\\/\",\"url\":\"https:\\\/\\\/women-at.work\\\/shop\\\/wp-content\\\/uploads\\\/2017\\\/05\\\/Shop_Logo.png\",\"contentUrl\":\"https:\\\/\\\/women-at.work\\\/shop\\\/wp-content\\\/uploads\\\/2017\\\/05\\\/Shop_Logo.png\",\"width\":305,\"height\":297,\"caption\":\"Women At Work Shop\"},\"image\":{\"@id\":\"https:\\\/\\\/women-at.work\\\/shop\\\/#\\\/schema\\\/logo\\\/image\\\/\"}}]}<\/script>\n<!-- \/ Yoast SEO plugin. -->","yoast_head_json":{"title":"Hintergrund 25x25cm \"Wunscherf\u00fcller\" - Women At Work Shop","robots":{"index":"index","follow":"follow","max-snippet":"max-snippet:-1","max-image-preview":"max-image-preview:large","max-video-preview":"max-video-preview:-1"},"canonical":"https:\/\/women-at.work\/shop\/produkt\/hintergrund-25x25cm-wunscherfueller\/","og_locale":"de_DE","og_type":"article","og_title":"Hintergrund 25x25cm \"Wunscherf\u00fcller\" - Women At Work Shop","og_description":"Kunstdruck im Format 25x25cm mit dem Schriftzug \"Wunscherf\u00fcller\".  Es wird KEIN Rahmen mitgeliefert, sondern lediglich der Hintergrund. Die Spardose mit Rahmen k\u00f6nnen Sie hier erwerben.","og_url":"https:\/\/women-at.work\/shop\/produkt\/hintergrund-25x25cm-wunscherfueller\/","og_site_name":"Women At Work Shop","article_modified_time":"2025-03-10T06:55:07+00:00","og_image":[{"width":800,"height":800,"url":"https:\/\/women-at.work\/shop\/wp-content\/uploads\/2018\/04\/Spardose-im-Bilderrahmen03.jpg","type":"image\/jpeg"}],"twitter_card":"summary_large_image","twitter_misc":{"Gesch\u00e4tzte Lesezeit":"1\u00a0Minute"},"schema":{"@context":"https:\/\/schema.org","@graph":[{"@type":"WebPage","@id":"https:\/\/women-at.work\/shop\/produkt\/hintergrund-25x25cm-wunscherfueller\/","url":"https:\/\/women-at.work\/shop\/produkt\/hintergrund-25x25cm-wunscherfueller\/","name":"Hintergrund 25x25cm \"Wunscherf\u00fcller\" - Women At Work Shop","isPartOf":{"@id":"https:\/\/women-at.work\/shop\/#website"},"primaryImageOfPage":{"@id":"https:\/\/women-at.work\/shop\/produkt\/hintergrund-25x25cm-wunscherfueller\/#primaryimage"},"image":{"@id":"https:\/\/women-at.work\/shop\/produkt\/hintergrund-25x25cm-wunscherfueller\/#primaryimage"},"thumbnailUrl":"https:\/\/women-at.work\/shop\/wp-content\/uploads\/2018\/04\/Spardose-im-Bilderrahmen03.jpg","datePublished":"2017-06-13T13:51:43+00:00","dateModified":"2025-03-10T06:55:07+00:00","breadcrumb":{"@id":"https:\/\/women-at.work\/shop\/produkt\/hintergrund-25x25cm-wunscherfueller\/#breadcrumb"},"inLanguage":"de","potentialAction":[{"@type":"ReadAction","target":["https:\/\/women-at.work\/shop\/produkt\/hintergrund-25x25cm-wunscherfueller\/"]}]},{"@type":"ImageObject","inLanguage":"de","@id":"https:\/\/women-at.work\/shop\/produkt\/hintergrund-25x25cm-wunscherfueller\/#primaryimage","url":"https:\/\/women-at.work\/shop\/wp-content\/uploads\/2018\/04\/Spardose-im-Bilderrahmen03.jpg","contentUrl":"https:\/\/women-at.work\/shop\/wp-content\/uploads\/2018\/04\/Spardose-im-Bilderrahmen03.jpg","width":800,"height":800},{"@type":"BreadcrumbList","@id":"https:\/\/women-at.work\/shop\/produkt\/hintergrund-25x25cm-wunscherfueller\/#breadcrumb","itemListElement":[{"@type":"ListItem","position":1,"name":"Startseite","item":"https:\/\/women-at.work\/shop\/"},{"@type":"ListItem","position":2,"name":"Shop","item":"https:\/\/women-at.work\/shop\/shop\/"},{"@type":"ListItem","position":3,"name":"Hintergrund 25x25cm &#8222;Wunscherf\u00fcller&#8220;"}]},{"@type":"WebSite","@id":"https:\/\/women-at.work\/shop\/#website","url":"https:\/\/women-at.work\/shop\/","name":"Women At Work Shop","description":"Wundervolle Produkte f\u00fcr besondere Menschen","publisher":{"@id":"https:\/\/women-at.work\/shop\/#organization"},"potentialAction":[{"@type":"SearchAction","target":{"@type":"EntryPoint","urlTemplate":"https:\/\/women-at.work\/shop\/?s={search_term_string}"},"query-input":{"@type":"PropertyValueSpecification","valueRequired":true,"valueName":"search_term_string"}}],"inLanguage":"de"},{"@type":"Organization","@id":"https:\/\/women-at.work\/shop\/#organization","name":"Women At Work Shop","url":"https:\/\/women-at.work\/shop\/","logo":{"@type":"ImageObject","inLanguage":"de","@id":"https:\/\/women-at.work\/shop\/#\/schema\/logo\/image\/","url":"https:\/\/women-at.work\/shop\/wp-content\/uploads\/2017\/05\/Shop_Logo.png","contentUrl":"https:\/\/women-at.work\/shop\/wp-content\/uploads\/2017\/05\/Shop_Logo.png","width":305,"height":297,"caption":"Women At Work Shop"},"image":{"@id":"https:\/\/women-at.work\/shop\/#\/schema\/logo\/image\/"}}]}},"_links":{"self":[{"href":"https:\/\/women-at.work\/shop\/wp-json\/wp\/v2\/product\/2415","targetHints":{"allow":["GET"]}}],"collection":[{"href":"https:\/\/women-at.work\/shop\/wp-json\/wp\/v2\/product"}],"about":[{"href":"https:\/\/women-at.work\/shop\/wp-json\/wp\/v2\/types\/product"}],"replies":[{"embeddable":true,"href":"https:\/\/women-at.work\/shop\/wp-json\/wp\/v2\/comments?post=2415"}],"wp:featuredmedia":[{"embeddable":true,"href":"https:\/\/women-at.work\/shop\/wp-json\/wp\/v2\/media\/2257"}],"wp:attachment":[{"href":"https:\/\/women-at.work\/shop\/wp-json\/wp\/v2\/media?parent=2415"}],"wp:term":[{"taxonomy":"product_brand","embeddable":true,"href":"https:\/\/women-at.work\/shop\/wp-json\/wp\/v2\/product_brand?post=2415"},{"taxonomy":"product_cat","embeddable":true,"href":"https:\/\/women-at.work\/shop\/wp-json\/wp\/v2\/product_cat?post=2415"},{"taxonomy":"product_tag","embeddable":true,"href":"https:\/\/women-at.work\/shop\/wp-json\/wp\/v2\/product_tag?post=2415"}],"curies":[{"name":"wp","href":"https:\/\/api.w.org\/{rel}","templated":true}]}}