{"id":13669,"date":"2025-04-07T16:12:57","date_gmt":"2025-04-07T14:12:57","guid":{"rendered":"https:\/\/women-at.work\/shop\/?post_type=product&#038;p=13669"},"modified":"2025-04-07T16:45:39","modified_gmt":"2025-04-07T14:45:39","slug":"bundle-4-vorlagen-fuer-liebes-geschenke-vorlagen-zum-ausdrucken","status":"publish","type":"product","link":"https:\/\/women-at.work\/shop\/produkt\/bundle-4-vorlagen-fuer-liebes-geschenke-vorlagen-zum-ausdrucken\/","title":{"rendered":"Bundle: 4 Vorlagen f\u00fcr Liebes-Geschenke | Vorlagen zum Ausdrucken"},"content":{"rendered":"<p>In dem Bundle f\u00fcr Liebes-Geschenke sind folgende Vorlagen enthalten:<\/p>\n<p><strong>&#8211; Jahrestagsgeschenk mit 100 Date Ideen (f\u00fcr das erste Date):<\/strong> 100 Date-Ideen als Liste zum Ausschneiden<\/p>\n<p><strong>&#8211; Cover-Spr\u00fcche f\u00fcr Wenn-Briefe mit 28 Spruch-Ideen: <\/strong><a href=\"https:\/\/women-at.work\/shop\/produkt\/oeffne-mich-wenn-briefe-vorlage-zum-ausdrucken\">Die Liste aller enthaltenen Spr\u00fcche findest du hier<\/a><\/p>\n<p><strong>&#8211; Jahrestagsgeschenk mit Zetteln f\u00fcr &#8222;365 Gr\u00fcnde, warum ich dich liebe&#8220;:<\/strong> 365 Spr\u00fcche als Liste zum Ausdrucken und Ausschneiden<\/p>\n<p><strong>&#8211; Merci Schokolade personalisieren mit Liebesbotschaften:<\/strong> 32 Spr\u00fcche sowie zwei Versionen eines gro\u00dfen Herzens f\u00fcr eine Merci Schachtel mit 32 Schokoladen-Riegeln<\/p>\n<p>Sobald die Zahlung bei uns eingegangen ist, wird der Download-Link an dich per E-Mail verschickt. Bei Zahlung per PayPal, ist der Download sofort verf\u00fcgbar.<\/p>\n<p><em>Die Bilder dienen nur als Pr\u00e4sentationsvorschlag. Es erfolg ein rein digitaler Versand und wird als PDF-Datei zur Verf\u00fcgung gestellt.<\/em><\/p>\n<p>Die Vorlage ist f\u00fcr den privaten Gebrauch und darf nicht f\u00fcr kommerzielle Zwecke genutzt werden.<\/p>\n","protected":false},"excerpt":{"rendered":"<p>In dem Bundle f\u00fcr Liebes-Geschenke sind 4 Vorlagen enthalten<\/p>\n","protected":false},"featured_media":13672,"comment_status":"open","ping_status":"closed","template":"","meta":[],"product_brand":[],"product_cat":[405,404,268],"product_tag":[314,290,269,270,112,89,291,315,292,316,317,318,319,320,321,322,323,345,346,347,197,271,293,294,295,296,297,348,324,273,298],"class_list":{"0":"post-13669","1":"product","2":"type-product","3":"status-publish","4":"has-post-thumbnail","6":"product_cat-hochzeit","7":"product_cat-liebe","8":"product_cat-vorlagen","9":"product_tag-365-gruende","10":"product_tag-briefe","11":"product_tag-diy","12":"product_tag-diy-geschenk","13":"product_tag-geburtstag","14":"product_tag-geschenk","15":"product_tag-geschenk-fuer-den-freund","16":"product_tag-geschenkidee","17":"product_tag-jahrestag","18":"product_tag-jahrestag-beziehung","19":"product_tag-jahrestag-geschenk","20":"product_tag-jahrestag-geschenk-fuer-ihn","21":"product_tag-jahrestag-geschenk-fuer-ihn-nicht-kitschig","22":"product_tag-jahrestag-geschenk-fuer-sie","23":"product_tag-jahrestag-geschenk-fuer-sie-ideen","24":"product_tag-jahrestag-geschenk-mann","25":"product_tag-jahrestag-geschenk-selber-machen","26":"product_tag-merci-geschenk","27":"product_tag-merci-schokolade-personalisieren","28":"product_tag-mini-diy","29":"product_tag-muttertag","30":"product_tag-muttertagsgeschenk","31":"product_tag-oeffne-mich-wenn","32":"product_tag-partner","33":"product_tag-valentinstag","34":"product_tag-valentinstagsgeschenk","35":"product_tag-vorlage","36":"product_tag-vorlage-zum-ausdrucken","37":"product_tag-warum-ich-dich-liebe","38":"product_tag-weihnachtsgeschenk","39":"product_tag-wenn-briefe","40":"product_shipping_class-virtuelle-produkte","42":"first","43":"instock","44":"sale","45":"downloadable","46":"virtual","47":"taxable","48":"purchasable","49":"product-type-simple"},"yoast_head":"<!-- This site is optimized with the Yoast SEO plugin v27.3 - https:\/\/yoast.com\/product\/yoast-seo-wordpress\/ -->\n<title>Bundle: 4 Vorlagen f\u00fcr Liebes-Geschenke<\/title>\n<meta name=\"description\" content=\"Du kannst Liebes-Geschenke mit diesem Bundle selbst basteln. Mit 4 verschiedenen Vorlagen zum Ausdrucken. Hier klicken und verschenken.\" \/>\n<meta name=\"robots\" content=\"index, follow, max-snippet:-1, max-image-preview:large, max-video-preview:-1\" \/>\n<link rel=\"canonical\" href=\"https:\/\/women-at.work\/shop\/produkt\/bundle-4-vorlagen-fuer-liebes-geschenke-vorlagen-zum-ausdrucken\/\" \/>\n<meta property=\"og:locale\" content=\"de_DE\" \/>\n<meta property=\"og:type\" content=\"article\" \/>\n<meta property=\"og:title\" content=\"Bundle: 4 Vorlagen f\u00fcr Liebes-Geschenke\" \/>\n<meta property=\"og:description\" content=\"Du kannst Liebes-Geschenke mit diesem Bundle selbst basteln. Mit 4 verschiedenen Vorlagen zum Ausdrucken. Hier klicken und verschenken.\" \/>\n<meta property=\"og:url\" content=\"https:\/\/women-at.work\/shop\/produkt\/bundle-4-vorlagen-fuer-liebes-geschenke-vorlagen-zum-ausdrucken\/\" \/>\n<meta property=\"og:site_name\" content=\"Women At Work Shop\" \/>\n<meta property=\"article:modified_time\" content=\"2025-04-07T14:45:39+00:00\" \/>\n<meta property=\"og:image\" content=\"https:\/\/women-at.work\/shop\/wp-content\/uploads\/2025\/04\/Bundle-4-Vorlagen-fuer-Liebes-Geschenke-Vorlagen-zum-Ausdrucken.jpg\" \/>\n\t<meta property=\"og:image:width\" content=\"1600\" \/>\n\t<meta property=\"og:image:height\" content=\"2400\" \/>\n\t<meta property=\"og:image:type\" content=\"image\/jpeg\" \/>\n<meta name=\"twitter:card\" content=\"summary_large_image\" \/>\n<meta name=\"twitter:label1\" content=\"Gesch\u00e4tzte Lesezeit\" \/>\n\t<meta name=\"twitter:data1\" content=\"1\u00a0Minute\" \/>\n<script type=\"application\/ld+json\" class=\"yoast-schema-graph\">{\"@context\":\"https:\\\/\\\/schema.org\",\"@graph\":[{\"@type\":\"WebPage\",\"@id\":\"https:\\\/\\\/women-at.work\\\/shop\\\/produkt\\\/bundle-4-vorlagen-fuer-liebes-geschenke-vorlagen-zum-ausdrucken\\\/\",\"url\":\"https:\\\/\\\/women-at.work\\\/shop\\\/produkt\\\/bundle-4-vorlagen-fuer-liebes-geschenke-vorlagen-zum-ausdrucken\\\/\",\"name\":\"Bundle: 4 Vorlagen f\u00fcr Liebes-Geschenke\",\"isPartOf\":{\"@id\":\"https:\\\/\\\/women-at.work\\\/shop\\\/#website\"},\"primaryImageOfPage\":{\"@id\":\"https:\\\/\\\/women-at.work\\\/shop\\\/produkt\\\/bundle-4-vorlagen-fuer-liebes-geschenke-vorlagen-zum-ausdrucken\\\/#primaryimage\"},\"image\":{\"@id\":\"https:\\\/\\\/women-at.work\\\/shop\\\/produkt\\\/bundle-4-vorlagen-fuer-liebes-geschenke-vorlagen-zum-ausdrucken\\\/#primaryimage\"},\"thumbnailUrl\":\"https:\\\/\\\/women-at.work\\\/shop\\\/wp-content\\\/uploads\\\/2025\\\/04\\\/Bundle-4-Vorlagen-fuer-Liebes-Geschenke-Vorlagen-zum-Ausdrucken.jpg\",\"datePublished\":\"2025-04-07T14:12:57+00:00\",\"dateModified\":\"2025-04-07T14:45:39+00:00\",\"description\":\"Du kannst Liebes-Geschenke mit diesem Bundle selbst basteln. Mit 4 verschiedenen Vorlagen zum Ausdrucken. Hier klicken und verschenken.\",\"breadcrumb\":{\"@id\":\"https:\\\/\\\/women-at.work\\\/shop\\\/produkt\\\/bundle-4-vorlagen-fuer-liebes-geschenke-vorlagen-zum-ausdrucken\\\/#breadcrumb\"},\"inLanguage\":\"de\",\"potentialAction\":[{\"@type\":\"ReadAction\",\"target\":[\"https:\\\/\\\/women-at.work\\\/shop\\\/produkt\\\/bundle-4-vorlagen-fuer-liebes-geschenke-vorlagen-zum-ausdrucken\\\/\"]}]},{\"@type\":\"ImageObject\",\"inLanguage\":\"de\",\"@id\":\"https:\\\/\\\/women-at.work\\\/shop\\\/produkt\\\/bundle-4-vorlagen-fuer-liebes-geschenke-vorlagen-zum-ausdrucken\\\/#primaryimage\",\"url\":\"https:\\\/\\\/women-at.work\\\/shop\\\/wp-content\\\/uploads\\\/2025\\\/04\\\/Bundle-4-Vorlagen-fuer-Liebes-Geschenke-Vorlagen-zum-Ausdrucken.jpg\",\"contentUrl\":\"https:\\\/\\\/women-at.work\\\/shop\\\/wp-content\\\/uploads\\\/2025\\\/04\\\/Bundle-4-Vorlagen-fuer-Liebes-Geschenke-Vorlagen-zum-Ausdrucken.jpg\",\"width\":1600,\"height\":2400,\"caption\":\"Bundle: 4 Vorlagen f\u00fcr Liebes-Geschenke | Vorlagen zum Ausdrucken\"},{\"@type\":\"BreadcrumbList\",\"@id\":\"https:\\\/\\\/women-at.work\\\/shop\\\/produkt\\\/bundle-4-vorlagen-fuer-liebes-geschenke-vorlagen-zum-ausdrucken\\\/#breadcrumb\",\"itemListElement\":[{\"@type\":\"ListItem\",\"position\":1,\"name\":\"Startseite\",\"item\":\"https:\\\/\\\/women-at.work\\\/shop\\\/\"},{\"@type\":\"ListItem\",\"position\":2,\"name\":\"Shop\",\"item\":\"https:\\\/\\\/women-at.work\\\/shop\\\/shop\\\/\"},{\"@type\":\"ListItem\",\"position\":3,\"name\":\"Bundle: 4 Vorlagen f\u00fcr Liebes-Geschenke | Vorlagen zum Ausdrucken\"}]},{\"@type\":\"WebSite\",\"@id\":\"https:\\\/\\\/women-at.work\\\/shop\\\/#website\",\"url\":\"https:\\\/\\\/women-at.work\\\/shop\\\/\",\"name\":\"Women At Work Shop\",\"description\":\"Wundervolle Produkte f\u00fcr besondere Menschen\",\"publisher\":{\"@id\":\"https:\\\/\\\/women-at.work\\\/shop\\\/#organization\"},\"potentialAction\":[{\"@type\":\"SearchAction\",\"target\":{\"@type\":\"EntryPoint\",\"urlTemplate\":\"https:\\\/\\\/women-at.work\\\/shop\\\/?s={search_term_string}\"},\"query-input\":{\"@type\":\"PropertyValueSpecification\",\"valueRequired\":true,\"valueName\":\"search_term_string\"}}],\"inLanguage\":\"de\"},{\"@type\":\"Organization\",\"@id\":\"https:\\\/\\\/women-at.work\\\/shop\\\/#organization\",\"name\":\"Women At Work Shop\",\"url\":\"https:\\\/\\\/women-at.work\\\/shop\\\/\",\"logo\":{\"@type\":\"ImageObject\",\"inLanguage\":\"de\",\"@id\":\"https:\\\/\\\/women-at.work\\\/shop\\\/#\\\/schema\\\/logo\\\/image\\\/\",\"url\":\"https:\\\/\\\/women-at.work\\\/shop\\\/wp-content\\\/uploads\\\/2017\\\/05\\\/Shop_Logo.png\",\"contentUrl\":\"https:\\\/\\\/women-at.work\\\/shop\\\/wp-content\\\/uploads\\\/2017\\\/05\\\/Shop_Logo.png\",\"width\":305,\"height\":297,\"caption\":\"Women At Work Shop\"},\"image\":{\"@id\":\"https:\\\/\\\/women-at.work\\\/shop\\\/#\\\/schema\\\/logo\\\/image\\\/\"}}]}<\/script>\n<!-- \/ Yoast SEO plugin. -->","yoast_head_json":{"title":"Bundle: 4 Vorlagen f\u00fcr Liebes-Geschenke","description":"Du kannst Liebes-Geschenke mit diesem Bundle selbst basteln. Mit 4 verschiedenen Vorlagen zum Ausdrucken. Hier klicken und verschenken.","robots":{"index":"index","follow":"follow","max-snippet":"max-snippet:-1","max-image-preview":"max-image-preview:large","max-video-preview":"max-video-preview:-1"},"canonical":"https:\/\/women-at.work\/shop\/produkt\/bundle-4-vorlagen-fuer-liebes-geschenke-vorlagen-zum-ausdrucken\/","og_locale":"de_DE","og_type":"article","og_title":"Bundle: 4 Vorlagen f\u00fcr Liebes-Geschenke","og_description":"Du kannst Liebes-Geschenke mit diesem Bundle selbst basteln. Mit 4 verschiedenen Vorlagen zum Ausdrucken. Hier klicken und verschenken.","og_url":"https:\/\/women-at.work\/shop\/produkt\/bundle-4-vorlagen-fuer-liebes-geschenke-vorlagen-zum-ausdrucken\/","og_site_name":"Women At Work Shop","article_modified_time":"2025-04-07T14:45:39+00:00","og_image":[{"width":1600,"height":2400,"url":"https:\/\/women-at.work\/shop\/wp-content\/uploads\/2025\/04\/Bundle-4-Vorlagen-fuer-Liebes-Geschenke-Vorlagen-zum-Ausdrucken.jpg","type":"image\/jpeg"}],"twitter_card":"summary_large_image","twitter_misc":{"Gesch\u00e4tzte Lesezeit":"1\u00a0Minute"},"schema":{"@context":"https:\/\/schema.org","@graph":[{"@type":"WebPage","@id":"https:\/\/women-at.work\/shop\/produkt\/bundle-4-vorlagen-fuer-liebes-geschenke-vorlagen-zum-ausdrucken\/","url":"https:\/\/women-at.work\/shop\/produkt\/bundle-4-vorlagen-fuer-liebes-geschenke-vorlagen-zum-ausdrucken\/","name":"Bundle: 4 Vorlagen f\u00fcr Liebes-Geschenke","isPartOf":{"@id":"https:\/\/women-at.work\/shop\/#website"},"primaryImageOfPage":{"@id":"https:\/\/women-at.work\/shop\/produkt\/bundle-4-vorlagen-fuer-liebes-geschenke-vorlagen-zum-ausdrucken\/#primaryimage"},"image":{"@id":"https:\/\/women-at.work\/shop\/produkt\/bundle-4-vorlagen-fuer-liebes-geschenke-vorlagen-zum-ausdrucken\/#primaryimage"},"thumbnailUrl":"https:\/\/women-at.work\/shop\/wp-content\/uploads\/2025\/04\/Bundle-4-Vorlagen-fuer-Liebes-Geschenke-Vorlagen-zum-Ausdrucken.jpg","datePublished":"2025-04-07T14:12:57+00:00","dateModified":"2025-04-07T14:45:39+00:00","description":"Du kannst Liebes-Geschenke mit diesem Bundle selbst basteln. Mit 4 verschiedenen Vorlagen zum Ausdrucken. Hier klicken und verschenken.","breadcrumb":{"@id":"https:\/\/women-at.work\/shop\/produkt\/bundle-4-vorlagen-fuer-liebes-geschenke-vorlagen-zum-ausdrucken\/#breadcrumb"},"inLanguage":"de","potentialAction":[{"@type":"ReadAction","target":["https:\/\/women-at.work\/shop\/produkt\/bundle-4-vorlagen-fuer-liebes-geschenke-vorlagen-zum-ausdrucken\/"]}]},{"@type":"ImageObject","inLanguage":"de","@id":"https:\/\/women-at.work\/shop\/produkt\/bundle-4-vorlagen-fuer-liebes-geschenke-vorlagen-zum-ausdrucken\/#primaryimage","url":"https:\/\/women-at.work\/shop\/wp-content\/uploads\/2025\/04\/Bundle-4-Vorlagen-fuer-Liebes-Geschenke-Vorlagen-zum-Ausdrucken.jpg","contentUrl":"https:\/\/women-at.work\/shop\/wp-content\/uploads\/2025\/04\/Bundle-4-Vorlagen-fuer-Liebes-Geschenke-Vorlagen-zum-Ausdrucken.jpg","width":1600,"height":2400,"caption":"Bundle: 4 Vorlagen f\u00fcr Liebes-Geschenke | Vorlagen zum Ausdrucken"},{"@type":"BreadcrumbList","@id":"https:\/\/women-at.work\/shop\/produkt\/bundle-4-vorlagen-fuer-liebes-geschenke-vorlagen-zum-ausdrucken\/#breadcrumb","itemListElement":[{"@type":"ListItem","position":1,"name":"Startseite","item":"https:\/\/women-at.work\/shop\/"},{"@type":"ListItem","position":2,"name":"Shop","item":"https:\/\/women-at.work\/shop\/shop\/"},{"@type":"ListItem","position":3,"name":"Bundle: 4 Vorlagen f\u00fcr Liebes-Geschenke | Vorlagen zum Ausdrucken"}]},{"@type":"WebSite","@id":"https:\/\/women-at.work\/shop\/#website","url":"https:\/\/women-at.work\/shop\/","name":"Women At Work Shop","description":"Wundervolle Produkte f\u00fcr besondere Menschen","publisher":{"@id":"https:\/\/women-at.work\/shop\/#organization"},"potentialAction":[{"@type":"SearchAction","target":{"@type":"EntryPoint","urlTemplate":"https:\/\/women-at.work\/shop\/?s={search_term_string}"},"query-input":{"@type":"PropertyValueSpecification","valueRequired":true,"valueName":"search_term_string"}}],"inLanguage":"de"},{"@type":"Organization","@id":"https:\/\/women-at.work\/shop\/#organization","name":"Women At Work Shop","url":"https:\/\/women-at.work\/shop\/","logo":{"@type":"ImageObject","inLanguage":"de","@id":"https:\/\/women-at.work\/shop\/#\/schema\/logo\/image\/","url":"https:\/\/women-at.work\/shop\/wp-content\/uploads\/2017\/05\/Shop_Logo.png","contentUrl":"https:\/\/women-at.work\/shop\/wp-content\/uploads\/2017\/05\/Shop_Logo.png","width":305,"height":297,"caption":"Women At Work Shop"},"image":{"@id":"https:\/\/women-at.work\/shop\/#\/schema\/logo\/image\/"}}]}},"_links":{"self":[{"href":"https:\/\/women-at.work\/shop\/wp-json\/wp\/v2\/product\/13669","targetHints":{"allow":["GET"]}}],"collection":[{"href":"https:\/\/women-at.work\/shop\/wp-json\/wp\/v2\/product"}],"about":[{"href":"https:\/\/women-at.work\/shop\/wp-json\/wp\/v2\/types\/product"}],"replies":[{"embeddable":true,"href":"https:\/\/women-at.work\/shop\/wp-json\/wp\/v2\/comments?post=13669"}],"wp:featuredmedia":[{"embeddable":true,"href":"https:\/\/women-at.work\/shop\/wp-json\/wp\/v2\/media\/13672"}],"wp:attachment":[{"href":"https:\/\/women-at.work\/shop\/wp-json\/wp\/v2\/media?parent=13669"}],"wp:term":[{"taxonomy":"product_brand","embeddable":true,"href":"https:\/\/women-at.work\/shop\/wp-json\/wp\/v2\/product_brand?post=13669"},{"taxonomy":"product_cat","embeddable":true,"href":"https:\/\/women-at.work\/shop\/wp-json\/wp\/v2\/product_cat?post=13669"},{"taxonomy":"product_tag","embeddable":true,"href":"https:\/\/women-at.work\/shop\/wp-json\/wp\/v2\/product_tag?post=13669"}],"curies":[{"name":"wp","href":"https:\/\/api.w.org\/{rel}","templated":true}]}}