{"id":12876,"date":"2025-02-01T21:42:57","date_gmt":"2025-02-01T20:42:57","guid":{"rendered":"https:\/\/women-at.work\/shop\/?post_type=product&#038;p=12876"},"modified":"2026-01-17T09:58:49","modified_gmt":"2026-01-17T08:58:49","slug":"karneval-in-der-tuete","status":"publish","type":"product","link":"https:\/\/women-at.work\/shop\/produkt\/karneval-in-der-tuete\/","title":{"rendered":"Karneval in der T\u00fcte &#8211; S\u00fc\u00dfe Mitbringsel f\u00fcr Fasching: Vorlage zum Ausdrucken"},"content":{"rendered":"<p>Zum Gestalten von Mitbringsel-T\u00fcten f\u00fcr Fasching \/ Karneval.<\/p>\n<p>In dem Paket enthalten ist eine Vorlage, mit folgenden Spr\u00fcchen in zwei Gr\u00f6\u00dfen:<span id=\"1\" class=\"HALYaf KKjvXb\" role=\"tabpanel\"><\/span><\/p>\n<p>&#8211; Karneval in der T\u00fcte<br \/>\n&#8211; Fasching in der T\u00fcte<br \/>\n&#8211; Fastnacht in der T\u00fcte<br \/>\n&#8211; Kamelle in der T\u00fcte<br \/>\n&#8211; Party in der T\u00fcte<br \/>\n&#8211; Jecken &amp; Narren!<br \/>\n&#8211; Helau &amp; Alaaf!<br \/>\n&#8211; Sch\u00f6n, dass du da warst<\/p>\n<p><a href=\"https:\/\/www.instagram.com\/p\/DFmbx-Lsysv\/\">Eine Anleitung zum Zusammenbauen findest du hier.<\/a><\/p>\n<p>Sobald die Zahlung bei uns eingegangen ist, wird der Download-Link an dich per E-Mail verschickt. Bei Zahlung per PayPal, ist der Download sofort verf\u00fcgbar. Sollte dieser nicht sofort verf\u00fcgbar sein, meldet euch bitte bei unserem Kundenservice, bevor ihr einen Paypal Fall er\u00f6ffnet!<\/p>\n<p><em>Die Bilder dienen nur als Pr\u00e4sentationsvorschlag. Es erfolgt ein rein digitaler Versand!<br \/>\n<\/em><\/p>\n<p>Die Vorlage ist f\u00fcr den privaten Gebrauch und darf nicht f\u00fcr kommerzielle Zwecke genutzt werden.<\/p>\n","protected":false},"excerpt":{"rendered":"<p>Zum Gestalten von Mitbringsel-T\u00fcten f\u00fcr Fasching \/ Karneval.<\/p>\n","protected":false},"featured_media":30381,"comment_status":"open","ping_status":"closed","template":"","meta":[],"product_brand":[],"product_cat":[409,268],"product_tag":[413,414,415,416,417,418,419,348,391],"class_list":{"0":"post-12876","1":"product","2":"type-product","3":"status-publish","4":"has-post-thumbnail","6":"product_cat-kinder","7":"product_cat-vorlagen","8":"product_tag-diy-fasching-idee","9":"product_tag-fasching-kinderfeste","10":"product_tag-karneval-gastgeschenk","11":"product_tag-karnevalsparty","12":"product_tag-konfetti-tueten-basteln","13":"product_tag-mitbringsel-fasching","14":"product_tag-suesse-ueberraschung","15":"product_tag-vorlage-zum-ausdrucken","16":"product_tag-vorlage-zum-herunterladen","17":"product_shipping_class-virtuelle-produkte","19":"first","20":"instock","21":"sale","22":"downloadable","23":"virtual","24":"taxable","25":"purchasable","26":"product-type-simple"},"yoast_head":"<!-- This site is optimized with the Yoast SEO plugin v27.4 - https:\/\/yoast.com\/product\/yoast-seo-wordpress\/ -->\n<title>Karneval in der T\u00fcte<\/title>\n<meta name=\"description\" content=\"Du kannst lustige Mitbringsel basteln und sie zum Beispiel als Gastgeschenk oder f\u00fcr eine Party f\u00fcr Karneval basteln. Hier klicken zum Ausdrucken\" \/>\n<meta name=\"robots\" content=\"index, follow, max-snippet:-1, max-image-preview:large, max-video-preview:-1\" \/>\n<link rel=\"canonical\" href=\"https:\/\/women-at.work\/shop\/produkt\/karneval-in-der-tuete\/\" \/>\n<meta property=\"og:locale\" content=\"de_DE\" \/>\n<meta property=\"og:type\" content=\"article\" \/>\n<meta property=\"og:title\" content=\"Karneval in der T\u00fcte\" \/>\n<meta property=\"og:description\" content=\"Du kannst lustige Mitbringsel basteln und sie zum Beispiel als Gastgeschenk oder f\u00fcr eine Party f\u00fcr Karneval basteln. Hier klicken zum Ausdrucken\" \/>\n<meta property=\"og:url\" content=\"https:\/\/women-at.work\/shop\/produkt\/karneval-in-der-tuete\/\" \/>\n<meta property=\"og:site_name\" content=\"Women At Work Shop\" \/>\n<meta property=\"article:modified_time\" content=\"2026-01-17T08:58:49+00:00\" \/>\n<meta property=\"og:image\" content=\"https:\/\/women-at.work\/shop\/wp-content\/uploads\/2025\/02\/Karneval-in-der-Tuete-Suesse-Mitbringsel-fuer-Fasching-Vorlage-zum-Ausdrucken.jpg\" \/>\n\t<meta property=\"og:image:width\" content=\"800\" \/>\n\t<meta property=\"og:image:height\" content=\"1200\" \/>\n\t<meta property=\"og:image:type\" content=\"image\/jpeg\" \/>\n<meta name=\"twitter:card\" content=\"summary_large_image\" \/>\n<meta name=\"twitter:label1\" content=\"Gesch\u00e4tzte Lesezeit\" \/>\n\t<meta name=\"twitter:data1\" content=\"1\u00a0Minute\" \/>\n<script type=\"application\/ld+json\" class=\"yoast-schema-graph\">{\"@context\":\"https:\\\/\\\/schema.org\",\"@graph\":[{\"@type\":\"WebPage\",\"@id\":\"https:\\\/\\\/women-at.work\\\/shop\\\/produkt\\\/karneval-in-der-tuete\\\/\",\"url\":\"https:\\\/\\\/women-at.work\\\/shop\\\/produkt\\\/karneval-in-der-tuete\\\/\",\"name\":\"Karneval in der T\u00fcte\",\"isPartOf\":{\"@id\":\"https:\\\/\\\/women-at.work\\\/shop\\\/#website\"},\"primaryImageOfPage\":{\"@id\":\"https:\\\/\\\/women-at.work\\\/shop\\\/produkt\\\/karneval-in-der-tuete\\\/#primaryimage\"},\"image\":{\"@id\":\"https:\\\/\\\/women-at.work\\\/shop\\\/produkt\\\/karneval-in-der-tuete\\\/#primaryimage\"},\"thumbnailUrl\":\"https:\\\/\\\/women-at.work\\\/shop\\\/wp-content\\\/uploads\\\/2025\\\/02\\\/Karneval-in-der-Tuete-Suesse-Mitbringsel-fuer-Fasching-Vorlage-zum-Ausdrucken.jpg\",\"datePublished\":\"2025-02-01T20:42:57+00:00\",\"dateModified\":\"2026-01-17T08:58:49+00:00\",\"description\":\"Du kannst lustige Mitbringsel basteln und sie zum Beispiel als Gastgeschenk oder f\u00fcr eine Party f\u00fcr Karneval basteln. Hier klicken zum Ausdrucken\",\"breadcrumb\":{\"@id\":\"https:\\\/\\\/women-at.work\\\/shop\\\/produkt\\\/karneval-in-der-tuete\\\/#breadcrumb\"},\"inLanguage\":\"de\",\"potentialAction\":[{\"@type\":\"ReadAction\",\"target\":[\"https:\\\/\\\/women-at.work\\\/shop\\\/produkt\\\/karneval-in-der-tuete\\\/\"]}]},{\"@type\":\"ImageObject\",\"inLanguage\":\"de\",\"@id\":\"https:\\\/\\\/women-at.work\\\/shop\\\/produkt\\\/karneval-in-der-tuete\\\/#primaryimage\",\"url\":\"https:\\\/\\\/women-at.work\\\/shop\\\/wp-content\\\/uploads\\\/2025\\\/02\\\/Karneval-in-der-Tuete-Suesse-Mitbringsel-fuer-Fasching-Vorlage-zum-Ausdrucken.jpg\",\"contentUrl\":\"https:\\\/\\\/women-at.work\\\/shop\\\/wp-content\\\/uploads\\\/2025\\\/02\\\/Karneval-in-der-Tuete-Suesse-Mitbringsel-fuer-Fasching-Vorlage-zum-Ausdrucken.jpg\",\"width\":800,\"height\":1200,\"caption\":\"Karneval in der T\u00fcte - S\u00fc\u00dfe Mitbringsel f\u00fcr Fasching: Vorlage zum Ausdrucken\"},{\"@type\":\"BreadcrumbList\",\"@id\":\"https:\\\/\\\/women-at.work\\\/shop\\\/produkt\\\/karneval-in-der-tuete\\\/#breadcrumb\",\"itemListElement\":[{\"@type\":\"ListItem\",\"position\":1,\"name\":\"Startseite\",\"item\":\"https:\\\/\\\/women-at.work\\\/shop\\\/\"},{\"@type\":\"ListItem\",\"position\":2,\"name\":\"Shop\",\"item\":\"https:\\\/\\\/women-at.work\\\/shop\\\/shop\\\/\"},{\"@type\":\"ListItem\",\"position\":3,\"name\":\"Karneval in der T\u00fcte &#8211; S\u00fc\u00dfe Mitbringsel f\u00fcr Fasching: Vorlage zum Ausdrucken\"}]},{\"@type\":\"WebSite\",\"@id\":\"https:\\\/\\\/women-at.work\\\/shop\\\/#website\",\"url\":\"https:\\\/\\\/women-at.work\\\/shop\\\/\",\"name\":\"Women At Work Shop\",\"description\":\"Wundervolle Produkte f\u00fcr besondere Menschen\",\"publisher\":{\"@id\":\"https:\\\/\\\/women-at.work\\\/shop\\\/#organization\"},\"potentialAction\":[{\"@type\":\"SearchAction\",\"target\":{\"@type\":\"EntryPoint\",\"urlTemplate\":\"https:\\\/\\\/women-at.work\\\/shop\\\/?s={search_term_string}\"},\"query-input\":{\"@type\":\"PropertyValueSpecification\",\"valueRequired\":true,\"valueName\":\"search_term_string\"}}],\"inLanguage\":\"de\"},{\"@type\":\"Organization\",\"@id\":\"https:\\\/\\\/women-at.work\\\/shop\\\/#organization\",\"name\":\"Women At Work Shop\",\"url\":\"https:\\\/\\\/women-at.work\\\/shop\\\/\",\"logo\":{\"@type\":\"ImageObject\",\"inLanguage\":\"de\",\"@id\":\"https:\\\/\\\/women-at.work\\\/shop\\\/#\\\/schema\\\/logo\\\/image\\\/\",\"url\":\"https:\\\/\\\/women-at.work\\\/shop\\\/wp-content\\\/uploads\\\/2017\\\/05\\\/Shop_Logo.png\",\"contentUrl\":\"https:\\\/\\\/women-at.work\\\/shop\\\/wp-content\\\/uploads\\\/2017\\\/05\\\/Shop_Logo.png\",\"width\":305,\"height\":297,\"caption\":\"Women At Work Shop\"},\"image\":{\"@id\":\"https:\\\/\\\/women-at.work\\\/shop\\\/#\\\/schema\\\/logo\\\/image\\\/\"}}]}<\/script>\n<!-- \/ Yoast SEO plugin. -->","yoast_head_json":{"title":"Karneval in der T\u00fcte","description":"Du kannst lustige Mitbringsel basteln und sie zum Beispiel als Gastgeschenk oder f\u00fcr eine Party f\u00fcr Karneval basteln. Hier klicken zum Ausdrucken","robots":{"index":"index","follow":"follow","max-snippet":"max-snippet:-1","max-image-preview":"max-image-preview:large","max-video-preview":"max-video-preview:-1"},"canonical":"https:\/\/women-at.work\/shop\/produkt\/karneval-in-der-tuete\/","og_locale":"de_DE","og_type":"article","og_title":"Karneval in der T\u00fcte","og_description":"Du kannst lustige Mitbringsel basteln und sie zum Beispiel als Gastgeschenk oder f\u00fcr eine Party f\u00fcr Karneval basteln. Hier klicken zum Ausdrucken","og_url":"https:\/\/women-at.work\/shop\/produkt\/karneval-in-der-tuete\/","og_site_name":"Women At Work Shop","article_modified_time":"2026-01-17T08:58:49+00:00","og_image":[{"width":800,"height":1200,"url":"https:\/\/women-at.work\/shop\/wp-content\/uploads\/2025\/02\/Karneval-in-der-Tuete-Suesse-Mitbringsel-fuer-Fasching-Vorlage-zum-Ausdrucken.jpg","type":"image\/jpeg"}],"twitter_card":"summary_large_image","twitter_misc":{"Gesch\u00e4tzte Lesezeit":"1\u00a0Minute"},"schema":{"@context":"https:\/\/schema.org","@graph":[{"@type":"WebPage","@id":"https:\/\/women-at.work\/shop\/produkt\/karneval-in-der-tuete\/","url":"https:\/\/women-at.work\/shop\/produkt\/karneval-in-der-tuete\/","name":"Karneval in der T\u00fcte","isPartOf":{"@id":"https:\/\/women-at.work\/shop\/#website"},"primaryImageOfPage":{"@id":"https:\/\/women-at.work\/shop\/produkt\/karneval-in-der-tuete\/#primaryimage"},"image":{"@id":"https:\/\/women-at.work\/shop\/produkt\/karneval-in-der-tuete\/#primaryimage"},"thumbnailUrl":"https:\/\/women-at.work\/shop\/wp-content\/uploads\/2025\/02\/Karneval-in-der-Tuete-Suesse-Mitbringsel-fuer-Fasching-Vorlage-zum-Ausdrucken.jpg","datePublished":"2025-02-01T20:42:57+00:00","dateModified":"2026-01-17T08:58:49+00:00","description":"Du kannst lustige Mitbringsel basteln und sie zum Beispiel als Gastgeschenk oder f\u00fcr eine Party f\u00fcr Karneval basteln. Hier klicken zum Ausdrucken","breadcrumb":{"@id":"https:\/\/women-at.work\/shop\/produkt\/karneval-in-der-tuete\/#breadcrumb"},"inLanguage":"de","potentialAction":[{"@type":"ReadAction","target":["https:\/\/women-at.work\/shop\/produkt\/karneval-in-der-tuete\/"]}]},{"@type":"ImageObject","inLanguage":"de","@id":"https:\/\/women-at.work\/shop\/produkt\/karneval-in-der-tuete\/#primaryimage","url":"https:\/\/women-at.work\/shop\/wp-content\/uploads\/2025\/02\/Karneval-in-der-Tuete-Suesse-Mitbringsel-fuer-Fasching-Vorlage-zum-Ausdrucken.jpg","contentUrl":"https:\/\/women-at.work\/shop\/wp-content\/uploads\/2025\/02\/Karneval-in-der-Tuete-Suesse-Mitbringsel-fuer-Fasching-Vorlage-zum-Ausdrucken.jpg","width":800,"height":1200,"caption":"Karneval in der T\u00fcte - S\u00fc\u00dfe Mitbringsel f\u00fcr Fasching: Vorlage zum Ausdrucken"},{"@type":"BreadcrumbList","@id":"https:\/\/women-at.work\/shop\/produkt\/karneval-in-der-tuete\/#breadcrumb","itemListElement":[{"@type":"ListItem","position":1,"name":"Startseite","item":"https:\/\/women-at.work\/shop\/"},{"@type":"ListItem","position":2,"name":"Shop","item":"https:\/\/women-at.work\/shop\/shop\/"},{"@type":"ListItem","position":3,"name":"Karneval in der T\u00fcte &#8211; S\u00fc\u00dfe Mitbringsel f\u00fcr Fasching: Vorlage zum Ausdrucken"}]},{"@type":"WebSite","@id":"https:\/\/women-at.work\/shop\/#website","url":"https:\/\/women-at.work\/shop\/","name":"Women At Work Shop","description":"Wundervolle Produkte f\u00fcr besondere Menschen","publisher":{"@id":"https:\/\/women-at.work\/shop\/#organization"},"potentialAction":[{"@type":"SearchAction","target":{"@type":"EntryPoint","urlTemplate":"https:\/\/women-at.work\/shop\/?s={search_term_string}"},"query-input":{"@type":"PropertyValueSpecification","valueRequired":true,"valueName":"search_term_string"}}],"inLanguage":"de"},{"@type":"Organization","@id":"https:\/\/women-at.work\/shop\/#organization","name":"Women At Work Shop","url":"https:\/\/women-at.work\/shop\/","logo":{"@type":"ImageObject","inLanguage":"de","@id":"https:\/\/women-at.work\/shop\/#\/schema\/logo\/image\/","url":"https:\/\/women-at.work\/shop\/wp-content\/uploads\/2017\/05\/Shop_Logo.png","contentUrl":"https:\/\/women-at.work\/shop\/wp-content\/uploads\/2017\/05\/Shop_Logo.png","width":305,"height":297,"caption":"Women At Work Shop"},"image":{"@id":"https:\/\/women-at.work\/shop\/#\/schema\/logo\/image\/"}}]}},"_links":{"self":[{"href":"https:\/\/women-at.work\/shop\/wp-json\/wp\/v2\/product\/12876","targetHints":{"allow":["GET"]}}],"collection":[{"href":"https:\/\/women-at.work\/shop\/wp-json\/wp\/v2\/product"}],"about":[{"href":"https:\/\/women-at.work\/shop\/wp-json\/wp\/v2\/types\/product"}],"replies":[{"embeddable":true,"href":"https:\/\/women-at.work\/shop\/wp-json\/wp\/v2\/comments?post=12876"}],"wp:featuredmedia":[{"embeddable":true,"href":"https:\/\/women-at.work\/shop\/wp-json\/wp\/v2\/media\/30381"}],"wp:attachment":[{"href":"https:\/\/women-at.work\/shop\/wp-json\/wp\/v2\/media?parent=12876"}],"wp:term":[{"taxonomy":"product_brand","embeddable":true,"href":"https:\/\/women-at.work\/shop\/wp-json\/wp\/v2\/product_brand?post=12876"},{"taxonomy":"product_cat","embeddable":true,"href":"https:\/\/women-at.work\/shop\/wp-json\/wp\/v2\/product_cat?post=12876"},{"taxonomy":"product_tag","embeddable":true,"href":"https:\/\/women-at.work\/shop\/wp-json\/wp\/v2\/product_tag?post=12876"}],"curies":[{"name":"wp","href":"https:\/\/api.w.org\/{rel}","templated":true}]}}