{"id":12840,"date":"2025-01-28T22:20:00","date_gmt":"2025-01-28T21:20:00","guid":{"rendered":"https:\/\/women-at.work\/shop\/?post_type=product&#038;p=12840"},"modified":"2025-05-25T16:03:21","modified_gmt":"2025-05-25T14:03:21","slug":"schmetterling-einladungskarte","status":"publish","type":"product","link":"https:\/\/women-at.work\/shop\/produkt\/schmetterling-einladungskarte\/","title":{"rendered":"Schmetterling-Einladungskarte"},"content":{"rendered":"<p>Zum Gestalten von einer Schmetterling-Einladungskarte f\u00fcr einen Kindergeburtstag.<\/p>\n<p>Das Paket enth\u00e4lt eine Vorlage f\u00fcr eine Einladungskarte sowie einen Schmetterling auf einer separaten Seite. Zus\u00e4tzlich ist eine weitere Einladungskarte enthalten, bei der der Schmetterling bereits in die Karte integriert ist.<br \/>\n<span id=\"1\" class=\"HALYaf KKjvXb\" role=\"tabpanel\"><\/span><\/p>\n<p><a href=\"https:\/\/www.instagram.com\/p\/DFcFOr8s8M-\/\">Hier geht es zur Anleitung zum Zusammenbauen.<\/a><\/p>\n<p>Sobald die Zahlung bei uns eingegangen ist, wird der Download-Link an dich per E-Mail verschickt. Bei Zahlung per PayPal, ist der Download sofort verf\u00fcgbar. Sollte dieser nicht sofort verf\u00fcgbar sein, meldet euch bitte bei unserem Kundenservice, bevor ihr einen Paypal Fall er\u00f6ffnet!<\/p>\n<p><em>Die Bilder dienen nur als Pr\u00e4sentationsvorschlag. Es erfolgt ein rein digitaler Versand!<br \/>\n<\/em><\/p>\n<p>Die Vorlage ist f\u00fcr den privaten Gebrauch und darf nicht f\u00fcr kommerzielle Zwecke genutzt werden.<\/p>\n","protected":false},"excerpt":{"rendered":"<p>Zum Gestalten von einer Schmetterling-Einladungskarte f\u00fcr einen Kindergeburtstag.<\/p>\n","protected":false},"featured_media":12841,"comment_status":"open","ping_status":"closed","template":"","meta":[],"product_brand":[],"product_cat":[402,409,268],"product_tag":[410,411,348,391],"class_list":{"0":"post-12840","1":"product","2":"type-product","3":"status-publish","4":"has-post-thumbnail","6":"product_cat-geburtstag","7":"product_cat-kinder","8":"product_cat-vorlagen","9":"product_tag-einladungskarte","10":"product_tag-kindergeburtstag","11":"product_tag-vorlage-zum-ausdrucken","12":"product_tag-vorlage-zum-herunterladen","13":"product_shipping_class-virtuelle-produkte","15":"first","16":"instock","17":"downloadable","18":"virtual","19":"taxable","20":"purchasable","21":"product-type-simple"},"yoast_head":"<!-- This site is optimized with the Yoast SEO plugin v27.3 - https:\/\/yoast.com\/product\/yoast-seo-wordpress\/ -->\n<title>Schmetterling-Einladungskarte<\/title>\n<meta name=\"description\" content=\"Du kannst eine Schmetterlings-Einladungskarte basteln. Mit dieser Vorlage und der Anleitung geht es ganz einfach. Hier klicken zum Ausdrucken\" \/>\n<meta name=\"robots\" content=\"index, follow, max-snippet:-1, max-image-preview:large, max-video-preview:-1\" \/>\n<link rel=\"canonical\" href=\"https:\/\/women-at.work\/shop\/produkt\/schmetterling-einladungskarte\/\" \/>\n<meta property=\"og:locale\" content=\"de_DE\" \/>\n<meta property=\"og:type\" content=\"article\" \/>\n<meta property=\"og:title\" content=\"Schmetterling-Einladungskarte\" \/>\n<meta property=\"og:description\" content=\"Du kannst eine Schmetterlings-Einladungskarte basteln. Mit dieser Vorlage und der Anleitung geht es ganz einfach. Hier klicken zum Ausdrucken\" \/>\n<meta property=\"og:url\" content=\"https:\/\/women-at.work\/shop\/produkt\/schmetterling-einladungskarte\/\" \/>\n<meta property=\"og:site_name\" content=\"Women At Work Shop\" \/>\n<meta property=\"article:modified_time\" content=\"2025-05-25T14:03:21+00:00\" \/>\n<meta property=\"og:image\" content=\"https:\/\/women-at.work\/shop\/wp-content\/uploads\/2025\/01\/einladungskarten-mit-suessigkeiten-schmetterlingen-fuer-den-kindergeburtstag-basteln04.jpg\" \/>\n\t<meta property=\"og:image:width\" content=\"800\" \/>\n\t<meta property=\"og:image:height\" content=\"1200\" \/>\n\t<meta property=\"og:image:type\" content=\"image\/jpeg\" \/>\n<meta name=\"twitter:card\" content=\"summary_large_image\" \/>\n<meta name=\"twitter:label1\" content=\"Gesch\u00e4tzte Lesezeit\" \/>\n\t<meta name=\"twitter:data1\" content=\"1\u00a0Minute\" \/>\n<script type=\"application\/ld+json\" class=\"yoast-schema-graph\">{\"@context\":\"https:\\\/\\\/schema.org\",\"@graph\":[{\"@type\":\"WebPage\",\"@id\":\"https:\\\/\\\/women-at.work\\\/shop\\\/produkt\\\/schmetterling-einladungskarte\\\/\",\"url\":\"https:\\\/\\\/women-at.work\\\/shop\\\/produkt\\\/schmetterling-einladungskarte\\\/\",\"name\":\"Schmetterling-Einladungskarte\",\"isPartOf\":{\"@id\":\"https:\\\/\\\/women-at.work\\\/shop\\\/#website\"},\"primaryImageOfPage\":{\"@id\":\"https:\\\/\\\/women-at.work\\\/shop\\\/produkt\\\/schmetterling-einladungskarte\\\/#primaryimage\"},\"image\":{\"@id\":\"https:\\\/\\\/women-at.work\\\/shop\\\/produkt\\\/schmetterling-einladungskarte\\\/#primaryimage\"},\"thumbnailUrl\":\"https:\\\/\\\/women-at.work\\\/shop\\\/wp-content\\\/uploads\\\/2025\\\/01\\\/einladungskarten-mit-suessigkeiten-schmetterlingen-fuer-den-kindergeburtstag-basteln04.jpg\",\"datePublished\":\"2025-01-28T21:20:00+00:00\",\"dateModified\":\"2025-05-25T14:03:21+00:00\",\"description\":\"Du kannst eine Schmetterlings-Einladungskarte basteln. Mit dieser Vorlage und der Anleitung geht es ganz einfach. Hier klicken zum Ausdrucken\",\"breadcrumb\":{\"@id\":\"https:\\\/\\\/women-at.work\\\/shop\\\/produkt\\\/schmetterling-einladungskarte\\\/#breadcrumb\"},\"inLanguage\":\"de\",\"potentialAction\":[{\"@type\":\"ReadAction\",\"target\":[\"https:\\\/\\\/women-at.work\\\/shop\\\/produkt\\\/schmetterling-einladungskarte\\\/\"]}]},{\"@type\":\"ImageObject\",\"inLanguage\":\"de\",\"@id\":\"https:\\\/\\\/women-at.work\\\/shop\\\/produkt\\\/schmetterling-einladungskarte\\\/#primaryimage\",\"url\":\"https:\\\/\\\/women-at.work\\\/shop\\\/wp-content\\\/uploads\\\/2025\\\/01\\\/einladungskarten-mit-suessigkeiten-schmetterlingen-fuer-den-kindergeburtstag-basteln04.jpg\",\"contentUrl\":\"https:\\\/\\\/women-at.work\\\/shop\\\/wp-content\\\/uploads\\\/2025\\\/01\\\/einladungskarten-mit-suessigkeiten-schmetterlingen-fuer-den-kindergeburtstag-basteln04.jpg\",\"width\":800,\"height\":1200},{\"@type\":\"BreadcrumbList\",\"@id\":\"https:\\\/\\\/women-at.work\\\/shop\\\/produkt\\\/schmetterling-einladungskarte\\\/#breadcrumb\",\"itemListElement\":[{\"@type\":\"ListItem\",\"position\":1,\"name\":\"Startseite\",\"item\":\"https:\\\/\\\/women-at.work\\\/shop\\\/\"},{\"@type\":\"ListItem\",\"position\":2,\"name\":\"Shop\",\"item\":\"https:\\\/\\\/women-at.work\\\/shop\\\/shop\\\/\"},{\"@type\":\"ListItem\",\"position\":3,\"name\":\"Schmetterling-Einladungskarte\"}]},{\"@type\":\"WebSite\",\"@id\":\"https:\\\/\\\/women-at.work\\\/shop\\\/#website\",\"url\":\"https:\\\/\\\/women-at.work\\\/shop\\\/\",\"name\":\"Women At Work Shop\",\"description\":\"Wundervolle Produkte f\u00fcr besondere Menschen\",\"publisher\":{\"@id\":\"https:\\\/\\\/women-at.work\\\/shop\\\/#organization\"},\"potentialAction\":[{\"@type\":\"SearchAction\",\"target\":{\"@type\":\"EntryPoint\",\"urlTemplate\":\"https:\\\/\\\/women-at.work\\\/shop\\\/?s={search_term_string}\"},\"query-input\":{\"@type\":\"PropertyValueSpecification\",\"valueRequired\":true,\"valueName\":\"search_term_string\"}}],\"inLanguage\":\"de\"},{\"@type\":\"Organization\",\"@id\":\"https:\\\/\\\/women-at.work\\\/shop\\\/#organization\",\"name\":\"Women At Work Shop\",\"url\":\"https:\\\/\\\/women-at.work\\\/shop\\\/\",\"logo\":{\"@type\":\"ImageObject\",\"inLanguage\":\"de\",\"@id\":\"https:\\\/\\\/women-at.work\\\/shop\\\/#\\\/schema\\\/logo\\\/image\\\/\",\"url\":\"https:\\\/\\\/women-at.work\\\/shop\\\/wp-content\\\/uploads\\\/2017\\\/05\\\/Shop_Logo.png\",\"contentUrl\":\"https:\\\/\\\/women-at.work\\\/shop\\\/wp-content\\\/uploads\\\/2017\\\/05\\\/Shop_Logo.png\",\"width\":305,\"height\":297,\"caption\":\"Women At Work Shop\"},\"image\":{\"@id\":\"https:\\\/\\\/women-at.work\\\/shop\\\/#\\\/schema\\\/logo\\\/image\\\/\"}}]}<\/script>\n<!-- \/ Yoast SEO plugin. -->","yoast_head_json":{"title":"Schmetterling-Einladungskarte","description":"Du kannst eine Schmetterlings-Einladungskarte basteln. Mit dieser Vorlage und der Anleitung geht es ganz einfach. Hier klicken zum Ausdrucken","robots":{"index":"index","follow":"follow","max-snippet":"max-snippet:-1","max-image-preview":"max-image-preview:large","max-video-preview":"max-video-preview:-1"},"canonical":"https:\/\/women-at.work\/shop\/produkt\/schmetterling-einladungskarte\/","og_locale":"de_DE","og_type":"article","og_title":"Schmetterling-Einladungskarte","og_description":"Du kannst eine Schmetterlings-Einladungskarte basteln. Mit dieser Vorlage und der Anleitung geht es ganz einfach. Hier klicken zum Ausdrucken","og_url":"https:\/\/women-at.work\/shop\/produkt\/schmetterling-einladungskarte\/","og_site_name":"Women At Work Shop","article_modified_time":"2025-05-25T14:03:21+00:00","og_image":[{"width":800,"height":1200,"url":"https:\/\/women-at.work\/shop\/wp-content\/uploads\/2025\/01\/einladungskarten-mit-suessigkeiten-schmetterlingen-fuer-den-kindergeburtstag-basteln04.jpg","type":"image\/jpeg"}],"twitter_card":"summary_large_image","twitter_misc":{"Gesch\u00e4tzte Lesezeit":"1\u00a0Minute"},"schema":{"@context":"https:\/\/schema.org","@graph":[{"@type":"WebPage","@id":"https:\/\/women-at.work\/shop\/produkt\/schmetterling-einladungskarte\/","url":"https:\/\/women-at.work\/shop\/produkt\/schmetterling-einladungskarte\/","name":"Schmetterling-Einladungskarte","isPartOf":{"@id":"https:\/\/women-at.work\/shop\/#website"},"primaryImageOfPage":{"@id":"https:\/\/women-at.work\/shop\/produkt\/schmetterling-einladungskarte\/#primaryimage"},"image":{"@id":"https:\/\/women-at.work\/shop\/produkt\/schmetterling-einladungskarte\/#primaryimage"},"thumbnailUrl":"https:\/\/women-at.work\/shop\/wp-content\/uploads\/2025\/01\/einladungskarten-mit-suessigkeiten-schmetterlingen-fuer-den-kindergeburtstag-basteln04.jpg","datePublished":"2025-01-28T21:20:00+00:00","dateModified":"2025-05-25T14:03:21+00:00","description":"Du kannst eine Schmetterlings-Einladungskarte basteln. Mit dieser Vorlage und der Anleitung geht es ganz einfach. Hier klicken zum Ausdrucken","breadcrumb":{"@id":"https:\/\/women-at.work\/shop\/produkt\/schmetterling-einladungskarte\/#breadcrumb"},"inLanguage":"de","potentialAction":[{"@type":"ReadAction","target":["https:\/\/women-at.work\/shop\/produkt\/schmetterling-einladungskarte\/"]}]},{"@type":"ImageObject","inLanguage":"de","@id":"https:\/\/women-at.work\/shop\/produkt\/schmetterling-einladungskarte\/#primaryimage","url":"https:\/\/women-at.work\/shop\/wp-content\/uploads\/2025\/01\/einladungskarten-mit-suessigkeiten-schmetterlingen-fuer-den-kindergeburtstag-basteln04.jpg","contentUrl":"https:\/\/women-at.work\/shop\/wp-content\/uploads\/2025\/01\/einladungskarten-mit-suessigkeiten-schmetterlingen-fuer-den-kindergeburtstag-basteln04.jpg","width":800,"height":1200},{"@type":"BreadcrumbList","@id":"https:\/\/women-at.work\/shop\/produkt\/schmetterling-einladungskarte\/#breadcrumb","itemListElement":[{"@type":"ListItem","position":1,"name":"Startseite","item":"https:\/\/women-at.work\/shop\/"},{"@type":"ListItem","position":2,"name":"Shop","item":"https:\/\/women-at.work\/shop\/shop\/"},{"@type":"ListItem","position":3,"name":"Schmetterling-Einladungskarte"}]},{"@type":"WebSite","@id":"https:\/\/women-at.work\/shop\/#website","url":"https:\/\/women-at.work\/shop\/","name":"Women At Work Shop","description":"Wundervolle Produkte f\u00fcr besondere Menschen","publisher":{"@id":"https:\/\/women-at.work\/shop\/#organization"},"potentialAction":[{"@type":"SearchAction","target":{"@type":"EntryPoint","urlTemplate":"https:\/\/women-at.work\/shop\/?s={search_term_string}"},"query-input":{"@type":"PropertyValueSpecification","valueRequired":true,"valueName":"search_term_string"}}],"inLanguage":"de"},{"@type":"Organization","@id":"https:\/\/women-at.work\/shop\/#organization","name":"Women At Work Shop","url":"https:\/\/women-at.work\/shop\/","logo":{"@type":"ImageObject","inLanguage":"de","@id":"https:\/\/women-at.work\/shop\/#\/schema\/logo\/image\/","url":"https:\/\/women-at.work\/shop\/wp-content\/uploads\/2017\/05\/Shop_Logo.png","contentUrl":"https:\/\/women-at.work\/shop\/wp-content\/uploads\/2017\/05\/Shop_Logo.png","width":305,"height":297,"caption":"Women At Work Shop"},"image":{"@id":"https:\/\/women-at.work\/shop\/#\/schema\/logo\/image\/"}}]}},"_links":{"self":[{"href":"https:\/\/women-at.work\/shop\/wp-json\/wp\/v2\/product\/12840","targetHints":{"allow":["GET"]}}],"collection":[{"href":"https:\/\/women-at.work\/shop\/wp-json\/wp\/v2\/product"}],"about":[{"href":"https:\/\/women-at.work\/shop\/wp-json\/wp\/v2\/types\/product"}],"replies":[{"embeddable":true,"href":"https:\/\/women-at.work\/shop\/wp-json\/wp\/v2\/comments?post=12840"}],"wp:featuredmedia":[{"embeddable":true,"href":"https:\/\/women-at.work\/shop\/wp-json\/wp\/v2\/media\/12841"}],"wp:attachment":[{"href":"https:\/\/women-at.work\/shop\/wp-json\/wp\/v2\/media?parent=12840"}],"wp:term":[{"taxonomy":"product_brand","embeddable":true,"href":"https:\/\/women-at.work\/shop\/wp-json\/wp\/v2\/product_brand?post=12840"},{"taxonomy":"product_cat","embeddable":true,"href":"https:\/\/women-at.work\/shop\/wp-json\/wp\/v2\/product_cat?post=12840"},{"taxonomy":"product_tag","embeddable":true,"href":"https:\/\/women-at.work\/shop\/wp-json\/wp\/v2\/product_tag?post=12840"}],"curies":[{"name":"wp","href":"https:\/\/api.w.org\/{rel}","templated":true}]}}